{"id":9600,"date":"2016-10-09T17:48:19","date_gmt":"2016-10-09T15:48:19","guid":{"rendered":"http:\/\/www.zamosc.pttk.pl\/wordpress\/?page_id=9600"},"modified":"2016-10-09T18:07:07","modified_gmt":"2016-10-09T16:07:07","slug":"47-rajd-rydz-na-patelni","status":"publish","type":"page","link":"https:\/\/zamosc.pttk.pl\/wordpress\/?page_id=9600","title":{"rendered":"47 Rajd &#8222;Rydz na patelni&#8221;"},"content":{"rendered":"<p>Wspomnienia rajdowe<\/p>\n<p>Tu\u017c po 8-ej 8 pa\u017adziernika zrobi\u0142o si\u0119 kolorowo \u00a0na parkingu w Zamo\u015bciu. To m\u0142odzi tury\u015bci wybierali si\u0119 na jesienny 47 Rajd \u201eRydz na Patelni\u201d z met\u0105 w Szurze na Roztoczu \u015arodkowym. Chocia\u017c zacz\u0105\u0142 si\u0105pi\u0107 \u201ekapu\u015bniaczek\u201d,\u00a0 wcale nie to popsu\u0142o nam humor\u00f3w.<\/p>\n<p>By\u0142a nas spora gromadka, bo 379 os\u00f3b. Nie zabrak\u0142o jak zwykle naszych senior\u00f3w (14 os\u00f3b).Dwie trasy pojecha\u0142y do le\u015bnicz\u00f3wki Zielone a trzecia dodatkowa do Borku. Trasy nie by\u0142y d\u0142ugie po ok. 6 km.<\/p>\n<p>Kiedy uczestnicy opu\u015bcili \u00a0autokary przewodnicy powitali uczestnik\u00f3w i zapoznali z tras\u0105 w\u0119dr\u00f3wki.\u00a0Chmury si\u0119 przeja\u015bni\u0142y i by\u0142o rze\u015bko jak w pa\u017adzierniku.<\/p>\n<p>Tras\u0119 I prowadzili Edward, Andrzej i le\u015bniczy Krzysiek &#8211; zamojscy przewodnicy, drug\u0105 Pawe\u0142 i Mirek te\u017c zamojscy przewodnicy, a trzeci\u0105 Tadeusz i Barbara oczywi\u015bcie te\u017c zamojscy przewodnicy.<\/p>\n<p>Trasy I, II sz\u0142y t\u0105 sam\u0105 drog\u0105 przez las Parnia z tym, \u017ce zgodnie z umow\u0105 jedni zbierali grzyby po prawej a drudzy po lewej stronie.<\/p>\n<p>Opowiadali\u015bmy o tajemnicach puszczy roztocza\u0144skiej, szczeg\u00f3lnie o 1939 r. W lesie na pag\u00f3rku znajduje si\u0119 mogi\u0142a 19-letniego u\u0142ana, kt\u00f3ry zmar\u0142 z ran w 1939 r. Okoliczne lasy s\u0105 w administracji le\u015bnictwa Zielone &#8211; Nadle\u015bnictwo Zwierzyniec.<\/p>\n<p>Trasa nie by\u0142a zbyt d\u0142uga, ale uczestnicy w czasie 3 postoj\u00f3w biegali po lesie i zbierali grzyby.Przewa\u017ca\u0142y podgrzybki i prawdziwki &#8211; \u201epsich\u201d hub nie zbierali\u015bmy. Zbiory by\u0142y nadzwyczaj udane &#8211; zosta\u0142y uwiecznione na zdj\u0119ciach.<\/p>\n<p>Drog\u0105 radiow\u0105 przez pmr otrzymali\u015bmy wiadomo\u015b\u0107, \u017ce meta gotowa, wi\u0119c poszli\u015bmy do Szuru. Tu na wiejskim wygonie pali\u0142o si\u0119 ognisko i kol. Andrzej &#8211; kierownik rajdu wita\u0142 przybywaj\u0105cych turyst\u00f3w.<\/p>\n<p>Zaproponowa\u0142 kr\u00f3tki odpoczynek i pieczenie kie\u0142baski. Pod s\u0142upem z flag\u0105 PTTK by\u0142o miejsce na uk\u0142adanie zbior\u00f3w grzyb\u00f3w dla komisji konkursowej.<\/p>\n<p>Punktualnie w po\u0142udnie przyby\u0142a trasa III prowadzona przez Tadeusza i Barbar\u0119. Uczestnicy byli uzbrojeni w kijki i pe\u0142ne kosze grzyb\u00f3w.<\/p>\n<p>P\u00f3\u017aniej odby\u0142y si\u0119 konkursy: krajoznawczy, piosenki turystycznej, sprawno\u015bciowe (bieg w workach i rzut podkow\u0105) i piosenki prawdziwie turystycznej..<\/p>\n<p>Komisja konkursowa pod przewodnictwem Krzysztofa &#8211; prawdziwego le\u015bnika mia\u0142a nie lada problem, bo grzyb\u00f3w by\u0142o mn\u00f3stwo &#8211; ogromnych i zdrowiutkich.<\/p>\n<p>Najpi\u0119kniej za\u015bpiewa\u0142y zuchy z Kalinowic, kt\u00f3rzy zapewne byli na naszym rajdzie.<\/p>\n<p>Kr\u00f3low\u0105 grzybobrania zosta\u0142a Kamila Paw\u0142owska ze Szko\u0142y Nr 3 w Zamo\u015bciu<\/p>\n<p>Kr\u00f3lem Torbi\u0144ski Krzysztof z \u201eW\u0142\u00f3czykij\u00f3w\u201d<\/p>\n<p>Ksi\u0119\u017cniczk\u0105 grzybobrania zosta\u0142a Marika Jakubiec z SP Nr 1 w Szczebrzeszynie.<\/p>\n<p>Po 2 godzinach zabawy wr\u0119czono nagrody w konkursach oraz srebrne odznaki \u201eSiedmiomilowe Buty\u201d.<\/p>\n<p>Wr\u00f3cili\u015bmy do swoich dom\u00f3w z grzybami i mi\u0142ymi wspomnieniami.<\/p>\n<p>Uczestnicy:<\/p>\n<p>Najliczniejsza grupa by\u0142a ze Szko\u0142y Nr 3 w Zamo\u015bciu, bo a\u017c 96 os\u00f3b.<\/p>\n<p>SP Nr 10 w Zamo\u015bciu<\/p>\n<p>SP w \u017bdanowie<\/p>\n<p>SP Nr 6 w Zamo\u015bciu<\/p>\n<p>SP Nr 1 w Szczebrzeszynie<\/p>\n<p>SP w Bodaczowie<\/p>\n<p>W\u0142\u00f3czykije z Zamo\u015bcia<\/p>\n<p>SP Nr 8 w Zamo\u015bciu<\/p>\n<p>SP Nr 4 w Zamo\u015bciu<\/p>\n<p>Gimnazjum Nr 5 w Zamo\u015bciu<\/p>\n<p>SP w \u0141abu\u0144kach<\/p>\n<p>2 grupy z SP w Kalinowcach w tym zuchy<\/p>\n<p>SP w Kornel\u00f3wce<\/p>\n<p>oraz 14 turyst\u00f3w indywidualnych m\u0142odszych i starszych.<\/p>\n<p>Obs\u0142uga rajdu: Andrzej, Tomek, Janusz, Edward, Andrzej, Krzysztof, Pawe\u0142, Mirek, Barbara i Tadeusz.<\/p>\n<p>Organizatorzy serdecznie dzi\u0119kuj\u0105 za pomoc w organizacji rajdu &#8211; udost\u0119pnienie wiejskiego wygonu\u00a0 so\u0142tysowi Szuru &#8211; p. Stanis\u0142awowi \u017bukowi,<\/p>\n<p>Pracownikom Nadle\u015bnictwa Zwierzyniec p. Krystynie Koz\u0142owskiej i p. Le\u015bniczemu z Zielonego Ryszardowi Teteryczowi za pomoc w organizacji Rajdu.<\/p>\n<p>Do spotkania 5 listopada na rajdzie \u201ePieczony Ziemniak\u201d z met\u0105 w Da\u0144czypolu na Dzia\u0142ach Grabowieckich.<\/p>\n<p>&nbsp;<\/p>\n<p>[huge_it_slider id=&#8221;82&#8243;]<\/p>\n<p>&nbsp;<\/p>\n","protected":false},"excerpt":{"rendered":"<p>Wspomnienia rajdowe Tu\u017c po 8-ej 8 pa\u017adziernika zrobi\u0142o si\u0119 kolorowo \u00a0na parkingu w Zamo\u015bciu. To m\u0142odzi tury\u015bci wybierali si\u0119 na jesienny 47 Rajd \u201eRydz na Patelni\u201d z met\u0105 w Szurze na Roztoczu \u015arodkowym. Chocia\u017c zacz\u0105\u0142 si\u0105pi\u0107 \u201ekapu\u015bniaczek\u201d,\u00a0 wcale nie to &hellip; <a class=\"more-link\" href=\"https:\/\/zamosc.pttk.pl\/wordpress\/?page_id=9600\">Czytaj dalej <span class=\"meta-nav\">&rarr;<\/span><\/a><\/p>\n","protected":false},"author":1,"featured_media":0,"parent":0,"menu_order":0,"comment_status":"closed","ping_status":"closed","template":"","meta":{"footnotes":""},"class_list":["post-9600","page","type-page","status-publish","hentry"],"_links":{"self":[{"href":"https:\/\/zamosc.pttk.pl\/wordpress\/index.php?rest_route=\/wp\/v2\/pages\/9600","targetHints":{"allow":["GET"]}}],"collection":[{"href":"https:\/\/zamosc.pttk.pl\/wordpress\/index.php?rest_route=\/wp\/v2\/pages"}],"about":[{"href":"https:\/\/zamosc.pttk.pl\/wordpress\/index.php?rest_route=\/wp\/v2\/types\/page"}],"author":[{"embeddable":true,"href":"https:\/\/zamosc.pttk.pl\/wordpress\/index.php?rest_route=\/wp\/v2\/users\/1"}],"replies":[{"embeddable":true,"href":"https:\/\/zamosc.pttk.pl\/wordpress\/index.php?rest_route=%2Fwp%2Fv2%2Fcomments&post=9600"}],"version-history":[{"count":2,"href":"https:\/\/zamosc.pttk.pl\/wordpress\/index.php?rest_route=\/wp\/v2\/pages\/9600\/revisions"}],"predecessor-version":[{"id":9690,"href":"https:\/\/zamosc.pttk.pl\/wordpress\/index.php?rest_route=\/wp\/v2\/pages\/9600\/revisions\/9690"}],"wp:attachment":[{"href":"https:\/\/zamosc.pttk.pl\/wordpress\/index.php?rest_route=%2Fwp%2Fv2%2Fmedia&parent=9600"}],"curies":[{"name":"wp","href":"https:\/\/api.w.org\/{rel}","templated":true}]}}

<p>Wspomnienia rajdowe</p>
<p>Tuż po 8-ej 8 października zrobiło się kolorowo  na parkingu w Zamościu. To młodzi turyści wybierali się na jesienny 47 Rajd „Rydz na Patelni” z metą w Szurze na Roztoczu Środkowym. Chociaż zaczął siąpić „kapuśniaczek”,  wcale nie to popsuło nam humorów.</p>
<p>Była nas spora gromadka, bo 379 osób. Nie zabrakło jak zwykle naszych seniorów (14 osób).Dwie trasy pojechały do leśniczówki Zielone a trzecia dodatkowa do Borku. Trasy nie były długie po ok. 6 km.</p>
<p>Kiedy uczestnicy opuścili  autokary przewodnicy powitali uczestników i zapoznali z trasą wędrówki. Chmury się przejaśniły i było rześko jak w październiku.</p>
<p>Trasę I prowadzili Edward, Andrzej i leśniczy Krzysiek &#8211; zamojscy przewodnicy, drugą Paweł i Mirek też zamojscy przewodnicy, a trzecią Tadeusz i Barbara oczywiście też zamojscy przewodnicy.</p>
<p>Trasy I, II szły tą samą drogą przez las Parnia z tym, że zgodnie z umową jedni zbierali grzyby po prawej a drudzy po lewej stronie.</p>
<p>Opowiadaliśmy o tajemnicach puszczy roztoczańskiej, szczególnie o 1939 r. W lesie na pagórku znajduje się mogiła 19-letniego ułana, który zmarł z ran w 1939 r. Okoliczne lasy są w administracji leśnictwa Zielone &#8211; Nadleśnictwo Zwierzyniec.</p>
<p>Trasa nie była zbyt długa, ale uczestnicy w czasie 3 postojów biegali po lesie i zbierali grzyby.Przeważały podgrzybki i prawdziwki &#8211; „psich” hub nie zbieraliśmy. Zbiory były nadzwyczaj udane &#8211; zostały uwiecznione na zdjęciach.</p>
<p>Drogą radiową przez pmr otrzymaliśmy wiadomość, że meta gotowa, więc poszliśmy do Szuru. Tu na wiejskim wygonie paliło się ognisko i kol. Andrzej &#8211; kierownik rajdu witał przybywających turystów.</p>
<p>Zaproponował krótki odpoczynek i pieczenie kiełbaski. Pod słupem z flagą PTTK było miejsce na układanie zbiorów grzybów dla komisji konkursowej.</p>
<p>Punktualnie w południe przybyła trasa III prowadzona przez Tadeusza i Barbarę. Uczestnicy byli uzbrojeni w kijki i pełne kosze grzybów.</p>
<p>Później odbyły się konkursy: krajoznawczy, piosenki turystycznej, sprawnościowe (bieg w workach i rzut podkową) i piosenki prawdziwie turystycznej..</p>
<p>Komisja konkursowa pod przewodnictwem Krzysztofa &#8211; prawdziwego leśnika miała nie lada problem, bo grzybów było mnóstwo &#8211; ogromnych i zdrowiutkich.</p>
<p>Najpiękniej zaśpiewały zuchy z Kalinowic, którzy zapewne byli na naszym rajdzie.</p>
<p>Królową grzybobrania została Kamila Pawłowska ze Szkoły Nr 3 w Zamościu</p>
<p>Królem Torbiński Krzysztof z „Włóczykijów”</p>
<p>Księżniczką grzybobrania została Marika Jakubiec z SP Nr 1 w Szczebrzeszynie.</p>
<p>Po 2 godzinach zabawy wręczono nagrody w konkursach oraz srebrne odznaki „Siedmiomilowe Buty”.</p>
<p>Wróciliśmy do swoich domów z grzybami i miłymi wspomnieniami.</p>
<p>Uczestnicy:</p>
<p>Najliczniejsza grupa była ze Szkoły Nr 3 w Zamościu, bo aż 96 osób.</p>
<p>SP Nr 10 w Zamościu</p>
<p>SP w Żdanowie</p>
<p>SP Nr 6 w Zamościu</p>
<p>SP Nr 1 w Szczebrzeszynie</p>
<p>SP w Bodaczowie</p>
<p>Włóczykije z Zamościa</p>
<p>SP Nr 8 w Zamościu</p>
<p>SP Nr 4 w Zamościu</p>
<p>Gimnazjum Nr 5 w Zamościu</p>
<p>SP w Łabuńkach</p>
<p>2 grupy z SP w Kalinowcach w tym zuchy</p>
<p>SP w Kornelówce</p>
<p>oraz 14 turystów indywidualnych młodszych i starszych.</p>
<p>Obsługa rajdu: Andrzej, Tomek, Janusz, Edward, Andrzej, Krzysztof, Paweł, Mirek, Barbara i Tadeusz.</p>
<p>Organizatorzy serdecznie dziękują za pomoc w organizacji rajdu &#8211; udostępnienie wiejskiego wygonu  sołtysowi Szuru &#8211; p. Stanisławowi Żukowi,</p>
<p>Pracownikom Nadleśnictwa Zwierzyniec p. Krystynie Kozłowskiej i p. Leśniczemu z Zielonego Ryszardowi Teteryczowi za pomoc w organizacji Rajdu.</p>
<p>Do spotkania 5 listopada na rajdzie „Pieczony Ziemniak” z metą w Dańczypolu na Działach Grabowieckich.</p>
<p>&nbsp;</p>
<p>[huge_it_slider id=&#8221;82&#8243;]</p>
<p>&nbsp;</p>

<p>Wspomnienia rajdowe Tuż po 8-ej 8 października zrobiło się kolorowo  na parkingu w Zamościu. To młodzi turyści wybierali się na jesienny 47 Rajd „Rydz na Patelni” z metą w Szurze na Roztoczu Środkowym. Chociaż zaczął siąpić „kapuśniaczek”,  wcale nie to &hellip; <a class="more-link" href="https://zamosc.pttk.pl/wordpress/?page_id=9600">Czytaj dalej <span class="meta-nav">&rarr;</span></a></p>
