{"id":9577,"date":"2016-09-18T10:06:34","date_gmt":"2016-09-18T08:06:34","guid":{"rendered":"http:\/\/www.zamosc.pttk.pl\/wordpress\/?page_id=9577"},"modified":"2016-09-19T15:48:39","modified_gmt":"2016-09-19T13:48:39","slug":"42-rajd-milosnikow-roztocza","status":"publish","type":"page","link":"https:\/\/zamosc.pttk.pl\/wordpress\/?page_id=9577","title":{"rendered":"42 Rajd &#8222;Mi\u0142o\u015bnik\u00f3w Roztocza&#8221;"},"content":{"rendered":"<p>Na dw\u00f3ch trasach w\u0119drowa\u0142o 162 uczestnik\u00f3w czasami mi towarzyszy\u0142y 3 g\u0119si i 3 psy.<\/p>\n<p>Dru\u017cyny z:<\/p>\n<p>SP w Szczebrzeszynie<\/p>\n<p>SP Bodaczowie<\/p>\n<p>SP 7 w Zamo\u015bciu<\/p>\n<p>SP 10 w Zamo\u015bciu 2 dru\u017cyny<\/p>\n<p>SP 8 w Zamo\u015bciu<\/p>\n<p>SP w Kalinowicach<\/p>\n<p>Gimnazjum Nr 5 w Zamo\u015bciu<\/p>\n<p>SP Nr 3 w Zamo\u015bciu<\/p>\n<p>Tury\u015bci indywidualni\u00a0 22 osoby<\/p>\n<p>Na mecie odby\u0142y si\u0119 tradycyjne konkursy: krajoznawczy, rzut prawdziwa podkow\u0105 do celu oraz konkurs piosenki rajdowe.<\/p>\n<p>Dzi\u0119kujemy serdecznie opiekunom m\u0142odzie\u017cy oraz p. Bogdanowi \u0141yszczarzowi le\u015bniczemu z Siedlisk za pomoc w organizacji mety Rajdu.<\/p>\n<p>Nagrody w konkursie krajoznawczym ufundowa\u0142a Gmina Lubycza Kr\u00f3lewska &#8211; serdecznie dzi\u0119kujemy.<\/p>\n<p>&nbsp;<\/p>\n<p>[huge_it_slider id=&#8221;81&#8243;]<\/p>\n<p>&nbsp;<\/p>\n","protected":false},"excerpt":{"rendered":"<p>Na dw\u00f3ch trasach w\u0119drowa\u0142o 162 uczestnik\u00f3w czasami mi towarzyszy\u0142y 3 g\u0119si i 3 psy. Dru\u017cyny z: SP w Szczebrzeszynie SP Bodaczowie SP 7 w Zamo\u015bciu SP 10 w Zamo\u015bciu 2 dru\u017cyny SP 8 w Zamo\u015bciu SP w Kalinowicach Gimnazjum Nr &hellip; <a class=\"more-link\" href=\"https:\/\/zamosc.pttk.pl\/wordpress\/?page_id=9577\">Czytaj dalej <span class=\"meta-nav\">&rarr;<\/span><\/a><\/p>\n","protected":false},"author":1,"featured_media":0,"parent":0,"menu_order":0,"comment_status":"closed","ping_status":"closed","template":"","meta":{"footnotes":""},"class_list":["post-9577","page","type-page","status-publish","hentry"],"_links":{"self":[{"href":"https:\/\/zamosc.pttk.pl\/wordpress\/index.php?rest_route=\/wp\/v2\/pages\/9577","targetHints":{"allow":["GET"]}}],"collection":[{"href":"https:\/\/zamosc.pttk.pl\/wordpress\/index.php?rest_route=\/wp\/v2\/pages"}],"about":[{"href":"https:\/\/zamosc.pttk.pl\/wordpress\/index.php?rest_route=\/wp\/v2\/types\/page"}],"author":[{"embeddable":true,"href":"https:\/\/zamosc.pttk.pl\/wordpress\/index.php?rest_route=\/wp\/v2\/users\/1"}],"replies":[{"embeddable":true,"href":"https:\/\/zamosc.pttk.pl\/wordpress\/index.php?rest_route=%2Fwp%2Fv2%2Fcomments&post=9577"}],"version-history":[{"count":5,"href":"https:\/\/zamosc.pttk.pl\/wordpress\/index.php?rest_route=\/wp\/v2\/pages\/9577\/revisions"}],"predecessor-version":[{"id":9584,"href":"https:\/\/zamosc.pttk.pl\/wordpress\/index.php?rest_route=\/wp\/v2\/pages\/9577\/revisions\/9584"}],"wp:attachment":[{"href":"https:\/\/zamosc.pttk.pl\/wordpress\/index.php?rest_route=%2Fwp%2Fv2%2Fmedia&parent=9577"}],"curies":[{"name":"wp","href":"https:\/\/api.w.org\/{rel}","templated":true}]}}