{"id":5102,"date":"2015-03-22T11:47:26","date_gmt":"2015-03-22T10:47:26","guid":{"rendered":"http:\/\/www.zamosc.pttk.pl\/wordpress\/?page_id=5102"},"modified":"2015-04-26T16:17:03","modified_gmt":"2015-04-26T14:17:03","slug":"41-rajd-spotkanie-z-wiosna","status":"publish","type":"page","link":"https:\/\/zamosc.pttk.pl\/wordpress\/?page_id=5102","title":{"rendered":"41 Rajd &#8222;Spotkanie z Wiosn\u0105&#8221;"},"content":{"rendered":"<p style=\"text-align: justify;\">[huge_it_slider id=&#8221;34&#8243;]<\/p>\n<p style=\"text-align: justify;\">\n<p style=\"text-align: justify;\">\n<p style=\"text-align: justify;\">\n<p style=\"text-align: justify;\">\n<p style=\"text-align: justify;\">\n<p style=\"text-align: justify;\">\n<p style=\"text-align: justify;\">\n<p style=\"text-align: justify;\">\n<p style=\"text-align: justify;\">\n<p style=\"text-align: justify;\">\n<p style=\"text-align: justify;\">\n<p style=\"text-align: justify;\">\n<p style=\"text-align: justify;\">\n<p style=\"text-align: justify;\">\n<p style=\"text-align: justify;\">\n<p style=\"text-align: justify;\">\n<p style=\"text-align: justify;\">\n<p style=\"text-align: justify;\">\n<p style=\"text-align: justify;\"><span style=\"font-size: 16px;\"><a href=\"http:\/\/www.zamosc.pttk.pl\/wordpress\/wp-content\/uploads\/2015\/04\/Regulamin-Rajdu.pdf\">Regulamin Rajdu<\/a><\/span><\/p>\n<p style=\"text-align: justify;\">W tym roku spotkamy si\u0119 z wiosn\u0105 na Roztoczu Wschodnim. B\u0119dziemy w\u0119drowali po Po\u0142udnioworoztocza\u0144skim Parku Krajobrazowym. Zobaczymy m.in. rogat\u0105 sosn\u0119, bunkry Linii Mo\u0142otowa i zdob\u0119dziemy 2 najwy\u017csze wzg\u00f3rza Roztocza na terenie Polski: Kr\u0105g\u0142y Goraj na terenie Gminy Lubycza Kr\u00f3lewska oraz D\u0142ugi Goraj ma terenie Gminy Horyniec-Zdr\u00f3j. Zajrzymy na wzg\u00f3rze Monastyr (ruiny klasztoru bazylia\u0144skiego i miejsce pierwszej pustelni \u015bw. Brata Alberta). Na met\u0119 Rajdu do Huty Lubyckiej w gm. Lubycza Kr\u00f3lewska dojdziemy dawnym traktem p\u0105tniczym. Szczeg\u00f3\u0142y znajd\u0105 si\u0119 \u00a0w regulaminie rajdu, kt\u00f3ry wkr\u00f3tce zostanie opublikowany.<br \/>\nPlanujemy 3 trasy rajdowe: z Pawliszcza i Knia\u017a. \u00a0B\u0119dziemy w\u0119drowali szlakami turystycznymi pieszymi: centralnym &#8211; niebieskim, czerwonym &#8211; wolno\u015bciowym, zielonym, im. \u015bw. Brata Alberta i \u017c\u00f3\u0142tym p.o. Goraje.<br \/>\nOp\u0142ata za uczestnictwo wynosi jak zwykle 25 z\u0142. Zg\u0142oszenia przyjmujemy w Biurze Oddzia\u0142u PTTK do dnia 17 kwietnia br.<\/p>\n<p style=\"text-align: justify;\">Serdecznie zapraszamy m\u0142odszych i starszych turyst\u00f3w &#8211; mi\u0142o\u015bnik\u00f3w Roztocza i r\u00f3wnie\u017c panie i pan\u00f3w z modnymi obecnie kijkami.<\/p>\n<p style=\"text-align: justify;\">Obrazki z tras rajdowych:<\/p>\n<p style=\"text-align: justify;\">[huge_it_slider id=&#8221;27&#8243;]<\/p>\n","protected":false},"excerpt":{"rendered":"<p>[huge_it_slider id=&#8221;34&#8243;] Regulamin Rajdu W tym roku spotkamy si\u0119 z wiosn\u0105 na Roztoczu Wschodnim. B\u0119dziemy w\u0119drowali po Po\u0142udnioworoztocza\u0144skim Parku Krajobrazowym. Zobaczymy m.in. rogat\u0105 sosn\u0119, bunkry Linii Mo\u0142otowa i zdob\u0119dziemy 2 najwy\u017csze wzg\u00f3rza Roztocza na terenie Polski: Kr\u0105g\u0142y Goraj na terenie &hellip; <a class=\"more-link\" href=\"https:\/\/zamosc.pttk.pl\/wordpress\/?page_id=5102\">Czytaj dalej <span class=\"meta-nav\">&rarr;<\/span><\/a><\/p>\n","protected":false},"author":1,"featured_media":0,"parent":0,"menu_order":0,"comment_status":"closed","ping_status":"closed","template":"","meta":{"footnotes":""},"class_list":["post-5102","page","type-page","status-publish","hentry"],"_links":{"self":[{"href":"https:\/\/zamosc.pttk.pl\/wordpress\/index.php?rest_route=\/wp\/v2\/pages\/5102","targetHints":{"allow":["GET"]}}],"collection":[{"href":"https:\/\/zamosc.pttk.pl\/wordpress\/index.php?rest_route=\/wp\/v2\/pages"}],"about":[{"href":"https:\/\/zamosc.pttk.pl\/wordpress\/index.php?rest_route=\/wp\/v2\/types\/page"}],"author":[{"embeddable":true,"href":"https:\/\/zamosc.pttk.pl\/wordpress\/index.php?rest_route=\/wp\/v2\/users\/1"}],"replies":[{"embeddable":true,"href":"https:\/\/zamosc.pttk.pl\/wordpress\/index.php?rest_route=%2Fwp%2Fv2%2Fcomments&post=5102"}],"version-history":[{"count":8,"href":"https:\/\/zamosc.pttk.pl\/wordpress\/index.php?rest_route=\/wp\/v2\/pages\/5102\/revisions"}],"predecessor-version":[{"id":5437,"href":"https:\/\/zamosc.pttk.pl\/wordpress\/index.php?rest_route=\/wp\/v2\/pages\/5102\/revisions\/5437"}],"wp:attachment":[{"href":"https:\/\/zamosc.pttk.pl\/wordpress\/index.php?rest_route=%2Fwp%2Fv2%2Fmedia&parent=5102"}],"curies":[{"name":"wp","href":"https:\/\/api.w.org\/{rel}","templated":true}]}}