{"id":421,"date":"2014-02-28T16:54:24","date_gmt":"2014-02-28T15:54:24","guid":{"rendered":"http:\/\/www.zamosc.pttk.pl\/wordpress\/?page_id=421"},"modified":"2025-12-22T19:05:47","modified_gmt":"2025-12-22T18:05:47","slug":"szlaki-turystyczne-2","status":"publish","type":"page","link":"https:\/\/zamosc.pttk.pl\/wordpress\/?page_id=421","title":{"rendered":"Szlaki turystyczne"},"content":{"rendered":"<p><strong>Prace znakarskie wykonane w 2025 r. przez znakarzy PTTK Oddzia\u0142 w Zamo\u015bciu<\/strong><\/p>\n<p><strong><span style=\"color: #ff0000;\">Prace znakarskie finansowane przez Wojew\u00f3dztwo Lubelskie<\/span><\/strong><\/p>\n<p>Szlak Walk Partyzanckich Lu 25 s.<br \/>\nOdcinek Okolice Wzg\u00f3rza Ko\u015bci\u00f3\u0142ek &#8211; Borowe M\u0142yny &#8211; Fryszarka &#8211; Osuchy &#8211; 25 km<\/p>\n<p><strong>&#8212;&#8212;&#8212;&#8212;&#8212;&#8212;&#8212;&#8212;&#8212;&#8212;&#8212;&#8212;&#8212;&#8212;&#8212;&#8212;&#8212;&#8212;&#8212;&#8212;&#8212;&#8212;&#8212;&#8212;&#8212;&#8212;&#8212;&#8212;&#8212;&#8212;&#8212;&#8211;<\/strong><\/p>\n<p><span style=\"color: #003300;\"><strong>Prace znakarskie wykonane w 2025 r przez znakarzy PTTK Oddzia\u0142 w Zamo\u015bciu<\/strong><\/span><\/p>\n<p><span style=\"font-size: 19px; color: #ff0000;\"><strong>Prace znakarskie finansowane przez Powiat Zamojski<\/strong><\/span><\/p>\n<p>\u015acie\u017cka spacerowa Krasnobr\u00f3d Podklasztor &#8211; Szur kol. \u017c\u00f3\u0142ty &#8211; 4 km<\/p>\n<p>\u015acie\u017cka spacerowa Krasnobrodzkie W\u0105wozy &#8211; 4 km<\/p>\n<p>Szlak turystyczny pieszy Roztocza\u0144ski kol. \u017c\u00f3\u0142ty Trz\u0119siny &#8211; Zwierzyniec ( na terenie powiatu zamojskiego) 4,5 km.<\/p>\n<p>***************************************************************************************************************<\/p>\n<p><span style=\"color: #008000;\"><strong>Prace znakarskie wykonane w 2024 r. przez znakarzy PTTK Oddzia\u0142 w Zamo\u015bciu<\/strong><\/span><\/p>\n<p><strong><span style=\"color: #800000;\">Prace znakarskie finansowane przez Powiat Zamojski \u00a022 km<\/span><\/strong><\/p>\n<p>Szlak pieszy Partyzancki\u00a0 \u00a0LU 5603 c Szczebrzeszyn &#8211; Bli\u017c\u00f3w\u00a0\u00a0\u00a0\u00a0\u00a0\u00a0\u00a0 16 km<\/p>\n<p>\u015acie\u017cki \u00a0spacerowe w Senderkach (czerwona i niebieska)\u00a0 \u00a06 km<\/p>\n<p><strong><span style=\"color: #008000;\">Prace znakarskie finansowane \u00a0przez Wojew\u00f3dztwo Lubelskie\u00a0 33 km<\/span><\/strong><\/p>\n<p>Szlak pieszy Walk partyzanckich LU 25 s Siwa Dolina &#8211;\u00a0 \u0141osiniec\u00a0\u00a0\u00a0\u00a0\u00a0\u00a0 6,7 km<\/p>\n<p>Szlak pieszy Wzg\u00f3rzami Roztocza Lu-5624 n\u00a0\u00a0 \u00a0Szewnia &#8211; Krasnobr\u00f3d\u00a0\u00a0 22 km<\/p>\n<p>\u015acie\u017cka piesza przez Czartowe Pole \u00a0\u00a0LU 5618 n 1,3 km<\/p>\n<p>\u015acie\u017cka piesza przez rez. Szum\u00a0\u00a0 Lu 5622 n\u00a0\u00a0\u00a0 \u00a0\u00a0\u00a0\u00a0\u00a0\u00a0\u00a0\u00a03 km<\/p>\n<p>&#8212;&#8212;&#8212;&#8212;&#8212;&#8212;&#8212;&#8212;&#8212;&#8212;&#8212;&#8212;&#8212;&#8212;&#8212;&#8212;&#8212;&#8212;&#8212;&#8212;&#8212;&#8212;&#8212;&#8212;&#8212;&#8212;&#8212;&#8212;&#8212;&#8212;-<\/p>\n<p><strong>Prace znakarskie na Roztoczu w 2023 roku<\/strong><\/p>\n<p>Z dotacji Wojew\u00f3dztwa Lubelskiego odnowili\u015bmy 2 szlaki turystyczne:<\/p>\n<p>Szlak kraw\u0119dziowy (czerwony) odcinek G\u00f3recko Stare &#8211; Florianka Zwierzyniec.<\/p>\n<p><a href=\"https:\/\/zamosc.pttk.pl\/wordpress\/wp-content\/uploads\/2023\/11\/M.-Echo-Kraw.jpg\"><img loading=\"lazy\" decoding=\"async\" class=\"alignleft size-medium wp-image-19421\" src=\"https:\/\/zamosc.pttk.pl\/wordpress\/wp-content\/uploads\/2023\/11\/M.-Echo-Kraw-300x248.jpg\" alt=\"\" width=\"300\" height=\"248\" srcset=\"https:\/\/zamosc.pttk.pl\/wordpress\/wp-content\/uploads\/2023\/11\/M.-Echo-Kraw-300x248.jpg 300w, https:\/\/zamosc.pttk.pl\/wordpress\/wp-content\/uploads\/2023\/11\/M.-Echo-Kraw-1024x848.jpg 1024w, https:\/\/zamosc.pttk.pl\/wordpress\/wp-content\/uploads\/2023\/11\/M.-Echo-Kraw-200x166.jpg 200w, https:\/\/zamosc.pttk.pl\/wordpress\/wp-content\/uploads\/2023\/11\/M.-Echo-Kraw-768x636.jpg 768w, https:\/\/zamosc.pttk.pl\/wordpress\/wp-content\/uploads\/2023\/11\/M.-Echo-Kraw-362x300.jpg 362w, https:\/\/zamosc.pttk.pl\/wordpress\/wp-content\/uploads\/2023\/11\/M.-Echo-Kraw.jpg 1134w\" sizes=\"auto, (max-width: 300px) 100vw, 300px\" \/><\/a>Nast\u0105pi\u0142a niewielka zmiana przebiegu na odcinku Stawy Echo &#8211; OEM RPN. Szlak teraz prowadzi wygodn\u0105 malownicz\u0105 \u015bcie\u017ck\u0105 przez las. Poprzednio prowadzi\u0142 poboczem drogi powiatowej o du\u017cym nat\u0119\u017ceniu ruchu szczeg\u00f3lnie latem.<\/p>\n<p><a href=\"https:\/\/zamosc.pttk.pl\/wordpress\/wp-content\/uploads\/2023\/11\/M.-Rudka.jpg\"><img loading=\"lazy\" decoding=\"async\" class=\"alignleft size-medium wp-image-19423\" src=\"https:\/\/zamosc.pttk.pl\/wordpress\/wp-content\/uploads\/2023\/11\/M.-Rudka-300x190.jpg\" alt=\"\" width=\"300\" height=\"190\" srcset=\"https:\/\/zamosc.pttk.pl\/wordpress\/wp-content\/uploads\/2023\/11\/M.-Rudka-300x190.jpg 300w, https:\/\/zamosc.pttk.pl\/wordpress\/wp-content\/uploads\/2023\/11\/M.-Rudka-1024x649.jpg 1024w, https:\/\/zamosc.pttk.pl\/wordpress\/wp-content\/uploads\/2023\/11\/M.-Rudka-200x127.jpg 200w, https:\/\/zamosc.pttk.pl\/wordpress\/wp-content\/uploads\/2023\/11\/M.-Rudka-768x487.jpg 768w, https:\/\/zamosc.pttk.pl\/wordpress\/wp-content\/uploads\/2023\/11\/M.-Rudka-473x300.jpg 473w, https:\/\/zamosc.pttk.pl\/wordpress\/wp-content\/uploads\/2023\/11\/M.-Rudka.jpg 1426w\" sizes=\"auto, (max-width: 300px) 100vw, 300px\" \/><\/a>Szlak im. Aleksandry Wachniewskiej (zielony) ze Zwierzy\u0144ca przez W\u00f3lk\u0119 Wieprzeck\u0105, Wojd\u0119, Bli\u017c\u00f3w, Bondyrz, Lasowce, Senderki, G\u00f3recko Ko\u015bcielne, Tereszpol Jurdyg\u0119 do Florianki.<br \/>\nNast\u0105pi\u0142a niewielka zmiana w okolicach zalewu w Rudce (Zwierzyniec). Teraz prowadzi wzd\u0142u\u017c zalewu z widokiem na malowniczy zalew na Wieprzu.<\/p>\n<p>Powy\u017csze zmiany na wp\u0142yn\u0119\u0142y na znacz\u0105ce d\u0142ugo\u015bci szlak\u00f3w (do ok. 100 m).<\/p>\n<p>________________________________________________________________________________________________________________<\/p>\n<p><strong>Z dotacji Powiatu Zamojskiego (umowa 12\/2023 z dn. 17.04.2023) odnowione zosta\u0142y 2 szlaki:<\/strong><\/p>\n<p>Odcinek szlaku partyzanckiego (czerwonego) z Bli\u017cowa przez Kacz\u00f3rki, Jacni\u0119. Na szlaku nie nast\u0105pi\u0142y korekty przebiegu. D\u0142ugo\u015b\u0107 odnowionego szlaku 7,3 km<br \/>\nOdcinek szlaku im. W\u0142adys\u0142awy Podobi\u0144skiej z Suchowoli przez Kasjer\u00f3wk\u0119 , Lipsko Polesie, Lipsko, Bia\u0142\u0105 G\u00f3r\u0119, \u017bdan\u00f3w, Skok\u00f3wk\u0119. D\u0142ugo\u015b\u0107 odnowionego szlaku 19 km.<\/p>\n<p>Przebiegi szlak\u00f3w zaznaczono na mapie Roztocze \u015arodkowe wyd. Compass Krak\u00f3w.<\/p>\n<p>_______________________________________________________________________________________________________________<br \/>\nPocz\u0105tek szlaku obecnie znajduje si\u0119 po p\u00f3\u0142nocnej stronie Bramy Szczebrzeskiej w Zamo\u015bciu.<\/p>\n<p>&#8212;&#8212;&#8212;&#8212;&#8212;&#8212;&#8212;&#8212;&#8212;&#8212;&#8212;&#8212;&#8212;&#8212;&#8212;&#8212;&#8212;&#8212;&#8212;&#8212;&#8212;&#8212;&#8212;&#8212;&#8212;&#8212;&#8212;&#8212;&#8212;&#8212;&#8212;&#8212;&#8212;&#8212;<\/p>\n<p><span style=\"font-size: 18px;\"><a href=\"https:\/\/zamosc.pttk.pl\/wordpress\/wp-content\/uploads\/2022\/06\/Szlaki-turystyczne-piesze-na-Roztoczu-2022.pdf\">Szlaki turystyczne piesze na Roztoczu w 2022 r.<\/a><\/span><\/p>\n<p>Zmiana przebiegu szlaku Partyzanckiego LU-5603 c w okolicach Kosobud od dn. 1.07.2022 r.<br \/>\nZmiana podyktowana zosta\u0142a konieczno\u015bci\u0105 usuni\u0119cia ruchu pieszego na terenie ostoi konik\u00f3w polskich. Nowa trasa jest ciekawa i dost\u0119pna r\u00f3wnie\u017c dla turyst\u00f3w na rowerach. Szlak wyd\u0142u\u017cy\u0142 si\u0119 o 0,2 km.<br \/>\nNowy przebieg zaznaczono na mapie Roztocze \u015arodkowe wyd. Compass.<\/p>\n<p><a href=\"https:\/\/zamosc.pttk.pl\/wordpress\/wp-content\/uploads\/2022\/07\/Kosobudy-c1.jpg\"><img loading=\"lazy\" decoding=\"async\" class=\"alignleft size-medium wp-image-18622\" src=\"https:\/\/zamosc.pttk.pl\/wordpress\/wp-content\/uploads\/2022\/07\/Kosobudy-c1-300x188.jpg\" alt=\"\" width=\"300\" height=\"188\" srcset=\"https:\/\/zamosc.pttk.pl\/wordpress\/wp-content\/uploads\/2022\/07\/Kosobudy-c1-300x188.jpg 300w, https:\/\/zamosc.pttk.pl\/wordpress\/wp-content\/uploads\/2022\/07\/Kosobudy-c1-200x126.jpg 200w, https:\/\/zamosc.pttk.pl\/wordpress\/wp-content\/uploads\/2022\/07\/Kosobudy-c1-478x300.jpg 478w, https:\/\/zamosc.pttk.pl\/wordpress\/wp-content\/uploads\/2022\/07\/Kosobudy-c1.jpg 640w\" sizes=\"auto, (max-width: 300px) 100vw, 300px\" \/><\/a><\/p>\n<p><span style=\"font-size: 18px;\">Prace znakarskie na Roztoczu w 2021\u00a0<\/span><\/p>\n<div dir=\"auto\">Szlaki piesze w Su\u015bcu<\/div>\n<div dir=\"auto\">Uprzejmie informujemy, \u017ce od dnia 24.05.2021 r. nast\u0105pi\u0142y zmiany przebiegu szlak\u00f3w pieszych w Su\u015bcu.<\/div>\n<div dir=\"auto\">1. Szlak kraw\u0119dziowy (czerwony)<\/div>\n<div dir=\"auto\">2. Szlak Szum\u00f3w (niebieski)<\/div>\n<div dir=\"auto\">3. Szlak Po\u0142udniowy (\u017c\u00f3\u0142ty)<\/div>\n<div dir=\"auto\"><\/div>\n<div dir=\"auto\"><a href=\"https:\/\/zamosc.pttk.pl\/wordpress\/wp-content\/uploads\/2021\/05\/Susiec-aktualny.jpg\"><img loading=\"lazy\" decoding=\"async\" class=\"size-medium wp-image-17367 alignnone\" src=\"https:\/\/zamosc.pttk.pl\/wordpress\/wp-content\/uploads\/2021\/05\/Susiec-aktualny-300x182.jpg\" alt=\"\" width=\"300\" height=\"182\" srcset=\"https:\/\/zamosc.pttk.pl\/wordpress\/wp-content\/uploads\/2021\/05\/Susiec-aktualny-300x182.jpg 300w, https:\/\/zamosc.pttk.pl\/wordpress\/wp-content\/uploads\/2021\/05\/Susiec-aktualny-200x121.jpg 200w, https:\/\/zamosc.pttk.pl\/wordpress\/wp-content\/uploads\/2021\/05\/Susiec-aktualny-768x465.jpg 768w, https:\/\/zamosc.pttk.pl\/wordpress\/wp-content\/uploads\/2021\/05\/Susiec-aktualny.jpg 1024w, https:\/\/zamosc.pttk.pl\/wordpress\/wp-content\/uploads\/2021\/05\/Susiec-aktualny-495x300.jpg 495w\" sizes=\"auto, (max-width: 300px) 100vw, 300px\" \/><\/a><\/div>\n<div dir=\"auto\" style=\"text-align: left;\">Obecny przebieg szlak\u00f3w jest bardziej atrakcyjny krajobrazowo, po wielu latach powr\u00f3ci\u0142y w wi\u0119kszo\u015bci na pierwotny przebieg sprzed 25 lat. Szlaki przechodz\u0105 obecnie z dala od oczyszczalni \u015bciek\u00f3w i schroniska ps\u00f3w.<\/div>\n<div dir=\"auto\" style=\"text-align: left;\">Prosimy o w\u0119drowanie wg znak\u00f3w. Na mapach turystycznych i w aplikacjach nie s\u0105 jeszcze przeprowadzone korekty.<\/div>\n<div dir=\"auto\"><\/div>\n<hr \/>\n<div dir=\"auto\"><\/div>\n<div dir=\"auto\" style=\"text-align: justify;\">Od 28 kwietnia 2021 r. nast\u0105pi\u0142y 2 zmiany przebiegu szlaku czerwonego &#8222;Kraw\u0119dziowego&#8221; na terenie rezerwatu &#8222;Czartowe Pole&#8221; i w okolicach Nowin.<\/div>\n<div dir=\"auto\" style=\"text-align: justify;\">Powy\u017csze zmiany wynik\u0142y z przyczyn technicznych (zamkni\u0119cie tzw. \u015bcie\u017cki dolnej). W Nowinach na dotychczasowym przebiegu szlaku w\u0142a\u015bciciel wybudowa\u0142 p\u0142ot. Nowy przebieg jest ciekawszy, dost\u0119pny r\u00f3wnie\u017c dla rower\u00f3w. Le\u015bna droga poro\u015bni\u0119ta jest muraw\u0105. Dotychczas prowadzi\u0142 drog\u0105 piaszczyst\u0105 z g\u0142\u0119bokimi koleinami. W\u0119druj\u0105c tym szlakiem prosimy o zwracanie uwagi na nowe znaki.<\/div>\n<div dir=\"auto\">Mapka z przebiegiem szlaku wg GPS<\/div>\n<div dir=\"auto\"><a href=\"https:\/\/zamosc.pttk.pl\/wordpress\/wp-content\/uploads\/2021\/05\/czartowe-Pole-Nowiny2.jpg\"><img loading=\"lazy\" decoding=\"async\" class=\"alignleft size-medium wp-image-17332\" src=\"https:\/\/zamosc.pttk.pl\/wordpress\/wp-content\/uploads\/2021\/05\/czartowe-Pole-Nowiny2-300x181.jpg\" alt=\"\" width=\"300\" height=\"181\" srcset=\"https:\/\/zamosc.pttk.pl\/wordpress\/wp-content\/uploads\/2021\/05\/czartowe-Pole-Nowiny2-300x181.jpg 300w, https:\/\/zamosc.pttk.pl\/wordpress\/wp-content\/uploads\/2021\/05\/czartowe-Pole-Nowiny2-200x121.jpg 200w, https:\/\/zamosc.pttk.pl\/wordpress\/wp-content\/uploads\/2021\/05\/czartowe-Pole-Nowiny2-768x464.jpg 768w, https:\/\/zamosc.pttk.pl\/wordpress\/wp-content\/uploads\/2021\/05\/czartowe-Pole-Nowiny2-497x300.jpg 497w, https:\/\/zamosc.pttk.pl\/wordpress\/wp-content\/uploads\/2021\/05\/czartowe-Pole-Nowiny2.jpg 800w\" sizes=\"auto, (max-width: 300px) 100vw, 300px\" \/><\/a><\/div>\n<div dir=\"auto\">W bie\u017c\u0105cym roku nast\u0105pi jeszcze jedna zmiana na szlaku kraw\u0119dziowym w Su\u015bcu w zwi\u0105zku ze sprzedaniem lasu wraz z drog\u0105, kt\u00f3r\u0105\u00a0 prowadz\u0105 szlaki.<\/div>\n<div dir=\"auto\">\n<hr \/>\n<\/div>\n<p><span style=\"font-size: 18px;\">Prace znakarskie na Roztoczu w 2020 r.<\/span><\/p>\n<hr \/>\n<p>Odnowienia oznakowania:<br \/>\nSzlak centralny niebieski\u00a0 (LU\/PK 24 n)<\/p>\n<p>Odcinek:<br \/>\nBe\u0142\u017cec &#8211; Lubycza Kr\u00f3lewska &#8211; Kniazie &#8211; Huta Lubycka &#8211; Wola Wielka &#8211; Wielki Dzia\u0142 &#8211; Polanka &#8211; Brusno Nowe &#8211; 41 km (nie by\u0142o zmian przebiegu)<\/p>\n<p>Dotacja: PTTK, odnowienie oznakowania 2020 dofinansowane przez Ministerstwo Rozwoju<\/p>\n<p>Odcinek:<br \/>\nS\u0105siadka &#8211; Lipowiec &#8211; Zwierzyniec &#8211; Lasowce &#8211; Senderki &#8211; Wzg. Kamie\u0144 &#8211; Husiny &#8211; \u0141uszczacz &#8211; wzg. Wapielnia &#8211; 67 km (nie by\u0142o zmian przebiegu)<\/p>\n<p>Dotacja: Wojew\u00f3dztwo Lubelskie<\/p>\n<hr \/>\n<p>\u015acie\u017cka spacerowa (niebieska) na Kamienn\u0105 G\u00f3r\u0119 w Zwierzy\u0144cu wraz ze zmian\u0105 na odcinku Bagno &#8211; Rudka &#8211; 12 km<\/p>\n<p><a href=\"http:\/\/www.zamosc.pttk.pl\/wordpress\/wp-content\/uploads\/2020\/10\/sc.kam_.gor_.pdf\">Aktualny przebieg odcinka \u015bcie\u017cki spacerowej Bagno &#8211; Rudka (pdf)&gt;&gt;&gt;<\/a><\/p>\n<p>\u015acie\u017cka spacerowa zielona \u201ePrzez Las Cetnar\u201d \u00a0Kaw\u0119czynek &#8211; Las Cetnar &#8211; Kaw\u0119czynek\u00a0 &#8211; 7 km<br \/>\n(nie by\u0142o zmian przebiegu)<\/p>\n<p>Dotacja: Powiat Zamojski<\/p>\n<hr \/>\n<p>Szlak rowerowy \u201ePrzez Goraje\u201d zielony &#8211; nowy<br \/>\nLubycza Kr\u00f3lewska &#8211; Kniazie &#8211; Huta Lubycka &#8211; D\u0142ugi Goraj &#8211; Goraje &#8211; Siedliska\u00a0 &#8211; 21 km<\/p>\n<p>Dotacja: Wojew\u00f3dztwo Lubelskie<\/p>\n<p><a href=\"http:\/\/www.zamosc.pttk.pl\/wordpress\/wp-content\/uploads\/2020\/10\/01rr.pdf\">1. Odcinek Lubycza Kr\u00f3lewska &#8211; Huta Lubycka (pdf)&gt;&gt;&gt;<\/a><\/p>\n<p><a href=\"http:\/\/www.zamosc.pttk.pl\/wordpress\/wp-content\/uploads\/2020\/10\/02rr.pdf\">2. Odcinek Huta Lubycka &#8211; Siedliska (pdf)&gt;&gt;&gt;<\/a><\/p>\n<p><a href=\"http:\/\/www.lubycza.pl\/asp\/pl_start.asp?typ=13&amp;submenu=4&amp;menu=4&amp;dzialy=4&amp;akcja=artykul&amp;artykul=1346\">Opis szlaku na stronie Gminy Lubycza Kr\u00f3lewska&gt;&gt;&gt;<\/a><\/p>\n<hr \/>\n<p><strong>Aktualne przebiegi szlak\u00f3w zaznaczone s\u0105 na mapie turystycznej \u201eRoztocze \u015arodkowe\u201d wydawnictwo COMPASS, skala 1 : 50 000 wydanej w 2020 r.<\/strong><\/p>\n","protected":false},"excerpt":{"rendered":"<p>Prace znakarskie wykonane w 2025 r. przez znakarzy PTTK Oddzia\u0142 w Zamo\u015bciu Prace znakarskie finansowane przez Wojew\u00f3dztwo Lubelskie Szlak Walk Partyzanckich Lu 25 s. Odcinek Okolice Wzg\u00f3rza Ko\u015bci\u00f3\u0142ek &#8211; Borowe M\u0142yny &#8211; Fryszarka &#8211; Osuchy &#8211; 25 km &#8212;&#8212;&#8212;&#8212;&#8212;&#8212;&#8212;&#8212;&#8212;&#8212;&#8212;&#8212;&#8212;&#8212;&#8212;&#8212;&#8212;&#8212;&#8212;&#8212;&#8212;&#8212;&#8212;&#8212;&#8212;&#8212;&#8212;&#8212;&#8212;&#8212;&#8212;&#8211; Prace &hellip; <a class=\"more-link\" href=\"https:\/\/zamosc.pttk.pl\/wordpress\/?page_id=421\">Czytaj dalej <span class=\"meta-nav\">&rarr;<\/span><\/a><\/p>\n","protected":false},"author":1,"featured_media":0,"parent":0,"menu_order":0,"comment_status":"closed","ping_status":"closed","template":"","meta":{"footnotes":""},"class_list":["post-421","page","type-page","status-publish","hentry"],"_links":{"self":[{"href":"https:\/\/zamosc.pttk.pl\/wordpress\/index.php?rest_route=\/wp\/v2\/pages\/421","targetHints":{"allow":["GET"]}}],"collection":[{"href":"https:\/\/zamosc.pttk.pl\/wordpress\/index.php?rest_route=\/wp\/v2\/pages"}],"about":[{"href":"https:\/\/zamosc.pttk.pl\/wordpress\/index.php?rest_route=\/wp\/v2\/types\/page"}],"author":[{"embeddable":true,"href":"https:\/\/zamosc.pttk.pl\/wordpress\/index.php?rest_route=\/wp\/v2\/users\/1"}],"replies":[{"embeddable":true,"href":"https:\/\/zamosc.pttk.pl\/wordpress\/index.php?rest_route=%2Fwp%2Fv2%2Fcomments&post=421"}],"version-history":[{"count":36,"href":"https:\/\/zamosc.pttk.pl\/wordpress\/index.php?rest_route=\/wp\/v2\/pages\/421\/revisions"}],"predecessor-version":[{"id":20468,"href":"https:\/\/zamosc.pttk.pl\/wordpress\/index.php?rest_route=\/wp\/v2\/pages\/421\/revisions\/20468"}],"wp:attachment":[{"href":"https:\/\/zamosc.pttk.pl\/wordpress\/index.php?rest_route=%2Fwp%2Fv2%2Fmedia&parent=421"}],"curies":[{"name":"wp","href":"https:\/\/api.w.org\/{rel}","templated":true}]}}