{"id":20442,"date":"2025-12-17T17:40:54","date_gmt":"2025-12-17T16:40:54","guid":{"rendered":"https:\/\/zamosc.pttk.pl\/wordpress\/?page_id=20442"},"modified":"2026-02-09T17:30:32","modified_gmt":"2026-02-09T16:30:32","slug":"mapki-szlakow-odnowionych-w-2025","status":"publish","type":"page","link":"https:\/\/zamosc.pttk.pl\/wordpress\/?page_id=20442","title":{"rendered":"Mapki szlak\u00f3w odnowionych w 2025"},"content":{"rendered":"\n<figure class=\"wp-block-image size-large\"><img loading=\"lazy\" decoding=\"async\" width=\"1024\" height=\"604\" src=\"https:\/\/zamosc.pttk.pl\/wordpress\/wp-content\/uploads\/2025\/12\/4.-szlaki-Osuchy-1024x604.jpg\" alt=\"\" class=\"wp-image-20466\" srcset=\"https:\/\/zamosc.pttk.pl\/wordpress\/wp-content\/uploads\/2025\/12\/4.-szlaki-Osuchy-1024x604.jpg 1024w, https:\/\/zamosc.pttk.pl\/wordpress\/wp-content\/uploads\/2025\/12\/4.-szlaki-Osuchy-300x177.jpg 300w, https:\/\/zamosc.pttk.pl\/wordpress\/wp-content\/uploads\/2025\/12\/4.-szlaki-Osuchy-200x118.jpg 200w, https:\/\/zamosc.pttk.pl\/wordpress\/wp-content\/uploads\/2025\/12\/4.-szlaki-Osuchy-768x453.jpg 768w, https:\/\/zamosc.pttk.pl\/wordpress\/wp-content\/uploads\/2025\/12\/4.-szlaki-Osuchy-1536x906.jpg 1536w, https:\/\/zamosc.pttk.pl\/wordpress\/wp-content\/uploads\/2025\/12\/4.-szlaki-Osuchy-500x295.jpg 500w, https:\/\/zamosc.pttk.pl\/wordpress\/wp-content\/uploads\/2025\/12\/4.-szlaki-Osuchy.jpg 1920w\" sizes=\"auto, (max-width: 1024px) 100vw, 1024px\" \/><\/figure>\n\n\n\n<figure class=\"wp-block-image size-large\"><img loading=\"lazy\" decoding=\"async\" width=\"1024\" height=\"707\" src=\"https:\/\/zamosc.pttk.pl\/wordpress\/wp-content\/uploads\/2025\/12\/3.-Osuchy-Fryszarka-1024x707.jpg\" alt=\"\" class=\"wp-image-20465\" srcset=\"https:\/\/zamosc.pttk.pl\/wordpress\/wp-content\/uploads\/2025\/12\/3.-Osuchy-Fryszarka-1024x707.jpg 1024w, https:\/\/zamosc.pttk.pl\/wordpress\/wp-content\/uploads\/2025\/12\/3.-Osuchy-Fryszarka-300x207.jpg 300w, https:\/\/zamosc.pttk.pl\/wordpress\/wp-content\/uploads\/2025\/12\/3.-Osuchy-Fryszarka-200x138.jpg 200w, https:\/\/zamosc.pttk.pl\/wordpress\/wp-content\/uploads\/2025\/12\/3.-Osuchy-Fryszarka-768x531.jpg 768w, https:\/\/zamosc.pttk.pl\/wordpress\/wp-content\/uploads\/2025\/12\/3.-Osuchy-Fryszarka-1536x1061.jpg 1536w, https:\/\/zamosc.pttk.pl\/wordpress\/wp-content\/uploads\/2025\/12\/3.-Osuchy-Fryszarka-2048x1415.jpg 2048w, https:\/\/zamosc.pttk.pl\/wordpress\/wp-content\/uploads\/2025\/12\/3.-Osuchy-Fryszarka-434x300.jpg 434w\" sizes=\"auto, (max-width: 1024px) 100vw, 1024px\" \/><\/figure>\n\n\n\n<figure class=\"wp-block-image size-large\"><img loading=\"lazy\" decoding=\"async\" width=\"1024\" height=\"698\" src=\"https:\/\/zamosc.pttk.pl\/wordpress\/wp-content\/uploads\/2025\/12\/2.-Fryszarka-Borowe-Mlyny-1024x698.jpg\" alt=\"\" class=\"wp-image-20464\" srcset=\"https:\/\/zamosc.pttk.pl\/wordpress\/wp-content\/uploads\/2025\/12\/2.-Fryszarka-Borowe-Mlyny-1024x698.jpg 1024w, https:\/\/zamosc.pttk.pl\/wordpress\/wp-content\/uploads\/2025\/12\/2.-Fryszarka-Borowe-Mlyny-300x204.jpg 300w, https:\/\/zamosc.pttk.pl\/wordpress\/wp-content\/uploads\/2025\/12\/2.-Fryszarka-Borowe-Mlyny-200x136.jpg 200w, https:\/\/zamosc.pttk.pl\/wordpress\/wp-content\/uploads\/2025\/12\/2.-Fryszarka-Borowe-Mlyny-768x523.jpg 768w, https:\/\/zamosc.pttk.pl\/wordpress\/wp-content\/uploads\/2025\/12\/2.-Fryszarka-Borowe-Mlyny-1536x1047.jpg 1536w, https:\/\/zamosc.pttk.pl\/wordpress\/wp-content\/uploads\/2025\/12\/2.-Fryszarka-Borowe-Mlyny-2048x1396.jpg 2048w, https:\/\/zamosc.pttk.pl\/wordpress\/wp-content\/uploads\/2025\/12\/2.-Fryszarka-Borowe-Mlyny-440x300.jpg 440w\" sizes=\"auto, (max-width: 1024px) 100vw, 1024px\" \/><\/figure>\n\n\n\n<figure class=\"wp-block-image size-large\"><img loading=\"lazy\" decoding=\"async\" width=\"1024\" height=\"449\" src=\"https:\/\/zamosc.pttk.pl\/wordpress\/wp-content\/uploads\/2025\/12\/1.walk-P.-Bor.-Mlyny-1024x449.jpg\" alt=\"\" class=\"wp-image-20463\" srcset=\"https:\/\/zamosc.pttk.pl\/wordpress\/wp-content\/uploads\/2025\/12\/1.walk-P.-Bor.-Mlyny-1024x449.jpg 1024w, https:\/\/zamosc.pttk.pl\/wordpress\/wp-content\/uploads\/2025\/12\/1.walk-P.-Bor.-Mlyny-300x131.jpg 300w, https:\/\/zamosc.pttk.pl\/wordpress\/wp-content\/uploads\/2025\/12\/1.walk-P.-Bor.-Mlyny-200x88.jpg 200w, https:\/\/zamosc.pttk.pl\/wordpress\/wp-content\/uploads\/2025\/12\/1.walk-P.-Bor.-Mlyny-768x336.jpg 768w, https:\/\/zamosc.pttk.pl\/wordpress\/wp-content\/uploads\/2025\/12\/1.walk-P.-Bor.-Mlyny-1536x673.jpg 1536w, https:\/\/zamosc.pttk.pl\/wordpress\/wp-content\/uploads\/2025\/12\/1.walk-P.-Bor.-Mlyny-2048x897.jpg 2048w, https:\/\/zamosc.pttk.pl\/wordpress\/wp-content\/uploads\/2025\/12\/1.walk-P.-Bor.-Mlyny-500x219.jpg 500w\" sizes=\"auto, (max-width: 1024px) 100vw, 1024px\" \/><\/figure>\n\n\n\n<hr class=\"wp-block-separator has-alpha-channel-opacity\"\/>\n\n\n\n<figure class=\"wp-block-image size-large\"><img loading=\"lazy\" decoding=\"async\" width=\"764\" height=\"1024\" src=\"https:\/\/zamosc.pttk.pl\/wordpress\/wp-content\/uploads\/2025\/12\/szur-764x1024.jpg\" alt=\"\" class=\"wp-image-20444\" srcset=\"https:\/\/zamosc.pttk.pl\/wordpress\/wp-content\/uploads\/2025\/12\/szur-764x1024.jpg 764w, https:\/\/zamosc.pttk.pl\/wordpress\/wp-content\/uploads\/2025\/12\/szur-224x300.jpg 224w, https:\/\/zamosc.pttk.pl\/wordpress\/wp-content\/uploads\/2025\/12\/szur-149x200.jpg 149w, https:\/\/zamosc.pttk.pl\/wordpress\/wp-content\/uploads\/2025\/12\/szur-768x1030.jpg 768w, https:\/\/zamosc.pttk.pl\/wordpress\/wp-content\/uploads\/2025\/12\/szur-1145x1536.jpg 1145w, https:\/\/zamosc.pttk.pl\/wordpress\/wp-content\/uploads\/2025\/12\/szur.jpg 1428w\" sizes=\"auto, (max-width: 764px) 100vw, 764px\" \/><\/figure>\n\n\n\n<figure class=\"wp-block-image size-large\"><img loading=\"lazy\" decoding=\"async\" width=\"1024\" height=\"495\" src=\"https:\/\/zamosc.pttk.pl\/wordpress\/wp-content\/uploads\/2025\/12\/roztocza-1024x495.jpg\" alt=\"\" class=\"wp-image-20445\" srcset=\"https:\/\/zamosc.pttk.pl\/wordpress\/wp-content\/uploads\/2025\/12\/roztocza-1024x495.jpg 1024w, https:\/\/zamosc.pttk.pl\/wordpress\/wp-content\/uploads\/2025\/12\/roztocza-300x145.jpg 300w, https:\/\/zamosc.pttk.pl\/wordpress\/wp-content\/uploads\/2025\/12\/roztocza-200x97.jpg 200w, https:\/\/zamosc.pttk.pl\/wordpress\/wp-content\/uploads\/2025\/12\/roztocza-768x371.jpg 768w, https:\/\/zamosc.pttk.pl\/wordpress\/wp-content\/uploads\/2025\/12\/roztocza-1536x743.jpg 1536w, https:\/\/zamosc.pttk.pl\/wordpress\/wp-content\/uploads\/2025\/12\/roztocza-2048x991.jpg 2048w, https:\/\/zamosc.pttk.pl\/wordpress\/wp-content\/uploads\/2025\/12\/roztocza-500x242.jpg 500w\" sizes=\"auto, (max-width: 1024px) 100vw, 1024px\" \/><\/figure>\n\n\n\n<p>Szlaki turystyczne turystyczne piesze odnowione z dotacji Ministerstwa Sportu<\/p>\n\n\n\n<p>Szlak turystyczny Centralny LU 24 n odc. Zwierzyniec &#8211; S\u0105siadka<\/p>\n\n\n\n<p>Szlak turystyczny Lu 25 s &#8222;Walk partyzanckich&#8221; \u0141osiniec &#8211; okol. wzg. Ko\u015bci\u00f3lek<\/p>\n\n\n\n<p>Razem 44 km<\/p>\n\n\n\n<figure class=\"wp-block-image size-large\"><img loading=\"lazy\" decoding=\"async\" width=\"1024\" height=\"501\" src=\"https:\/\/zamosc.pttk.pl\/wordpress\/wp-content\/uploads\/2026\/02\/1.-Wigwizd.Zwc_-1024x501.jpg\" alt=\"\" class=\"wp-image-20566\" srcset=\"https:\/\/zamosc.pttk.pl\/wordpress\/wp-content\/uploads\/2026\/02\/1.-Wigwizd.Zwc_-1024x501.jpg 1024w, https:\/\/zamosc.pttk.pl\/wordpress\/wp-content\/uploads\/2026\/02\/1.-Wigwizd.Zwc_-300x147.jpg 300w, https:\/\/zamosc.pttk.pl\/wordpress\/wp-content\/uploads\/2026\/02\/1.-Wigwizd.Zwc_-200x98.jpg 200w, https:\/\/zamosc.pttk.pl\/wordpress\/wp-content\/uploads\/2026\/02\/1.-Wigwizd.Zwc_-768x376.jpg 768w, https:\/\/zamosc.pttk.pl\/wordpress\/wp-content\/uploads\/2026\/02\/1.-Wigwizd.Zwc_-1536x751.jpg 1536w, https:\/\/zamosc.pttk.pl\/wordpress\/wp-content\/uploads\/2026\/02\/1.-Wigwizd.Zwc_-500x245.jpg 500w, https:\/\/zamosc.pttk.pl\/wordpress\/wp-content\/uploads\/2026\/02\/1.-Wigwizd.Zwc_.jpg 1920w\" sizes=\"auto, (max-width: 1024px) 100vw, 1024px\" \/><\/figure>\n\n\n\n<figure class=\"wp-block-image size-large\"><img loading=\"lazy\" decoding=\"async\" width=\"1024\" height=\"541\" src=\"https:\/\/zamosc.pttk.pl\/wordpress\/wp-content\/uploads\/2026\/02\/2.-cent-Lipowiec-1024x541.jpg\" alt=\"\" class=\"wp-image-20568\" srcset=\"https:\/\/zamosc.pttk.pl\/wordpress\/wp-content\/uploads\/2026\/02\/2.-cent-Lipowiec-1024x541.jpg 1024w, https:\/\/zamosc.pttk.pl\/wordpress\/wp-content\/uploads\/2026\/02\/2.-cent-Lipowiec-300x158.jpg 300w, https:\/\/zamosc.pttk.pl\/wordpress\/wp-content\/uploads\/2026\/02\/2.-cent-Lipowiec-200x106.jpg 200w, https:\/\/zamosc.pttk.pl\/wordpress\/wp-content\/uploads\/2026\/02\/2.-cent-Lipowiec-768x406.jpg 768w, https:\/\/zamosc.pttk.pl\/wordpress\/wp-content\/uploads\/2026\/02\/2.-cent-Lipowiec-1536x811.jpg 1536w, https:\/\/zamosc.pttk.pl\/wordpress\/wp-content\/uploads\/2026\/02\/2.-cent-Lipowiec-500x264.jpg 500w, https:\/\/zamosc.pttk.pl\/wordpress\/wp-content\/uploads\/2026\/02\/2.-cent-Lipowiec.jpg 1920w\" sizes=\"auto, (max-width: 1024px) 100vw, 1024px\" \/><\/figure>\n\n\n\n<figure class=\"wp-block-image size-large\"><img loading=\"lazy\" decoding=\"async\" width=\"1024\" height=\"647\" src=\"https:\/\/zamosc.pttk.pl\/wordpress\/wp-content\/uploads\/2026\/02\/3.-Lipowiec.-Kaweczynek-1024x647.jpg\" alt=\"\" class=\"wp-image-20569\" srcset=\"https:\/\/zamosc.pttk.pl\/wordpress\/wp-content\/uploads\/2026\/02\/3.-Lipowiec.-Kaweczynek-1024x647.jpg 1024w, https:\/\/zamosc.pttk.pl\/wordpress\/wp-content\/uploads\/2026\/02\/3.-Lipowiec.-Kaweczynek-300x190.jpg 300w, https:\/\/zamosc.pttk.pl\/wordpress\/wp-content\/uploads\/2026\/02\/3.-Lipowiec.-Kaweczynek-200x126.jpg 200w, https:\/\/zamosc.pttk.pl\/wordpress\/wp-content\/uploads\/2026\/02\/3.-Lipowiec.-Kaweczynek-768x486.jpg 768w, https:\/\/zamosc.pttk.pl\/wordpress\/wp-content\/uploads\/2026\/02\/3.-Lipowiec.-Kaweczynek-1536x971.jpg 1536w, https:\/\/zamosc.pttk.pl\/wordpress\/wp-content\/uploads\/2026\/02\/3.-Lipowiec.-Kaweczynek-474x300.jpg 474w, https:\/\/zamosc.pttk.pl\/wordpress\/wp-content\/uploads\/2026\/02\/3.-Lipowiec.-Kaweczynek.jpg 1920w\" sizes=\"auto, (max-width: 1024px) 100vw, 1024px\" \/><\/figure>\n\n\n\n<figure class=\"wp-block-image size-large\"><img loading=\"lazy\" decoding=\"async\" width=\"1024\" height=\"906\" src=\"https:\/\/zamosc.pttk.pl\/wordpress\/wp-content\/uploads\/2026\/02\/4.-Kaweczynek-Sasiadka-1024x906.jpg\" alt=\"\" class=\"wp-image-20570\" srcset=\"https:\/\/zamosc.pttk.pl\/wordpress\/wp-content\/uploads\/2026\/02\/4.-Kaweczynek-Sasiadka-1024x906.jpg 1024w, https:\/\/zamosc.pttk.pl\/wordpress\/wp-content\/uploads\/2026\/02\/4.-Kaweczynek-Sasiadka-300x265.jpg 300w, https:\/\/zamosc.pttk.pl\/wordpress\/wp-content\/uploads\/2026\/02\/4.-Kaweczynek-Sasiadka-200x177.jpg 200w, https:\/\/zamosc.pttk.pl\/wordpress\/wp-content\/uploads\/2026\/02\/4.-Kaweczynek-Sasiadka-768x680.jpg 768w, https:\/\/zamosc.pttk.pl\/wordpress\/wp-content\/uploads\/2026\/02\/4.-Kaweczynek-Sasiadka-1536x1359.jpg 1536w, https:\/\/zamosc.pttk.pl\/wordpress\/wp-content\/uploads\/2026\/02\/4.-Kaweczynek-Sasiadka-339x300.jpg 339w, https:\/\/zamosc.pttk.pl\/wordpress\/wp-content\/uploads\/2026\/02\/4.-Kaweczynek-Sasiadka.jpg 1920w\" sizes=\"auto, (max-width: 1024px) 100vw, 1024px\" \/><\/figure>\n\n\n\n<figure class=\"wp-block-image size-large\"><img loading=\"lazy\" decoding=\"async\" width=\"1024\" height=\"423\" src=\"https:\/\/zamosc.pttk.pl\/wordpress\/wp-content\/uploads\/2026\/02\/1.-LU-25s-1024x423.jpg\" alt=\"\" class=\"wp-image-20571\" srcset=\"https:\/\/zamosc.pttk.pl\/wordpress\/wp-content\/uploads\/2026\/02\/1.-LU-25s-1024x423.jpg 1024w, https:\/\/zamosc.pttk.pl\/wordpress\/wp-content\/uploads\/2026\/02\/1.-LU-25s-300x124.jpg 300w, https:\/\/zamosc.pttk.pl\/wordpress\/wp-content\/uploads\/2026\/02\/1.-LU-25s-200x83.jpg 200w, https:\/\/zamosc.pttk.pl\/wordpress\/wp-content\/uploads\/2026\/02\/1.-LU-25s-768x318.jpg 768w, https:\/\/zamosc.pttk.pl\/wordpress\/wp-content\/uploads\/2026\/02\/1.-LU-25s-1536x635.jpg 1536w, https:\/\/zamosc.pttk.pl\/wordpress\/wp-content\/uploads\/2026\/02\/1.-LU-25s-500x207.jpg 500w, https:\/\/zamosc.pttk.pl\/wordpress\/wp-content\/uploads\/2026\/02\/1.-LU-25s.jpg 1920w\" sizes=\"auto, (max-width: 1024px) 100vw, 1024px\" \/><\/figure>\n\n\n\n<figure class=\"wp-block-image size-large\"><img loading=\"lazy\" decoding=\"async\" width=\"1024\" height=\"425\" src=\"https:\/\/zamosc.pttk.pl\/wordpress\/wp-content\/uploads\/2026\/02\/2.-LU-25s-1024x425.jpg\" alt=\"\" class=\"wp-image-20572\" srcset=\"https:\/\/zamosc.pttk.pl\/wordpress\/wp-content\/uploads\/2026\/02\/2.-LU-25s-1024x425.jpg 1024w, https:\/\/zamosc.pttk.pl\/wordpress\/wp-content\/uploads\/2026\/02\/2.-LU-25s-300x125.jpg 300w, https:\/\/zamosc.pttk.pl\/wordpress\/wp-content\/uploads\/2026\/02\/2.-LU-25s-200x83.jpg 200w, https:\/\/zamosc.pttk.pl\/wordpress\/wp-content\/uploads\/2026\/02\/2.-LU-25s-768x319.jpg 768w, https:\/\/zamosc.pttk.pl\/wordpress\/wp-content\/uploads\/2026\/02\/2.-LU-25s-1536x638.jpg 1536w, https:\/\/zamosc.pttk.pl\/wordpress\/wp-content\/uploads\/2026\/02\/2.-LU-25s-500x208.jpg 500w, https:\/\/zamosc.pttk.pl\/wordpress\/wp-content\/uploads\/2026\/02\/2.-LU-25s.jpg 1920w\" sizes=\"auto, (max-width: 1024px) 100vw, 1024px\" \/><\/figure>\n","protected":false},"excerpt":{"rendered":"<p>Szlaki turystyczne turystyczne piesze odnowione z dotacji Ministerstwa Sportu Szlak turystyczny Centralny LU 24 n odc. Zwierzyniec &#8211; S\u0105siadka Szlak turystyczny Lu 25 s &#8222;Walk partyzanckich&#8221; \u0141osiniec &#8211; okol. wzg. Ko\u015bci\u00f3lek Razem 44 km &hellip; <a class=\"more-link\" href=\"https:\/\/zamosc.pttk.pl\/wordpress\/?page_id=20442\">Czytaj dalej <span class=\"meta-nav\">&rarr;<\/span><\/a><\/p>\n","protected":false},"author":1,"featured_media":0,"parent":0,"menu_order":0,"comment_status":"closed","ping_status":"closed","template":"","meta":{"footnotes":""},"class_list":["post-20442","page","type-page","status-publish","hentry"],"_links":{"self":[{"href":"https:\/\/zamosc.pttk.pl\/wordpress\/index.php?rest_route=\/wp\/v2\/pages\/20442","targetHints":{"allow":["GET"]}}],"collection":[{"href":"https:\/\/zamosc.pttk.pl\/wordpress\/index.php?rest_route=\/wp\/v2\/pages"}],"about":[{"href":"https:\/\/zamosc.pttk.pl\/wordpress\/index.php?rest_route=\/wp\/v2\/types\/page"}],"author":[{"embeddable":true,"href":"https:\/\/zamosc.pttk.pl\/wordpress\/index.php?rest_route=\/wp\/v2\/users\/1"}],"replies":[{"embeddable":true,"href":"https:\/\/zamosc.pttk.pl\/wordpress\/index.php?rest_route=%2Fwp%2Fv2%2Fcomments&post=20442"}],"version-history":[{"count":3,"href":"https:\/\/zamosc.pttk.pl\/wordpress\/index.php?rest_route=\/wp\/v2\/pages\/20442\/revisions"}],"predecessor-version":[{"id":20573,"href":"https:\/\/zamosc.pttk.pl\/wordpress\/index.php?rest_route=\/wp\/v2\/pages\/20442\/revisions\/20573"}],"wp:attachment":[{"href":"https:\/\/zamosc.pttk.pl\/wordpress\/index.php?rest_route=%2Fwp%2Fv2%2Fmedia&parent=20442"}],"curies":[{"name":"wp","href":"https:\/\/api.w.org\/{rel}","templated":true}]}}