{"id":17554,"date":"2021-12-08T09:56:03","date_gmt":"2021-12-08T08:56:03","guid":{"rendered":"http:\/\/zamosc.pttk.pl\/wordpress\/?page_id=17554"},"modified":"2021-12-12T11:11:55","modified_gmt":"2021-12-12T10:11:55","slug":"52-rajd-rydz-na-patelni","status":"publish","type":"page","link":"https:\/\/zamosc.pttk.pl\/wordpress\/?page_id=17554","title":{"rendered":"52 Rajd &#8222;Rydz na Patelni&#8221;"},"content":{"rendered":"<p>Wspomnienia z 52 Rajdu \u201eRydz na Patelni\u201d.<\/p>\n<p style=\"text-align: justify;\"><a href=\"https:\/\/zamosc.pttk.pl\/wordpress\/wp-content\/uploads\/2021\/12\/ZNACZEK-21-r.jpg\"><img loading=\"lazy\" decoding=\"async\" class=\"size-medium wp-image-17572 alignleft\" src=\"https:\/\/zamosc.pttk.pl\/wordpress\/wp-content\/uploads\/2021\/12\/ZNACZEK-21-r-300x300.jpg\" alt=\"\" width=\"300\" height=\"300\" srcset=\"https:\/\/zamosc.pttk.pl\/wordpress\/wp-content\/uploads\/2021\/12\/ZNACZEK-21-r-300x300.jpg 300w, https:\/\/zamosc.pttk.pl\/wordpress\/wp-content\/uploads\/2021\/12\/ZNACZEK-21-r-200x200.jpg 200w, https:\/\/zamosc.pttk.pl\/wordpress\/wp-content\/uploads\/2021\/12\/ZNACZEK-21-r-768x766.jpg 768w, https:\/\/zamosc.pttk.pl\/wordpress\/wp-content\/uploads\/2021\/12\/ZNACZEK-21-r-144x144.jpg 144w, https:\/\/zamosc.pttk.pl\/wordpress\/wp-content\/uploads\/2021\/12\/ZNACZEK-21-r-301x300.jpg 301w, https:\/\/zamosc.pttk.pl\/wordpress\/wp-content\/uploads\/2021\/12\/ZNACZEK-21-r.jpg 983w\" sizes=\"auto, (max-width: 300px) 100vw, 300px\" \/><\/a>Przyjechali\u015bmy do Kaw\u0119czynka ok. 9.30.\u00a0 Poranek by\u0142 rze\u015bki i humory ju\u017c na starcie wszystkim\u00a0 dopisywa\u0142y. Na starcie stawi\u0142a si\u0119 spora grupka turyst\u00f3w, kt\u00f3rzy przyjechali w\u0142asnymi samochodami.<br \/>\nRazem na starcie by\u0142y 123 osoby. Rajdowicz\u00f3w powita\u0142 Andrzej kierownik Rajdu. Edward powiedzia\u0142 kilka s\u0142\u00f3w o trasie w\u0119dr\u00f3wki i okolicy. Tym razem prowadzi\u0142a nas Alina, gdy\u017c dobrze wiedzia\u0142a, gdzie rosn\u0105 rydze (w jej lesie).<br \/>\nZe wzgl\u0119du na uk\u0142ad dr\u00f3g i w\u0105woz\u00f3w musieli\u015bmy pocz\u0105tkowo w\u0119drowa\u0107 ok. 1 km drog\u0105 asfaltow\u0105 szlakiem Centralnym (niebieskim). P\u00f3\u017aniej ju\u017c by\u0142o ciekawiej, bo weszli\u015bmy na piaszczyst\u0105 drog\u0119 prowadz\u0105c\u0105 dnem w\u0105wozu. P\u00f3\u017aniej opu\u015bcili\u015bmy szlak i szli\u015bmy nieco mniej ucz\u0119szczan\u0105 drog\u0105, a p\u00f3\u017aniej dr\u00f3\u017ckami, kt\u00f3rymi w\u0119druj\u0105 mieszka\u0144cy tych las\u00f3w: sarny, jelenie i dziki. Wszyscy dzielnie pokonywali chaszcze i zaro\u015bla i to ca\u0142y czas pod g\u00f3r\u0119. Kto chcia\u0142 to znalaz\u0142 rydze. Niestety nie wszyscy mieli szcz\u0119\u015bcie. Kiedy wyszli\u015bmy na skraj p\u00f3\u0142, by\u0142 kr\u00f3tki odpoczynek i liczenie uczestnik\u00f3w. Nikt si\u0119 nie zgubi\u0142, wi\u0119c po kr\u00f3tkim odpoczynku wyruszyli\u015bmy ponownie szlakiem centralnym. Za lasem okaza\u0142o si\u0119, \u017ce nasza droga zosta\u0142a zapewnie wczoraj zaorana.\u00a0 Zosta\u0142 tylko \u015blad k\u00f3\u0142 traktorowych, ale jako\u015b doszli\u015bmy do lasu i w\u0105w\u00f3z coraz bardziej prowadzi\u0142 w dolin\u0119.\u00a0 Po drodze mijali\u015bmy ogromne ka\u0142u\u017ce, w kt\u00f3rych lubi\u0105 k\u0105pa\u0107 si\u0119 dziki i przez my\u015bliwych nazywane s\u0105 babrzyskami. Wreszcie doszli\u015bmy do szerokiej drogi gruntowej \u0142\u0105cz\u0105cej Kaw\u0119czynek z Czarnymstokiem. Jeszcze chwila i jeste\u015bmy na rozleg\u0142ej polanie dawniej by\u0142 o tu pole. Na \u015brodku pali\u0142o si\u0119. Ka\u017cda grupa znalaz\u0142a sobie miejsce na s\u0142oneczku. Odpoczywali\u015bmy i kto chcia\u0142 to piek\u0142 sobie na ognisku kie\u0142baski. P\u00f3\u017aniej rozpocz\u0119\u0142y si\u0119 konkursy: krajoznawczy i sprawno\u015bciowe (skakanka i rzut podkow\u0105. Na zako\u0144czenie odby\u0142 si\u0119 najwa\u017cniejszy konkurs tego rajdu na kr\u00f3low\u0105 i kr\u00f3la grzybobrania. Tym razem okaza\u0142o si\u0119, \u017ce by\u0142o 2 kr\u00f3l\u00f3w bli\u017aniak\u00f3w i jedna kr\u00f3lowa. W historii rajd\u00f3w by\u0142 to pierwszy raz taki konkurs. S\u0142oneczko ukry\u0142o si\u0119 za drzewami, wi\u0119c poszli\u015bmy do autokar\u00f3w.<br \/>\nTradycyjnie w Rajdzie uczestniczyli seniorzy , kt\u00f3rzy dzielnie pokonywali trudy w\u0119dr\u00f3wki po piachu, w\u0105wozach, b\u0142ocie i\u00a0 wdrapywali si\u0119 po stokach w\u0105woz\u00f3w. 52 Rajd \u201eRydz na Patelni\u201d by\u0142 w tym roku\u00a0 kolejnym z cyklu \u201eSztafeta Mi\u0119dzypokoleniowa\u201d zaproponowanym przez Zarz\u0105d G\u0142\u00f3wny PTTK.<\/p>\n<p style=\"text-align: justify;\">Podzi\u0119kowania:<\/p>\n<p style=\"text-align: justify;\">Dla Pana Bogdana Panasa so\u0142tysa Kaw\u0119czynka za udost\u0119pnienie swojej \u0142\u0105ki i przygotowanie drewna na ognisko.<\/p>\n<p style=\"text-align: justify;\">Dla Opiekun\u00f3w grup szkolnych.<\/p>\n<p style=\"text-align: justify;\">Dla Kadry Oddzia\u0142u Przodownik\u00f3w Turystyki Pieszej i Przewodnik\u00f3w PTTK: Andrzeja, Mariana, Joasi, Andrzeja i Aliny cz\u0142onka Zarz\u0105du Oddzia\u0142u PTTK w Zamo\u015bciu.<\/p>\n<p>Wspomnienie napisa\u0142 wsp\u00f3\u0142prowadz\u0105cy tras\u0119 rajdow\u0105 Edward.<\/p>\n<p>[huge_it_slider id=&#8221;251 &#8222;]<\/p>\n","protected":false},"excerpt":{"rendered":"<p>Wspomnienia z 52 Rajdu \u201eRydz na Patelni\u201d. Przyjechali\u015bmy do Kaw\u0119czynka ok. 9.30.\u00a0 Poranek by\u0142 rze\u015bki i humory ju\u017c na starcie wszystkim\u00a0 dopisywa\u0142y. Na starcie stawi\u0142a si\u0119 spora grupka turyst\u00f3w, kt\u00f3rzy przyjechali w\u0142asnymi samochodami. Razem na starcie by\u0142y 123 osoby. Rajdowicz\u00f3w &hellip; <a class=\"more-link\" href=\"https:\/\/zamosc.pttk.pl\/wordpress\/?page_id=17554\">Czytaj dalej <span class=\"meta-nav\">&rarr;<\/span><\/a><\/p>\n","protected":false},"author":1,"featured_media":0,"parent":0,"menu_order":0,"comment_status":"closed","ping_status":"closed","template":"","meta":{"footnotes":""},"class_list":["post-17554","page","type-page","status-publish","hentry"],"_links":{"self":[{"href":"https:\/\/zamosc.pttk.pl\/wordpress\/index.php?rest_route=\/wp\/v2\/pages\/17554","targetHints":{"allow":["GET"]}}],"collection":[{"href":"https:\/\/zamosc.pttk.pl\/wordpress\/index.php?rest_route=\/wp\/v2\/pages"}],"about":[{"href":"https:\/\/zamosc.pttk.pl\/wordpress\/index.php?rest_route=\/wp\/v2\/types\/page"}],"author":[{"embeddable":true,"href":"https:\/\/zamosc.pttk.pl\/wordpress\/index.php?rest_route=\/wp\/v2\/users\/1"}],"replies":[{"embeddable":true,"href":"https:\/\/zamosc.pttk.pl\/wordpress\/index.php?rest_route=%2Fwp%2Fv2%2Fcomments&post=17554"}],"version-history":[{"count":6,"href":"https:\/\/zamosc.pttk.pl\/wordpress\/index.php?rest_route=\/wp\/v2\/pages\/17554\/revisions"}],"predecessor-version":[{"id":17783,"href":"https:\/\/zamosc.pttk.pl\/wordpress\/index.php?rest_route=\/wp\/v2\/pages\/17554\/revisions\/17783"}],"wp:attachment":[{"href":"https:\/\/zamosc.pttk.pl\/wordpress\/index.php?rest_route=%2Fwp%2Fv2%2Fmedia&parent=17554"}],"curies":[{"name":"wp","href":"https:\/\/api.w.org\/{rel}","templated":true}]}}