{"id":16434,"date":"2020-05-20T08:35:30","date_gmt":"2020-05-20T06:35:30","guid":{"rendered":"http:\/\/www.zamosc.pttk.pl\/wordpress\/?page_id=16434"},"modified":"2020-05-20T08:35:30","modified_gmt":"2020-05-20T06:35:30","slug":"pieniny-i-slowacki-raj","status":"publish","type":"page","link":"https:\/\/zamosc.pttk.pl\/wordpress\/?page_id=16434","title":{"rendered":"Pieniny i S\u0142owacki Raj"},"content":{"rendered":"<p><span style=\"color: #000000;\"><span style=\"font-family: Arial, sans-serif;\"><span style=\"font-size: small;\"><span style=\"font-family: Verdana, serif;\"><span style=\"font-size: medium;\">Pieni<\/span><\/span><span style=\"font-family: Verdana, serif;\"><span style=\"font-size: medium;\">\u0144skie Krajobrazy <\/span><\/span><\/span><\/span><\/span><\/p>\n<p><span style=\"color: #000000;\"><span style=\"font-family: Verdana, serif;\"><span style=\"font-size: medium;\">Sp\u0142yw Dunajcem, wej\u015bcie na Sokolic\u0119 i Trzy Korony, Zamek w Czorsztynie i Niedzicy, S\u0142owacki Raj<\/span><\/span><\/span><\/p>\n<p><span style=\"color: #000000;\"><span style=\"font-family: Verdana, serif;\"><span style=\"font-size: medium;\">Ramowy program wycieczki <\/span><\/span><\/span><\/p>\n<p><span style=\"color: #000000;\"><span style=\"font-family: Verdana, serif;\"><span style=\"font-size: medium;\">1 dzie\u0144 <\/span><\/span><\/span><\/p>\n<p><span style=\"color: #000000;\"><span style=\"font-family: Verdana, serif;\"><span style=\"font-size: medium;\">Wyjazd z um\u00f3wionego miejsca we wczesnych godzinach porannych.<\/span><\/span><\/span><\/p>\n<p><span style=\"color: #000000;\"><span style=\"font-family: Verdana, serif;\"><span style=\"font-size: medium;\">Przejazd do Kro\u015bcienka. Po przyje\u017adzie wycieczka g\u00f3rska na Sokolic\u0119 (747 m n.p.m.), gdzie mo\u017cna zobaczy\u0107 Dunajec z lotu ptaka. Znajduje si\u0119 tutaj najlepszy punkt widokowy na Pieniny. Na szczycie ro\u015bnie \u201ewidok\u00f3wkowa\u201d reliktowa sosna. <\/span><\/span><\/span><\/p>\n<p><span style=\"color: #000000;\"><span style=\"font-family: Verdana, serif;\"><span style=\"font-size: medium;\">Przej\u015bcie na najwy\u017cszy szczyt Pienin \u015arodkowych &#8211; Trzy Korony. Zej\u015bcie do Sromowiec Ni\u017cnych. <\/span><\/span><\/span><\/p>\n<p><span style=\"color: #000000;\"><span style=\"font-family: Verdana, serif;\"><span style=\"font-size: medium;\">Sp\u0142yw Dunajcem &#8211; obowi\u0105zkowy punkt wycieczki w Pieniny i turystyczny hit na skal\u0119 europejsk\u0105. Sp\u0142yw odbywa si\u0119 na tratwach z flisakami, po 12 os\u00f3b, po drodze mija si\u0119 niezapomniane miejsca, ostre zakola rzeczne oraz wysokie, strome \u015bciany skalne.<\/span><\/span><\/span><\/p>\n<p><span style=\"color: #000000;\"><span style=\"font-family: Verdana, serif;\"><span style=\"font-size: medium;\">Wieczorem przejazd na obiadokolacj\u0119 i nocleg. <\/span><\/span><\/span><\/p>\n<p><span style=\"color: #000000;\"><span style=\"font-family: Verdana, serif;\"><span style=\"font-size: medium;\">2 dzie\u0144 <\/span><\/span><\/span><\/p>\n<p><span style=\"color: #000000;\"><span style=\"font-family: Verdana, serif;\"><span style=\"font-size: medium;\">Po \u015bniadaniu wycieczka do S\u0142owackiego Raju. Jest to jeden z najpi\u0119kniejszych park\u00f3w narodowych w Europie \u015brodkowej, s\u0142yn\u0105cy z wodospad\u00f3w, w\u0105woz\u00f3w, przepa\u015bci i ok. 200 jaski\u0144 (m.in. wpisana na list\u0119 UNESCO: Dobszy\u0144ska Jaskinia Lodowa ). B\u0119dziemy w\u0119drowa\u0107 wzd\u0142u\u017c rzeki Hornad. Przej\u015bcie k\u0142adkami zamocowanymi do ska\u0142 nad rzek\u0105 gwarantuje niezapomniane wra\u017cenia. Przejdziemy wisz\u0105cym mostem oraz licznymi k\u0142adkami. Po drodze zobaczymy kilka wodospad\u00f3w, kt\u00f3rych wysoko\u015b\u0107 waha si\u0119 od 3 do 12m. Trasa w\u0119dr\u00f3wki doprowadzi nas do ruin klasztoru z prze\u0142omu XIII i XIV w. Po odpoczynku wr\u00f3cimy \u0142agodnym szlakiem spacerowym. <\/span><\/span><\/span><\/p>\n<p><span style=\"color: #000000;\"><span style=\"font-family: Verdana, serif;\"><span style=\"font-size: medium;\">Wieczorem powr\u00f3t na obiadokolacj\u0119 i nocleg. <\/span><\/span><\/span><\/p>\n<p><span style=\"color: #000000;\"><span style=\"font-family: Verdana, serif;\"><span style=\"font-size: medium;\">3 dzie\u0144 <\/span><\/span><\/span><\/p>\n<p><span style=\"color: #000000;\"><span style=\"font-family: Verdana, serif;\"><span style=\"font-size: medium;\">Po \u015bniadaniu i wykwaterowaniu wycieczka do Czorsztyna gdzie zobaczymy ruiny zamku wzniesionego w XIV wieku z inicjatywy Kazimierza Wielkiego. Jest to jedna z najciekawszych i zarazem najbardziej tajemniczych atrakcji regionu. Zadaniem warowni by\u0142o strze\u017cenie szlaku handlowego w dolinie Dunajca. <\/span><\/span><\/span><\/p>\n<p><span style=\"color: #000000;\"><span style=\"font-family: Verdana, serif;\"><span style=\"font-size: medium;\">Przeprawa statkiem na drug\u0105 stron\u0119 Jeziora Czorszty\u0144skego do Niedzicy gdzie na skalistym cyplu stoi XIV-wieczny zamek Dunajec &#8211; najwa\u017cniejszy obiekt polskiego Spiszu. Zajmuje on czo\u0142owe miejsca w rankingach najpi\u0119kniejszych zamk\u00f3w w Polsce. <\/span><\/span><\/span><\/p>\n<p><span style=\"color: #000000;\"><span style=\"font-family: Verdana, serif;\"><span style=\"font-size: medium;\">Po zako\u0144czeniu zwiedzania obiad 2-daniowy. <\/span><\/span><\/span><\/p>\n<p><span style=\"color: #000000;\"><span style=\"font-family: Verdana, serif;\"><span style=\"font-size: medium;\">Po po\u0142udniu wyjazd w drog\u0119 powrotn\u0105.<\/span><\/span><\/span><\/p>\n<p><span style=\"color: #000000;\"><span style=\"font-family: Verdana, serif;\"><span style=\"font-size: medium;\">\u015awiadczenia przewidziane w cenie: <\/span><\/span><\/span><\/p>\n<ul>\n<li><span style=\"color: #000000;\"><span style=\"font-family: Verdana, serif;\"><span style=\"font-size: medium;\">transport autokarem klasy turystycznej (opcjonalnie);<\/span><\/span><\/span><\/li>\n<li><span style=\"color: #000000;\"><span style=\"font-family: Verdana, serif;\"><span style=\"font-size: medium;\">2 noclegi w obiekcie wybranej kategorii cenowej (hotelu, schronisku szkolnym itp.);<\/span><\/span><\/span><\/li>\n<li><span style=\"color: #000000;\"><span style=\"font-family: Verdana, serif;\"><span style=\"font-size: medium;\">wy\u017cywienie zgodne z programem \u2013 2 obiadokolacje, 2 \u015bniadania, 1 obiad w ostatnim dniu wycieczki; <\/span><\/span><\/span><\/li>\n<li><span style=\"color: #000000;\"><span style=\"font-family: Verdana, serif;\"><span style=\"font-size: medium;\">opieka pilota;<\/span><\/span><\/span><\/li>\n<li><span style=\"color: #000000;\"><span style=\"font-family: Verdana, serif;\"><span style=\"font-size: medium;\">us\u0142ugi przewodnickie;<\/span><\/span><\/span><\/li>\n<li><span style=\"color: #000000;\"><span style=\"font-family: Verdana, serif;\"><span style=\"font-size: medium;\">bilety wst\u0119pu do zwiedzanych obiekt\u00f3w. <\/span><\/span><\/span><\/li>\n<\/ul>\n<p><span style=\"color: #000000;\"><span style=\"font-family: Verdana, serif;\"><span style=\"font-size: medium;\">Powy\u017cszy program zwiedzania mo\u017cna modyfikowa\u0107 i wprowadzi\u0107 do programu nast\u0119puj\u0105ce miejsca<\/span><\/span><\/span><\/p>\n<p><span style=\"color: #000000;\"><span style=\"font-family: Verdana, serif;\"><span style=\"font-size: medium;\">Czerwony Klasztor &#8211; s\u0142ynny kompleks sakralny le\u017c\u0105cy nad Dunajcem, po s\u0142owackiej stronie Pienin. W cz\u0119\u015bci zabudowa\u0144 Czerwonego Klasztoru mie\u015bci si\u0119 dzi\u015b m.in. dyrekcja s\u0142owackiego Pieni\u0144skiego Parku Narodowego.<\/span><\/span><\/span><\/p>\n<p><span style=\"color: #000000;\"><span style=\"font-family: Verdana, serif;\"><span style=\"font-size: medium;\">W\u0105w\u00f3z Homole &#8211; jeden z najpi\u0119kniejszych w\u0105woz\u00f3w w Pieninach gdzie mo\u017cna podziwia\u0107 pi\u0119kne, prawie pionowe wapienne \u015bciany, dochodz\u0105ce do 120 m wysoko\u015bci. Spacer wzd\u0142u\u017c potoku Kamionka. <\/span><\/span><\/span><\/p>\n<p><span style=\"color: #000000;\"><span style=\"font-family: Verdana, serif;\"><span style=\"font-size: medium;\">Szczawnica, Palenica \u2013 popularne miasteczko zdrojowe kt\u00f3rego uzdrowiskowy charakter podkre\u015bla zabytkowa zabudowa, placyki, parki, promenada spacerowa wzd\u0142u\u017c potoku Grajcarek. Zwiedzanie uzdrowiska i wjazd wyci\u0105giem krzese\u0142kowym na Palenic\u0119 (722 m.n.p.m). Na szczycie Palenicy znajduje si\u0119 schronisko \u201cGro\u0144\u201d, obiekty gastronomiczne oraz letni tor saneczkowy. Przej\u015bcie \u017c\u00f3\u0142tym szlakiem do Le\u015bnicy (S\u0142owacja), odpoczynek w Chacie <\/span><\/span><\/span><\/p>\n<p><span style=\"color: #000000;\"><span style=\"font-family: Verdana, serif;\"><span style=\"font-size: medium;\">Pieni\u0144skiej, powr\u00f3t Drog\u0105 Pieni\u0144sk\u0105 wzd\u0142u\u017c Dunajca.\u2026<\/span><\/span><\/span><\/p>\n<p><span style=\"color: #000000;\"><span style=\"font-family: Verdana, serif;\"><span style=\"font-size: medium;\">W\u0119dr\u00f3wka na Turbacz \u2013 najwy\u017cszy szczyt Gorc\u00f3w, wys. 1310 m.<\/span><\/span><\/span><\/p>\n<p><span style=\"color: #000000;\"><span style=\"font-family: Verdana, serif;\"><span style=\"font-size: medium;\">Relaks w k\u0105pielisku termalnym \u2013 wyjazd do Vrbova, Popradu lub Szaflar. Kompleksy termalne oferuj\u0105 k\u0105pieliska z wod\u0105 termaln\u0105 o w\u0142a\u015bciwo\u015bciach leczniczych, m.in. zapalenia narz\u0105d\u00f3w ruchu, systemu nerwowego, uk\u0142adu sercowo-naczyniowego. <\/span><\/span><\/span><\/p>\n<p><span style=\"color: #000000;\"><span style=\"font-family: Verdana, serif;\"><span style=\"font-size: medium;\">Cena wycieczki zale\u017cna jest od dok\u0142adnej ilo\u015bci uczestnik\u00f3w oraz terminu jej realizacji. <\/span><\/span><\/span><\/p>\n<p><span style=\"color: #000000;\"><span style=\"font-family: Verdana, serif;\"><span style=\"font-size: medium;\">Termin wycieczki \u2013 do ustalenia. <\/span><\/span><\/span><\/p>\n<p><span style=\"color: #000000;\"><span style=\"font-family: Verdana, serif;\"><span style=\"font-size: medium;\">Dok\u0142adny program zwiedzania dopasujemy do miejsca wyjazdu z dowolnego miejsca w Polsce. <\/span><\/span><\/span><\/p>\n","protected":false},"excerpt":{"rendered":"<p>Pieni\u0144skie Krajobrazy Sp\u0142yw Dunajcem, wej\u015bcie na Sokolic\u0119 i Trzy Korony, Zamek w Czorsztynie i Niedzicy, S\u0142owacki Raj Ramowy program wycieczki 1 dzie\u0144 Wyjazd z um\u00f3wionego miejsca we wczesnych godzinach porannych. Przejazd do Kro\u015bcienka. Po przyje\u017adzie wycieczka g\u00f3rska na Sokolic\u0119 (747 &hellip; <a class=\"more-link\" href=\"https:\/\/zamosc.pttk.pl\/wordpress\/?page_id=16434\">Czytaj dalej <span class=\"meta-nav\">&rarr;<\/span><\/a><\/p>\n","protected":false},"author":1,"featured_media":0,"parent":0,"menu_order":0,"comment_status":"closed","ping_status":"closed","template":"","meta":{"footnotes":""},"class_list":["post-16434","page","type-page","status-publish","hentry"],"_links":{"self":[{"href":"https:\/\/zamosc.pttk.pl\/wordpress\/index.php?rest_route=\/wp\/v2\/pages\/16434","targetHints":{"allow":["GET"]}}],"collection":[{"href":"https:\/\/zamosc.pttk.pl\/wordpress\/index.php?rest_route=\/wp\/v2\/pages"}],"about":[{"href":"https:\/\/zamosc.pttk.pl\/wordpress\/index.php?rest_route=\/wp\/v2\/types\/page"}],"author":[{"embeddable":true,"href":"https:\/\/zamosc.pttk.pl\/wordpress\/index.php?rest_route=\/wp\/v2\/users\/1"}],"replies":[{"embeddable":true,"href":"https:\/\/zamosc.pttk.pl\/wordpress\/index.php?rest_route=%2Fwp%2Fv2%2Fcomments&post=16434"}],"version-history":[{"count":1,"href":"https:\/\/zamosc.pttk.pl\/wordpress\/index.php?rest_route=\/wp\/v2\/pages\/16434\/revisions"}],"predecessor-version":[{"id":16436,"href":"https:\/\/zamosc.pttk.pl\/wordpress\/index.php?rest_route=\/wp\/v2\/pages\/16434\/revisions\/16436"}],"wp:attachment":[{"href":"https:\/\/zamosc.pttk.pl\/wordpress\/index.php?rest_route=%2Fwp%2Fv2%2Fmedia&parent=16434"}],"curies":[{"name":"wp","href":"https:\/\/api.w.org\/{rel}","templated":true}]}}