{"id":16199,"date":"2020-04-17T15:21:28","date_gmt":"2020-04-17T13:21:28","guid":{"rendered":"http:\/\/www.zamosc.pttk.pl\/wordpress\/?page_id=16199"},"modified":"2020-04-17T15:21:59","modified_gmt":"2020-04-17T13:21:59","slug":"wycieczka-w-beskidy-i-na-slowacje-3-dni","status":"publish","type":"page","link":"https:\/\/zamosc.pttk.pl\/wordpress\/?page_id=16199","title":{"rendered":"Wycieczka w Beskidy i na S\u0142owacj\u0119 &#8211; 3 dni"},"content":{"rendered":"<p><span style=\"color: #000000; font-size: 14px;\"><span style=\"font-family: Verdana, sans-serif;\">Krynica Zdr\u00f3j, G\u00f3ra Parkowa, Jaworzyna Krynicka, Bardej\u00f3w, Stara Lubowla<\/span><\/span><\/p>\n<hr \/>\n<p><span style=\"color: #000000; font-size: 14px;\"><span style=\"font-family: Verdana, sans-serif;\">Ramowy program wycieczki <\/span><\/span><\/p>\n<p><span style=\"color: #000000; font-size: 14px;\"><span style=\"font-family: Verdana, sans-serif;\">1 dzie\u0144 <\/span><\/span><\/p>\n<p><span style=\"color: #000000; font-size: 14px;\"><span style=\"font-family: Verdana, sans-serif;\">Wyjazd z um\u00f3wionego miejsca we wczesnych godzinach porannych.<\/span><\/span><\/p>\n<p><span style=\"color: #000000; font-size: 14px;\"><span style=\"font-family: Verdana, sans-serif;\">Przejazd do po\u0142o\u017conej w\u015br\u00f3d beskidzkich szczyt\u00f3w Krynicy Zdroju. Od lat lecznicze w\u0142a\u015bciwo\u015bci tutejszych w\u00f3d przyci\u0105gaj\u0105 kuracjuszy a w\u015br\u00f3d nich prezydent\u00f3w i ksi\u0105\u017c\u0119ta. Spacer po miasteczku podczas kt\u00f3rego zobaczymy Park Zdrojowy, zabytkowe wille, Bulwary Dietla. Wjazd kolejk\u0105 linowo-terenow\u0105 na G\u00f3r\u0119 Parkow\u0105 (741 m. n.p.m.) Na jej stokach na pocz\u0105tku XIX wieku za\u0142o\u017cono park zdrojowy. Ze szczytu b\u0119dziemy podziwia\u0107 widoki i panoram\u0119 g\u00f3rsk\u0105. Zej\u015bcie piesze \u015bcie\u017cka spacerow\u0105.<br \/>\n<\/span><\/span><span style=\"color: #000000; font-size: 14px;\"><span style=\"font-family: Verdana, sans-serif;\">Na \u017cyczenie grupy wizyta w Muzeum Nikifora w willi Roman\u00f3wka.<br \/>\n<\/span><\/span><span style=\"color: #000000; font-size: 14px;\"><span style=\"font-family: Verdana, sans-serif;\">Wieczorem przejazd na obiadokolacj\u0119 i nocleg. <\/span><\/span><\/p>\n<p><span style=\"color: #000000; font-size: 14px;\"><span style=\"font-family: Verdana, sans-serif;\">2 dzie\u0144 <\/span><\/span><\/p>\n<p><span style=\"color: #000000; font-size: 14px;\"><span style=\"font-family: Verdana, sans-serif;\">Po \u015bniadaniu wyjazd na S\u0142owacj\u0119. Przejazd do Bardejowa, jednego z najstarszych i najpi\u0119kniejszych miast S\u0142owacji, wpisanego na List\u0119 \u015awiatowego Dziedzictwa UNESCO. Zobaczymy najwa\u017cniejszy zabytek miasta &#8211; ko\u015bci\u00f3\u0142 \u015bw. Idziego, a w nim ewenement na skal\u0119 \u015bwiatow\u0105 &#8211; jedena\u015bcie p\u00f3\u017anogotyckich o\u0142tarzy skrzyd\u0142owych z XV i XVI w. Kolejn\u0105 atrakcj\u0105 s\u0105 najlepiej zachowane na S\u0142owacji mury obronne z dwiema bramami, barbakanem i basztami.<br \/>\n<\/span><\/span><span style=\"color: #000000; font-size: 14px;\"><span style=\"font-family: Verdana, sans-serif;\">Przejazd do Starej Lubowej gdzie zobaczymy Zamek Lubowelski, wybudowany na wysokiej, wapiennej skale, g\u00f3ruj\u0105cy nad dolin\u0105 Popradu. Pot\u0119\u017cna twierdza strzeg\u0142a niegdy\u015b granicy polsko-w\u0119gierskiej i by\u0142a siedzib\u0105 tak znamienitych rod\u00f3w jak Lubomirscy i Poniatowscy. Ostatnimi w\u0142a\u015bcicielami zamku byli Zamoyscy.<br \/>\n<\/span><\/span><span style=\"color: #000000; font-size: 14px;\"><span style=\"font-family: Verdana, sans-serif;\">Wieczorem powr\u00f3t na obiadokolacj\u0119 i nocleg. <\/span><\/span><\/p>\n<p><span style=\"color: #000000; font-size: 14px;\"><span style=\"font-family: Verdana, sans-serif;\">3 dzie\u0144 <\/span><\/span><\/p>\n<p><span style=\"color: #000000; font-size: 14px;\"><span style=\"font-family: Verdana, sans-serif;\">Po \u015bniadaniu i wykwaterowaniu wycieczka na Jaworzyn\u0119 Krynick\u0105 (1114 m. n.p.m.), jeden z najwy\u017cszych szczyt\u00f3w Beskidu S\u0105deckiego. Zjazd kolejk\u0105 gondolow\u0105.<br \/>\n<\/span><\/span><span style=\"color: #000000; font-size: 14px;\"><span style=\"font-family: Verdana, sans-serif;\">Przejazd do Starego S\u0105cza &#8211; zwiedzanie zabytkowego miasteczka: spacer po rynku, Zesp\u00f3\u0142 Klasztorny Si\u00f3str Klarysek z XIII w., Muzeum oraz O\u0142tarz Papieski &#8211; pami\u0105tka wizyty Ojca \u015awi\u0119tego Jana Paw\u0142a II Starym S\u0105czu. <\/span><\/span><\/p>\n<p><span style=\"color: #000000; font-size: 14px;\"><span style=\"font-family: Verdana, sans-serif;\">lub <\/span><\/span><\/p>\n<p><span style=\"color: #000000; font-size: 14px;\"><span style=\"font-family: Verdana, sans-serif;\">Przejazd do Muszyny Zwiedzanie muszy\u0144skich ogrod\u00f3w: Ogrody Biblijne &#8211; adaptacja scen zawartych w Pi\u015bmie \u015awi\u0119tym poprzez rze\u017aby, charakterystyczne elementy krajobrazu oraz kompozycje ro\u015blin wyst\u0119puj\u0105cych w Ziemi \u015awi\u0119tej, Ogrody Sensoryczne z wie\u017c\u0105 widokow\u0105 &#8211; sprzyjaj\u0105ce relaksowi, miejsce zaprojektowane tak, aby oddzia\u0142ywa\u0107 na wszystkie zmys\u0142y, Ogrody Ba\u015bni i Legend &#8211; cze\u015b\u0107 po\u015bwi\u0119cona tajemniczemu \u015bwiatu muszy\u0144skich ba\u015bni i legend. Po <\/span><\/span><\/p>\n<p><span style=\"color: #000000; font-size: 14px;\"><span style=\"font-family: Verdana, sans-serif;\">Po zako\u0144czeniu zwiedzania obiad 2-daniowy. Po obiedzie wyjazd w drog\u0119 powrotn\u0105.<\/span><\/span><\/p>\n<hr \/>\n<p><span style=\"color: #000000; font-size: 14px;\"><span style=\"font-family: Verdana, sans-serif;\">\u015awiadczenia przewidziane w cenie: <\/span><\/span><\/p>\n<ul>\n<li><span style=\"color: #000000; font-size: 14px;\"><span style=\"font-family: Verdana, sans-serif;\">transport autokarem klasy turystycznej (opcjonalnie);<\/span><\/span><\/li>\n<li><span style=\"color: #000000; font-size: 14px;\"><span style=\"font-family: Verdana, sans-serif;\">2 noclegi w obiekcie wybranej kategorii cenowej (hotelu, schronisku szkolnym itp.);<\/span><\/span><\/li>\n<li><span style=\"color: #000000; font-size: 14px;\"><span style=\"font-family: Verdana, sans-serif;\">wy\u017cywienie zgodne z programem \u2013 2 obiadokolacje, 2 \u015bniadania, 1 obiad; <\/span><\/span><\/li>\n<li><span style=\"color: #000000; font-size: 14px;\"><span style=\"font-family: Verdana, sans-serif;\">opieka pilota;<\/span><\/span><\/li>\n<li><span style=\"color: #000000; font-size: 14px;\"><span style=\"font-family: Verdana, sans-serif;\">us\u0142ugi przewodnickie;<\/span><\/span><\/li>\n<li><span style=\"color: #000000; font-size: 14px;\"><span style=\"font-family: Verdana, sans-serif;\">bilety wst\u0119pu do zwiedzanych obiekt\u00f3w.<\/span><\/span><\/li>\n<\/ul>\n<hr \/>\n<p><span style=\"color: #000000; font-size: 14px;\"><span style=\"font-family: Verdana, sans-serif;\">Pobyt mo\u017cna wzbogaci\u0107 o folklorystyczn\u0105 imprez\u0119 integracyjn\u0105 w g\u00f3ralskim klimacie. W programie doskona\u0142a zabawa, muzyka, ta\u0144ce, kawa\u0142y, anegdoty, wsp\u00f3lne \u015bpiewanie w towarzystwie kapeli regionalnej. <\/span><\/span><\/p>\n<p><span style=\"color: #000000; font-size: 14px;\"><span style=\"font-family: Verdana, sans-serif;\">Powy\u017cszy program zwiedzania mo\u017cna modyfikowa\u0107 i wprowadzi\u0107 nast\u0119puj\u0105ce miejsca:<\/span><\/span><\/p>\n<p><span style=\"color: #000000; font-size: 14px;\"> <span style=\"font-family: Verdana, sans-serif;\">Relaks w k\u0105pielisku termalnym z wodami siarkowymi \u2013 Vrbov na S\u0142owacji. <\/span><\/span><\/p>\n<p><span style=\"font-size: 14px;\"><span style=\"color: #000000;\"><span style=\"font-family: Verdana, sans-serif;\">\u015acie\u017cka w Koronach Drzew \u2013 pierwsza w Polsce <\/span><\/span><span style=\"color: #000000;\"><span style=\"font-family: Verdana, sans-serif;\">w<\/span><\/span><span style=\"color: #000000;\"><span style=\"font-family: Verdana, sans-serif;\">ie\u017ca widokowa ze <\/span><\/span><em><span style=\"color: #000000;\"><span style=\"font-family: Verdana, sans-serif;\">\u015bcie\u017ck\u0105 <\/span><\/span><\/em><span style=\"color: #000000;\"><span style=\"font-family: Verdana, sans-serif;\">przyrodniczo-edukacyjn\u0105 w <\/span><\/span><em><span style=\"color: #000000;\"><span style=\"font-family: Verdana, sans-serif;\">koronach drzew <\/span><\/span><\/em><em><span style=\"color: #000000;\"><span style=\"font-family: Verdana, sans-serif;\">mierz\u0105c\u0105 <\/span><\/span><\/em><em><span style=\"color: #000000;\"><span style=\"font-family: Verdana, sans-serif;\"> 1030 metr\u00f3w d\u0142ugo\u015bci.<br \/>\n<\/span><\/span><\/em><span style=\"color: #000000;\"><span style=\"font-family: Verdana, sans-serif;\">C<\/span><\/span><span style=\"color: #000000;\"><span style=\"font-family: Verdana, sans-serif;\">ena wycieczki zale\u017cna jest od dok\u0142adnej ilo\u015bci <\/span><\/span> <span style=\"color: #000000;\"><span style=\"font-family: Verdana, sans-serif;\">uczestnik\u00f3w i oraz terminu jej realizacji.<br \/>\n<\/span><\/span><span style=\"color: #000000;\"><span style=\"font-family: Verdana, sans-serif;\">T<\/span><\/span><span style=\"color: #000000;\"><span style=\"font-family: Verdana, sans-serif;\">ermin wycieczki \u2013 do ustalenia.<br \/>\n<\/span><\/span><\/span><\/p>\n<hr \/>\n<p><span style=\"font-size: 14px;\"><span style=\"color: #000000;\"><span style=\"font-family: Verdana, sans-serif;\">D<\/span><\/span><span style=\"color: #000000;\"><span style=\"font-family: Verdana, sans-serif;\">ok\u0142adny program zwiedzania dopasujemy do miejsca wyjazdu z dowolnego miejsca w Polsce. <\/span><\/span><\/span><\/p>\n","protected":false},"excerpt":{"rendered":"<p>Krynica Zdr\u00f3j, G\u00f3ra Parkowa, Jaworzyna Krynicka, Bardej\u00f3w, Stara Lubowla Ramowy program wycieczki 1 dzie\u0144 Wyjazd z um\u00f3wionego miejsca we wczesnych godzinach porannych. Przejazd do po\u0142o\u017conej w\u015br\u00f3d beskidzkich szczyt\u00f3w Krynicy Zdroju. Od lat lecznicze w\u0142a\u015bciwo\u015bci tutejszych w\u00f3d przyci\u0105gaj\u0105 kuracjuszy a w\u015br\u00f3d &hellip; <a class=\"more-link\" href=\"https:\/\/zamosc.pttk.pl\/wordpress\/?page_id=16199\">Czytaj dalej <span class=\"meta-nav\">&rarr;<\/span><\/a><\/p>\n","protected":false},"author":1,"featured_media":0,"parent":0,"menu_order":0,"comment_status":"closed","ping_status":"closed","template":"","meta":{"footnotes":""},"class_list":["post-16199","page","type-page","status-publish","hentry"],"_links":{"self":[{"href":"https:\/\/zamosc.pttk.pl\/wordpress\/index.php?rest_route=\/wp\/v2\/pages\/16199","targetHints":{"allow":["GET"]}}],"collection":[{"href":"https:\/\/zamosc.pttk.pl\/wordpress\/index.php?rest_route=\/wp\/v2\/pages"}],"about":[{"href":"https:\/\/zamosc.pttk.pl\/wordpress\/index.php?rest_route=\/wp\/v2\/types\/page"}],"author":[{"embeddable":true,"href":"https:\/\/zamosc.pttk.pl\/wordpress\/index.php?rest_route=\/wp\/v2\/users\/1"}],"replies":[{"embeddable":true,"href":"https:\/\/zamosc.pttk.pl\/wordpress\/index.php?rest_route=%2Fwp%2Fv2%2Fcomments&post=16199"}],"version-history":[{"count":1,"href":"https:\/\/zamosc.pttk.pl\/wordpress\/index.php?rest_route=\/wp\/v2\/pages\/16199\/revisions"}],"predecessor-version":[{"id":16201,"href":"https:\/\/zamosc.pttk.pl\/wordpress\/index.php?rest_route=\/wp\/v2\/pages\/16199\/revisions\/16201"}],"wp:attachment":[{"href":"https:\/\/zamosc.pttk.pl\/wordpress\/index.php?rest_route=%2Fwp%2Fv2%2Fmedia&parent=16199"}],"curies":[{"name":"wp","href":"https:\/\/api.w.org\/{rel}","templated":true}]}}

Wycieczka w Beskidy i na Słowację &#8211; 3 dni

<p><span style="color: #000000; font-size: 14px;"><span style="font-family: Verdana, sans-serif;">Krynica Zdrój, Góra Parkowa, Jaworzyna Krynicka, Bardejów, Stara Lubowla</span></span></p>
<hr />
<p><span style="color: #000000; font-size: 14px;"><span style="font-family: Verdana, sans-serif;">Ramowy program wycieczki </span></span></p>
<p><span style="color: #000000; font-size: 14px;"><span style="font-family: Verdana, sans-serif;">1 dzień </span></span></p>
<p><span style="color: #000000; font-size: 14px;"><span style="font-family: Verdana, sans-serif;">Wyjazd z umówionego miejsca we wczesnych godzinach porannych.</span></span></p>
<p><span style="color: #000000; font-size: 14px;"><span style="font-family: Verdana, sans-serif;">Przejazd do położonej wśród beskidzkich szczytów Krynicy Zdroju. Od lat lecznicze właściwości tutejszych wód przyciągają kuracjuszy a wśród nich prezydentów i książęta. Spacer po miasteczku podczas którego zobaczymy Park Zdrojowy, zabytkowe wille, Bulwary Dietla. Wjazd kolejką linowo-terenową na Górę Parkową (741 m. n.p.m.) Na jej stokach na początku XIX wieku założono park zdrojowy. Ze szczytu będziemy podziwiać widoki i panoramę górską. Zejście piesze ścieżka spacerową.<br />
</span></span><span style="color: #000000; font-size: 14px;"><span style="font-family: Verdana, sans-serif;">Na życzenie grupy wizyta w Muzeum Nikifora w willi Romanówka.<br />
</span></span><span style="color: #000000; font-size: 14px;"><span style="font-family: Verdana, sans-serif;">Wieczorem przejazd na obiadokolację i nocleg. </span></span></p>
<p><span style="color: #000000; font-size: 14px;"><span style="font-family: Verdana, sans-serif;">2 dzień </span></span></p>
<p><span style="color: #000000; font-size: 14px;"><span style="font-family: Verdana, sans-serif;">Po śniadaniu wyjazd na Słowację. Przejazd do Bardejowa, jednego z najstarszych i najpiękniejszych miast Słowacji, wpisanego na Listę Światowego Dziedzictwa UNESCO. Zobaczymy najważniejszy zabytek miasta &#8211; kościół św. Idziego, a w nim ewenement na skalę światową &#8211; jedenaście późnogotyckich ołtarzy skrzydłowych z XV i XVI w. Kolejną atrakcją są najlepiej zachowane na Słowacji mury obronne z dwiema bramami, barbakanem i basztami.<br />
</span></span><span style="color: #000000; font-size: 14px;"><span style="font-family: Verdana, sans-serif;">Przejazd do Starej Lubowej gdzie zobaczymy Zamek Lubowelski, wybudowany na wysokiej, wapiennej skale, górujący nad doliną Popradu. Potężna twierdza strzegła niegdyś granicy polsko-węgierskiej i była siedzibą tak znamienitych rodów jak Lubomirscy i Poniatowscy. Ostatnimi właścicielami zamku byli Zamoyscy.<br />
</span></span><span style="color: #000000; font-size: 14px;"><span style="font-family: Verdana, sans-serif;">Wieczorem powrót na obiadokolację i nocleg. </span></span></p>
<p><span style="color: #000000; font-size: 14px;"><span style="font-family: Verdana, sans-serif;">3 dzień </span></span></p>
<p><span style="color: #000000; font-size: 14px;"><span style="font-family: Verdana, sans-serif;">Po śniadaniu i wykwaterowaniu wycieczka na Jaworzynę Krynicką (1114 m. n.p.m.), jeden z najwyższych szczytów Beskidu Sądeckiego. Zjazd kolejką gondolową.<br />
</span></span><span style="color: #000000; font-size: 14px;"><span style="font-family: Verdana, sans-serif;">Przejazd do Starego Sącza &#8211; zwiedzanie zabytkowego miasteczka: spacer po rynku, Zespół Klasztorny Sióstr Klarysek z XIII w., Muzeum oraz Ołtarz Papieski &#8211; pamiątka wizyty Ojca Świętego Jana Pawła II Starym Sączu. </span></span></p>
<p><span style="color: #000000; font-size: 14px;"><span style="font-family: Verdana, sans-serif;">lub </span></span></p>
<p><span style="color: #000000; font-size: 14px;"><span style="font-family: Verdana, sans-serif;">Przejazd do Muszyny Zwiedzanie muszyńskich ogrodów: Ogrody Biblijne &#8211; adaptacja scen zawartych w Piśmie Świętym poprzez rzeźby, charakterystyczne elementy krajobrazu oraz kompozycje roślin występujących w Ziemi Świętej, Ogrody Sensoryczne z wieżą widokową &#8211; sprzyjające relaksowi, miejsce zaprojektowane tak, aby oddziaływać na wszystkie zmysły, Ogrody Baśni i Legend &#8211; cześć poświęcona tajemniczemu światu muszyńskich baśni i legend. Po </span></span></p>
<p><span style="color: #000000; font-size: 14px;"><span style="font-family: Verdana, sans-serif;">Po zakończeniu zwiedzania obiad 2-daniowy. Po obiedzie wyjazd w drogę powrotną.</span></span></p>
<hr />
<p><span style="color: #000000; font-size: 14px;"><span style="font-family: Verdana, sans-serif;">Świadczenia przewidziane w cenie: </span></span></p>
<ul>
<li><span style="color: #000000; font-size: 14px;"><span style="font-family: Verdana, sans-serif;">transport autokarem klasy turystycznej (opcjonalnie);</span></span></li>
<li><span style="color: #000000; font-size: 14px;"><span style="font-family: Verdana, sans-serif;">2 noclegi w obiekcie wybranej kategorii cenowej (hotelu, schronisku szkolnym itp.);</span></span></li>
<li><span style="color: #000000; font-size: 14px;"><span style="font-family: Verdana, sans-serif;">wyżywienie zgodne z programem – 2 obiadokolacje, 2 śniadania, 1 obiad; </span></span></li>
<li><span style="color: #000000; font-size: 14px;"><span style="font-family: Verdana, sans-serif;">opieka pilota;</span></span></li>
<li><span style="color: #000000; font-size: 14px;"><span style="font-family: Verdana, sans-serif;">usługi przewodnickie;</span></span></li>
<li><span style="color: #000000; font-size: 14px;"><span style="font-family: Verdana, sans-serif;">bilety wstępu do zwiedzanych obiektów.</span></span></li>
</ul>
<hr />
<p><span style="color: #000000; font-size: 14px;"><span style="font-family: Verdana, sans-serif;">Pobyt można wzbogacić o folklorystyczną imprezę integracyjną w góralskim klimacie. W programie doskonała zabawa, muzyka, tańce, kawały, anegdoty, wspólne śpiewanie w towarzystwie kapeli regionalnej. </span></span></p>
<p><span style="color: #000000; font-size: 14px;"><span style="font-family: Verdana, sans-serif;">Powyższy program zwiedzania można modyfikować i wprowadzić następujące miejsca:</span></span></p>
<p><span style="color: #000000; font-size: 14px;"> <span style="font-family: Verdana, sans-serif;">Relaks w kąpielisku termalnym z wodami siarkowymi – Vrbov na Słowacji. </span></span></p>
<p><span style="font-size: 14px;"><span style="color: #000000;"><span style="font-family: Verdana, sans-serif;">Ścieżka w Koronach Drzew – pierwsza w Polsce </span></span><span style="color: #000000;"><span style="font-family: Verdana, sans-serif;">w</span></span><span style="color: #000000;"><span style="font-family: Verdana, sans-serif;">ieża widokowa ze </span></span><em><span style="color: #000000;"><span style="font-family: Verdana, sans-serif;">ścieżką </span></span></em><span style="color: #000000;"><span style="font-family: Verdana, sans-serif;">przyrodniczo-edukacyjną w </span></span><em><span style="color: #000000;"><span style="font-family: Verdana, sans-serif;">koronach drzew </span></span></em><em><span style="color: #000000;"><span style="font-family: Verdana, sans-serif;">mierzącą </span></span></em><em><span style="color: #000000;"><span style="font-family: Verdana, sans-serif;"> 1030 metrów długości.<br />
</span></span></em><span style="color: #000000;"><span style="font-family: Verdana, sans-serif;">C</span></span><span style="color: #000000;"><span style="font-family: Verdana, sans-serif;">ena wycieczki zależna jest od dokładnej ilości </span></span> <span style="color: #000000;"><span style="font-family: Verdana, sans-serif;">uczestników i oraz terminu jej realizacji.<br />
</span></span><span style="color: #000000;"><span style="font-family: Verdana, sans-serif;">T</span></span><span style="color: #000000;"><span style="font-family: Verdana, sans-serif;">ermin wycieczki – do ustalenia.<br />
</span></span></span></p>
<hr />
<p><span style="font-size: 14px;"><span style="color: #000000;"><span style="font-family: Verdana, sans-serif;">D</span></span><span style="color: #000000;"><span style="font-family: Verdana, sans-serif;">okładny program zwiedzania dopasujemy do miejsca wyjazdu z dowolnego miejsca w Polsce. </span></span></span></p>

<p>Krynica Zdrój, Góra Parkowa, Jaworzyna Krynicka, Bardejów, Stara Lubowla Ramowy program wycieczki 1 dzień Wyjazd z umówionego miejsca we wczesnych godzinach porannych. Przejazd do położonej wśród beskidzkich szczytów Krynicy Zdroju. Od lat lecznicze właściwości tutejszych wód przyciągają kuracjuszy a wśród &hellip; <a class="more-link" href="https://zamosc.pttk.pl/wordpress/?page_id=16199">Czytaj dalej <span class="meta-nav">&rarr;</span></a></p>
