{"id":16196,"date":"2020-04-17T15:13:13","date_gmt":"2020-04-17T13:13:13","guid":{"rendered":"http:\/\/www.zamosc.pttk.pl\/wordpress\/?page_id=16196"},"modified":"2020-04-17T15:13:13","modified_gmt":"2020-04-17T13:13:13","slug":"wycieczka-w-beskidy-3-dni","status":"publish","type":"page","link":"https:\/\/zamosc.pttk.pl\/wordpress\/?page_id=16196","title":{"rendered":"Wycieczka w Beskidy -3 dni"},"content":{"rendered":"<p><span style=\"color: #000000;\"><span style=\"font-family: Verdana, sans-serif;\"><span style=\"font-size: medium;\">Krynica Zdr\u00f3j, G\u00f3ra Parkowa, Jaworzyna Krynicka, Stary S\u0105cz lub Ogrody Sensoryczne w Muszynie, Szlak Cerkwi \u0141emkowskich <\/span><\/span><\/span><\/p>\n<hr \/>\n<p><span style=\"color: #000000;\"><span style=\"font-family: Verdana, sans-serif;\"><span style=\"font-size: medium;\">Ramowy program wycieczki <\/span><\/span><\/span><\/p>\n<p style=\"text-align: justify;\"><span style=\"color: #000000;\"><span style=\"font-family: Verdana, sans-serif;\"><span style=\"font-size: medium;\">1 dzie\u0144 <\/span><\/span><\/span><\/p>\n<p style=\"text-align: justify;\"><span style=\"color: #000000;\"><span style=\"font-family: Verdana, sans-serif;\"><span style=\"font-size: medium;\">Wyjazd z um\u00f3wionego miejsca we wczesnych godzinach porannych.<\/span><\/span><\/span><\/p>\n<p style=\"text-align: justify;\"><span style=\"color: #000000;\"><span style=\"font-family: Verdana, sans-serif;\"><span style=\"font-size: medium;\">Przejazd do po\u0142o\u017conej w\u015br\u00f3d beskidzkich szczyt\u00f3w Krynicy Zdroju. Od lat lecznicze w\u0142a\u015bciwo\u015bci tutejszych w\u00f3d przyci\u0105gaj\u0105 kuracjuszy a w\u015br\u00f3d nich prezydent\u00f3w i ksi\u0105\u017c\u0119ta. Spacer po miasteczku podczas kt\u00f3rego zobaczymy Park Zdrojowy, zabytkowe wille, Bulwary Dietla. Wjazd kolejk\u0105 linowo-terenow\u0105 na G\u00f3r\u0119 Parkow\u0105 (741 m. n.p.m.) Na jej stokach na pocz\u0105tku XIX wieku za\u0142o\u017cono park zdrojowy. Ze szczytu b\u0119dziemy podziwia\u0107 widoki i panoram\u0119 g\u00f3rsk\u0105. Zej\u015bcie piesze \u015bcie\u017cka spacerow\u0105. <\/span><\/span><\/span><\/p>\n<p style=\"text-align: justify;\"><span style=\"color: #000000;\"><span style=\"font-family: Verdana, sans-serif;\"><span style=\"font-size: medium;\">Na \u017cyczenie grupy wizyta w Muzeum Nikifora w willi Roman\u00f3wka.<\/span><\/span><\/span><\/p>\n<p style=\"text-align: justify;\"><span style=\"color: #000000;\"><span style=\"font-family: Verdana, sans-serif;\"><span style=\"font-size: medium;\">Wieczorem przejazd na obiadokolacj\u0119 i nocleg. <\/span><\/span><\/span><\/p>\n<p style=\"text-align: justify;\"><span style=\"color: #000000;\"><span style=\"font-family: Verdana, sans-serif;\"><span style=\"font-size: medium;\">2 dzie\u0144 <\/span><\/span><\/span><\/p>\n<p style=\"text-align: justify;\"><span style=\"color: #000000;\"><span style=\"font-family: Verdana, sans-serif;\"><span style=\"font-size: medium;\">Po \u015bniadaniu wyjazd wycieczka z Jaworzyn\u0119 Krynick\u0105 (1114 mn.p.m.), jeden z najwy\u017cszych szczyt\u00f3w Beskidu S\u0105deckiego. Zjazd kolejk\u0105 gondolow\u0105.<\/span><\/span><\/span><\/p>\n<p style=\"text-align: justify;\"><span style=\"color: #000000;\"><span style=\"font-family: Verdana, sans-serif;\"><span style=\"font-size: medium;\">Po po\u0142udniu wyjazd na wycieczk\u0119 Szlakiem Cerkwi \u0141emkowskich powsta\u0142ym by upami\u0119tni\u0107 kultur\u0119 mniejszo\u015bci \u0141emkowskiej \u017cyj\u0105cej przez wieki na tym obszarze. Szlak wiedzie m.in. przez Krynic\u0119-Zdr\u00f3j, Tylicz, Muszynk\u0119. Na szlaku zobaczymy charakterystyczne dla tradycji tej grupy etnicznej cerkwie drewniane.<\/span><\/span><\/span><\/p>\n<p style=\"text-align: justify;\"><span style=\"color: #000000;\"><span style=\"font-family: Verdana, sans-serif;\"><span style=\"font-size: medium;\">Wieczorem powr\u00f3t do miejsca zakwaterowania, obiadokolacja, nocleg<\/span><\/span><\/span><\/p>\n<p style=\"text-align: justify;\"><span style=\"color: #000000;\"><span style=\"font-family: Verdana, sans-serif;\"><span style=\"font-size: medium;\">3 dzie\u0144 <\/span><\/span><\/span><\/p>\n<p style=\"text-align: justify;\"><span style=\"color: #000000;\"><span style=\"font-family: Verdana, sans-serif;\"><span style=\"font-size: medium;\">Po \u015bniadaniu i wykwaterowaniu wyjazd do Starego S\u0105cza &#8211; zwiedzanie zabytkowego miasteczka: spacer po rynku, Zesp\u00f3\u0142 Klasztorny Si\u00f3str Klarysek z XIII w., Muzeum oraz O\u0142tarz Papieski &#8211; pami\u0105tka wizyty Ojca \u015awi\u0119tego Jana Paw\u0142a II Starym S\u0105czu. <\/span><\/span><\/span><\/p>\n<p style=\"text-align: justify;\"><span style=\"color: #000000;\"><span style=\"font-family: Verdana, sans-serif;\"><span style=\"font-size: medium;\">lub<\/span><\/span><\/span><\/p>\n<p style=\"text-align: justify;\"><span style=\"color: #000000;\"><span style=\"font-family: Verdana, sans-serif;\"><span style=\"font-size: medium;\">Przejazd do Muszyny Zwiedzanie muszy\u0144skich ogrod\u00f3w: Ogrody Biblijne &#8211; adaptacja scen zawartych w Pi\u015bmie \u015awi\u0119tym poprzez rze\u017aby, charakterystyczne elementy krajobrazu oraz kompozycje ro\u015blin wyst\u0119puj\u0105cych w Ziemi \u015awi\u0119tej, Ogrody Sensoryczne z wie\u017c\u0105 widokow\u0105 &#8211; sprzyjaj\u0105ce relaksowi, miejsce zaprojektowane tak, aby oddzia\u0142ywa\u0107 na wszystkie zmys\u0142y, Ogrody Ba\u015bni i Legend &#8211; cze\u015b\u0107 po\u015bwi\u0119cona tajemniczemu \u015bwiatu muszy\u0144skich ba\u015bni i legend. <\/span><\/span><\/span><\/p>\n<p style=\"text-align: justify;\"><span style=\"color: #000000;\"><span style=\"font-family: Verdana, sans-serif;\"><span style=\"font-size: medium;\">Po zako\u0144czeniu zwiedzania obiad 2-daniowy. Po obiedzie wyjazd w drog\u0119 powrotn\u0105. <\/span><\/span><\/span><\/p>\n<p><span style=\"color: #000000;\"><span style=\"font-family: Verdana, sans-serif;\"><span style=\"font-size: medium;\">\u015awiadczenia przewidziane w cenie: <\/span><\/span><\/span><\/p>\n<ul>\n<li><span style=\"color: #000000;\"><span style=\"font-family: Verdana, sans-serif;\"><span style=\"font-size: medium;\">transport autokarem klasy turystycznej (opcjonalnie);<\/span><\/span><\/span><\/li>\n<li><span style=\"color: #000000;\"><span style=\"font-family: Verdana, sans-serif;\"><span style=\"font-size: medium;\">2 noclegi w obiekcie wybranej kategorii cenowej (hotelu, schronisku szkolnym itp.);<\/span><\/span><\/span><\/li>\n<li><span style=\"color: #000000;\"><span style=\"font-family: Verdana, sans-serif;\"><span style=\"font-size: medium;\">wy\u017cywienie zgodne z programem \u2013 2 obiadokolacje, 2 \u015bniadania, 1 obiad; <\/span><\/span><\/span><\/li>\n<li><span style=\"color: #000000;\"><span style=\"font-family: Verdana, sans-serif;\"><span style=\"font-size: medium;\">opieka pilota;<\/span><\/span><\/span><\/li>\n<li><span style=\"color: #000000;\"><span style=\"font-family: Verdana, sans-serif;\"><span style=\"font-size: medium;\">us\u0142ugi przewodnickie;<\/span><\/span><\/span><\/li>\n<li><span style=\"color: #000000;\"><span style=\"font-family: Verdana, sans-serif;\"><span style=\"font-size: medium;\">bilety wst\u0119pu do zwiedzanych obiekt\u00f3w. <\/span><\/span><\/span><\/li>\n<\/ul>\n<p><span style=\"color: #000000;\"><span style=\"font-family: Verdana, sans-serif;\"><span style=\"font-size: medium;\">Pobyt mo\u017cna wzbogaci\u0107 o folklorystyczn\u0105 imprez\u0119 integracyjn\u0105 w g\u00f3ralskim klimacie. W programie doskona\u0142a zabawa, muzyka, ta\u0144ce, kawa\u0142y, anegdoty, wsp\u00f3lne \u015bpiewanie w towarzystwie kapeli regionalnej. <\/span><\/span><\/span><\/p>\n<p><span style=\"color: #000000;\"><span style=\"font-family: Verdana, sans-serif;\"><span style=\"font-size: medium;\">Powy\u017cszy program zwiedzania mo\u017cna modyfikowa\u0107 i wprowadzi\u0107 nast\u0119puj\u0105ce miejsca:<\/span><\/span><\/span><\/p>\n<p><span style=\"color: #000000;\"><span style=\"font-family: Verdana, sans-serif;\"><span style=\"font-size: medium;\">Relaks w k\u0105pielisku termalnym z wodami siarkowymi \u2013 Vrbov na S\u0142owacji. <\/span><\/span><\/span><\/p>\n<p><span style=\"color: #000000;\"><span style=\"font-family: Arial, sans-serif;\"><span style=\"font-size: small;\"><span style=\"font-family: Verdana, sans-serif;\"><span style=\"font-size: medium;\">\u015acie\u017cka w Koronach Drzew \u2013 pierwsza w Polsce w<\/span><\/span><span style=\"font-family: Verdana, sans-serif;\"><span style=\"font-size: medium;\">ie\u017ca widokowa ze <\/span><\/span><span style=\"font-family: Verdana, sans-serif;\"><span style=\"font-size: medium;\">\u015bcie\u017ck\u0105 <\/span><\/span><span style=\"font-family: Verdana, sans-serif;\"><span style=\"font-size: medium;\">przyrodniczo-edukacyjn\u0105 w <\/span><\/span><span style=\"font-family: Verdana, sans-serif;\"><span style=\"font-size: medium;\">koronach drzew <\/span><\/span><span style=\"font-family: Verdana, sans-serif;\"><span style=\"font-size: medium;\">mierz\u0105c\u0105 <\/span><\/span><span style=\"font-family: Verdana, sans-serif;\"><span style=\"font-size: medium;\"> 1030 metr\u00f3w d\u0142ugo\u015bci.<br \/>\n<\/span><\/span><span style=\"font-family: Verdana, sans-serif;\"><span style=\"font-size: medium;\">C<\/span><\/span><span style=\"font-family: Verdana, sans-serif;\"><span style=\"font-size: medium;\">ena wycieczki zale\u017cna jest od dok\u0142adnej ilo\u015bci <\/span><\/span> <span style=\"font-family: Verdana, sans-serif;\"><span style=\"font-size: medium;\">uczestnik\u00f3w i oraz terminu jej realizacji.<br \/>\n<\/span><\/span><span style=\"font-family: Verdana, sans-serif;\"><span style=\"font-size: medium;\">T<\/span><\/span><span style=\"font-family: Verdana, sans-serif;\"><span style=\"font-size: medium;\">ermin wycieczki \u2013 do ustalenia. <\/span><\/span><\/span><\/span><\/span><\/p>\n<hr \/>\n<p><span style=\"color: #000000;\"><span style=\"font-family: Arial, sans-serif;\"><span style=\"font-size: small;\"><span style=\"font-family: Verdana, sans-serif;\"><span style=\"font-size: medium;\"><br \/>\n<\/span><\/span><span style=\"font-family: Verdana, sans-serif;\"><span style=\"font-size: medium;\">D<\/span><\/span><span style=\"font-family: Verdana, sans-serif;\"><span style=\"font-size: medium;\">ok\u0142adny program zwiedzania dopasujemy do miejsca wyjazdu z dowolnego miejsca w Polsce. <\/span><\/span><\/span><\/span><\/span><\/p>\n","protected":false},"excerpt":{"rendered":"<p>Krynica Zdr\u00f3j, G\u00f3ra Parkowa, Jaworzyna Krynicka, Stary S\u0105cz lub Ogrody Sensoryczne w Muszynie, Szlak Cerkwi \u0141emkowskich Ramowy program wycieczki 1 dzie\u0144 Wyjazd z um\u00f3wionego miejsca we wczesnych godzinach porannych. Przejazd do po\u0142o\u017conej w\u015br\u00f3d beskidzkich szczyt\u00f3w Krynicy Zdroju. Od lat lecznicze &hellip; <a class=\"more-link\" href=\"https:\/\/zamosc.pttk.pl\/wordpress\/?page_id=16196\">Czytaj dalej <span class=\"meta-nav\">&rarr;<\/span><\/a><\/p>\n","protected":false},"author":1,"featured_media":0,"parent":0,"menu_order":0,"comment_status":"closed","ping_status":"closed","template":"","meta":{"footnotes":""},"class_list":["post-16196","page","type-page","status-publish","hentry"],"_links":{"self":[{"href":"https:\/\/zamosc.pttk.pl\/wordpress\/index.php?rest_route=\/wp\/v2\/pages\/16196","targetHints":{"allow":["GET"]}}],"collection":[{"href":"https:\/\/zamosc.pttk.pl\/wordpress\/index.php?rest_route=\/wp\/v2\/pages"}],"about":[{"href":"https:\/\/zamosc.pttk.pl\/wordpress\/index.php?rest_route=\/wp\/v2\/types\/page"}],"author":[{"embeddable":true,"href":"https:\/\/zamosc.pttk.pl\/wordpress\/index.php?rest_route=\/wp\/v2\/users\/1"}],"replies":[{"embeddable":true,"href":"https:\/\/zamosc.pttk.pl\/wordpress\/index.php?rest_route=%2Fwp%2Fv2%2Fcomments&post=16196"}],"version-history":[{"count":1,"href":"https:\/\/zamosc.pttk.pl\/wordpress\/index.php?rest_route=\/wp\/v2\/pages\/16196\/revisions"}],"predecessor-version":[{"id":16198,"href":"https:\/\/zamosc.pttk.pl\/wordpress\/index.php?rest_route=\/wp\/v2\/pages\/16196\/revisions\/16198"}],"wp:attachment":[{"href":"https:\/\/zamosc.pttk.pl\/wordpress\/index.php?rest_route=%2Fwp%2Fv2%2Fmedia&parent=16196"}],"curies":[{"name":"wp","href":"https:\/\/api.w.org\/{rel}","templated":true}]}}