{"id":16163,"date":"2020-04-12T11:12:02","date_gmt":"2020-04-12T09:12:02","guid":{"rendered":"http:\/\/www.zamosc.pttk.pl\/wordpress\/?page_id=16163"},"modified":"2020-04-17T10:41:59","modified_gmt":"2020-04-17T08:41:59","slug":"zakopane-tatry-slowackie-3-dni","status":"publish","type":"page","link":"https:\/\/zamosc.pttk.pl\/wordpress\/?page_id=16163","title":{"rendered":"Zakopane, Tatry S\u0142owackie 3 dni"},"content":{"rendered":"<p><span style=\"color: #000000; font-family: Verdana, Geneva; font-size: 14px;\">Ramowy program wycieczki <\/span><\/p>\n<p><span style=\"color: #000000; font-family: Verdana, Geneva; font-size: 14px;\">1 dzie\u0144 <\/span><\/p>\n<p><span style=\"color: #000000; font-family: Verdana, Geneva; font-size: 14px;\">Wyjazd z um\u00f3wionego miejsca we wczesnych godzinach porannych.<\/span><\/p>\n<p style=\"text-align: justify;\"><span style=\"color: #000000; font-family: Verdana, Geneva; font-size: 14px;\">Przejazd do Zakopanego &#8211; zwiedzanie miasta w trakcie kt\u00f3rego odwiedzamy m.in. najs\u0142ynniejsz\u0105 skoczni\u0119 narciarsk\u0105 w Polsce &#8211; Wielk\u0105 Krokiew, Muzeum Tatrza\u0144skie, Stary Ko\u015bci\u00f3\u0142ek z cmentarzem na P\u0119ksowym Brzyzku gdzie zostali pochowani m.in. ci kt\u00f3rzy tworzyli legend\u0119 Zakopanego, jak Saba\u0142a, czy s\u0142ynny skoczek narciarski Stanis\u0142aw Marusarz, odwiedzimy Sanktuarium Matki Bo\u017cej Fatimskiej na zakopia\u0144skich Krzept\u00f3wkach, konsekrowane przez Jana Paw\u0142a II podczas jego VI pielgrzymki do Polski. Wjazd na Guba\u0142\u00f3wk\u0119 kolejk\u0105 terenow\u0105 \u2013 przej\u015bcie na Butorowy Wierch i zjazd wyci\u0105giem krzese\u0142kowym.<\/span><\/p>\n<p><span style=\"color: #000000; font-family: Verdana, Geneva; font-size: 14px;\">Wieczorem przejazd na obiadokolacj\u0119 i nocleg. <\/span><\/p>\n<p><span style=\"color: #000000; font-family: Verdana, Geneva; font-size: 14px;\">2 dzie\u0144 <\/span><\/p>\n<p><span style=\"font-family: Verdana, Geneva; font-size: 14px;\"><span style=\"color: #000000;\">Po \u015bniadaniu wyjazd na S\u0142owacj\u0119 do Zamku Orawskiego \u2013 zwiedzanie najwi\u0119kszej twierdzy na Orawie. Usytuowana na pionowej 112-metrowej skale nigdy nie zosta\u0142a zdobyta.<br \/>\n<\/span><span style=\"color: #000000;\">Po po\u0142udniu przejazd do najwi\u0119kszego kompleksu termalnego na Podhalu \u2013 Termy Chocho\u0142owskie. Relaks w wodach leczniczych. <\/span><\/span><\/p>\n<p><span style=\"color: #000000; font-family: Verdana, Geneva; font-size: 14px;\">Wieczorem powr\u00f3t do miejsca zakwaterowania na obiadokolacj\u0119 i nocleg. <\/span><\/p>\n<p><span style=\"color: #000000; font-family: Verdana, Geneva; font-size: 14px;\">3 dzie\u0144 <\/span><\/p>\n<p><span style=\"color: #000000; font-family: Verdana, Geneva; font-size: 14px;\">Po \u015bniadaniu i wykwaterowaniu wyj\u015bcie na wycieczk\u0119 do jednej z wybranych dolin tatrza\u0144skich:Dolina Ko\u015bcieliska &#8211; przej\u015bcie do schroniska na Hali Ornak, po drodze zwiedzanie jaskini Mro\u017anej i W\u0105wozu Krak\u00f3w<br \/>\nDolina Str\u0105\u017cyska i wodospad Siklawica<br \/>\nDolina G\u0105sienicowa do Murowa\u0144ca i nad Czarny Staw<br \/>\nDolina Chocho\u0142owska<br \/>\nHala Kondratowa<br \/>\nRusinowa Polana<br \/>\nPo powrocie obiad 2-daniowy i wyjazd w drog\u0119 powrotn\u0105. <\/span><\/p>\n<hr \/>\n<p><span style=\"color: #000000; font-family: Verdana, Geneva; font-size: 14px;\">\u015awiadczenia przewidziane w cenie: <\/span><\/p>\n<ul>\n<li><span style=\"color: #000000; font-family: Verdana, Geneva; font-size: 14px;\">transport autokarem klasy turystycznej (opcjonalnie);<\/span><\/li>\n<li><span style=\"color: #000000; font-family: Verdana, Geneva; font-size: 14px;\">2 noclegi w obiekcie wybranej kategorii cenowej (hotelu, schronisku szkolnym itp.);<\/span><\/li>\n<li><span style=\"color: #000000; font-family: Verdana, Geneva; font-size: 14px;\">wy\u017cywienie zgodne z programem \u2013 2 obiadokolacje, 2 \u015bniadania, 1 obiad ostatniego dnia wycieczki; <\/span><\/li>\n<li><span style=\"color: #000000; font-family: Verdana, Geneva; font-size: 14px;\">opieka pilota;<\/span><\/li>\n<li><span style=\"color: #000000; font-family: Verdana, Geneva; font-size: 14px;\">us\u0142ugi przewodnickie;<\/span><\/li>\n<li><span style=\"color: #000000; font-family: Verdana, Geneva; font-size: 14px;\">bilety wst\u0119pu do zwiedzanych miejsc.<\/span><\/li>\n<\/ul>\n<hr \/>\n<p><span style=\"color: #000000; font-family: Verdana, Geneva; font-size: 14px;\">Powy\u017cszy program zwiedzania mo\u017cna modyfikowa\u0107 i wprowadzi\u0107 nast\u0119puj\u0105ce miejsca: <\/span><\/p>\n<p style=\"text-align: justify;\"><span style=\"color: #000000; font-family: Verdana, Geneva; font-size: 14px;\">Kasprowy Wierch &#8211; najpopularniejsza &#8222;narciarska g\u00f3ra&#8221; Polski, o wysoko\u015bci 1987 m n.p.m. Z Ku\u017anic nowoczesnym wagonikiem udamy si\u0119 na szczyt Kasprowego Wierchu pokonuj\u0105c 936m r\u00f3\u017cnicy poziom\u00f3w. Na szczycie sp\u0119dzimy ok. 1,5 godz. po czym zjedziemy kolejk\u0105 do Ku\u017anic i zobaczymy wystaw\u0119 Tatrza\u0144skiego Parku Narodowego. <\/span><\/p>\n<p style=\"text-align: justify;\"><span style=\"color: #000000; font-family: Verdana, Geneva; font-size: 14px;\">Wyjazd na S\u0142owacj\u0119 &#8211; piesza wycieczka Magistral\u0105 Tatrza\u0144sk\u0105 do jednego z najbardziej malowniczych jezior na S\u0142owacji Popradzkiego Plesa (1500 m n.p.m). Drog\u0105 powrotn\u0105 udajemy si\u0119 wprost do Jeziora Szczyrbskiego (1347 m n.p.m), gdzie pospacerujemy po brzegu drugiego z najpi\u0119kniejszych S\u0142owackich Jezior. <\/span><\/p>\n<p style=\"text-align: justify;\"><span style=\"color: #000000; font-family: Verdana, Geneva; font-size: 14px;\">Wyjazd na S\u0142owacj\u0119 &#8211; Wyjazd kolejk\u0105 gondolow\u0105 na Sklanate Pleso pod \u0141omnicki Staw na wysoko\u015b\u0107 1751 m.n.p.m. sk\u0105d rozpo\u015bciera si\u0119 pi\u0119kny widok na \u0141omnic\u0119 (2634 m.n.p.m. &#8211; drugi co do wysoko\u015bci szczyt Tatr). Zej\u015bcie (ok. 1,5 godz.) Magistral\u0105 Tatrza\u0144sk\u0105 do schroniska &#8222;Zamoyskiego chata&#8221; (1475 m.n.p.m.), odpoczynek. Przej\u015bcie do Wodospad\u00f3w Zimnej Wody &#8211; grupa kilku kaskad tworz\u0105cych pot\u0119\u017cne siklawy. Po zwiedzeniu przej\u015bcie na Hrebieniok &#8211; zwany s\u0142owack\u0105 Guba\u0142\u00f3wk\u0105. Stamt\u0105d kolejk\u0105 terenowo \u2013 linow\u0105 zjedziemy do Starego Smokowca. Przy dobrej pogodzie, ch\u0119ci i dobrej kondycji grupy przed\u0142u\u017cenie spaceru by podziwia\u0107 Gerlach, S\u0142awkowski Szczyt i \u0141omnic\u0119. Ca\u0142a trasa ma charakter spacerowy i polecana turystom w ka\u017cdym wieku, r\u00f3wnie\u017c dzieci.<\/span><\/p>\n<hr \/>\n<p><span style=\"color: #000000; font-family: Verdana, Geneva; font-size: 14px;\">Cena wycieczki zale\u017cna jest od dok\u0142adnej ilo\u015bci uczestnik\u00f3w oraz terminu jej realizacji.<br \/>\nTermin wycieczki \u2013 do ustalenia.<br \/>\nDok\u0142adny program zwiedzania dopasujemy do miejsca wyjazdu z dowolnego miejsca w Polsce. <\/span><\/p>\n","protected":false},"excerpt":{"rendered":"<p>Ramowy program wycieczki 1 dzie\u0144 Wyjazd z um\u00f3wionego miejsca we wczesnych godzinach porannych. Przejazd do Zakopanego &#8211; zwiedzanie miasta w trakcie kt\u00f3rego odwiedzamy m.in. najs\u0142ynniejsz\u0105 skoczni\u0119 narciarsk\u0105 w Polsce &#8211; Wielk\u0105 Krokiew, Muzeum Tatrza\u0144skie, Stary Ko\u015bci\u00f3\u0142ek z cmentarzem na P\u0119ksowym &hellip; <a class=\"more-link\" href=\"https:\/\/zamosc.pttk.pl\/wordpress\/?page_id=16163\">Czytaj dalej <span class=\"meta-nav\">&rarr;<\/span><\/a><\/p>\n","protected":false},"author":1,"featured_media":0,"parent":0,"menu_order":0,"comment_status":"closed","ping_status":"closed","template":"","meta":{"footnotes":""},"class_list":["post-16163","page","type-page","status-publish","hentry"],"_links":{"self":[{"href":"https:\/\/zamosc.pttk.pl\/wordpress\/index.php?rest_route=\/wp\/v2\/pages\/16163","targetHints":{"allow":["GET"]}}],"collection":[{"href":"https:\/\/zamosc.pttk.pl\/wordpress\/index.php?rest_route=\/wp\/v2\/pages"}],"about":[{"href":"https:\/\/zamosc.pttk.pl\/wordpress\/index.php?rest_route=\/wp\/v2\/types\/page"}],"author":[{"embeddable":true,"href":"https:\/\/zamosc.pttk.pl\/wordpress\/index.php?rest_route=\/wp\/v2\/users\/1"}],"replies":[{"embeddable":true,"href":"https:\/\/zamosc.pttk.pl\/wordpress\/index.php?rest_route=%2Fwp%2Fv2%2Fcomments&post=16163"}],"version-history":[{"count":3,"href":"https:\/\/zamosc.pttk.pl\/wordpress\/index.php?rest_route=\/wp\/v2\/pages\/16163\/revisions"}],"predecessor-version":[{"id":16185,"href":"https:\/\/zamosc.pttk.pl\/wordpress\/index.php?rest_route=\/wp\/v2\/pages\/16163\/revisions\/16185"}],"wp:attachment":[{"href":"https:\/\/zamosc.pttk.pl\/wordpress\/index.php?rest_route=%2Fwp%2Fv2%2Fmedia&parent=16163"}],"curies":[{"name":"wp","href":"https:\/\/api.w.org\/{rel}","templated":true}]}}