{"id":16158,"date":"2020-04-12T10:10:12","date_gmt":"2020-04-12T08:10:12","guid":{"rendered":"http:\/\/www.zamosc.pttk.pl\/wordpress\/?page_id=16158"},"modified":"2020-04-12T10:11:51","modified_gmt":"2020-04-12T08:11:51","slug":"16158-2","status":"publish","type":"page","link":"https:\/\/zamosc.pttk.pl\/wordpress\/?page_id=16158","title":{"rendered":"Zakopane 3 dni"},"content":{"rendered":"<p><span style=\"color: #000000;\"><span style=\"font-family: Arial, sans-serif;\"><span style=\"font-size: small;\">Ramowy program wycieczki <\/span><\/span><\/span><\/p>\n<p><span style=\"color: #000000;\"><span style=\"font-family: Arial, sans-serif;\"><span style=\"font-size: small;\">1 dzie\u0144 <\/span><\/span><\/span><\/p>\n<p style=\"text-align: justify;\"><span style=\"color: #000000;\"><span style=\"font-family: Arial, sans-serif;\"><span style=\"font-size: small;\">Wyjazd z um\u00f3wionego miejsca we wczesnych godzinach porannych.<br \/>\n<\/span><\/span><\/span><span style=\"color: #000000;\"><span style=\"font-family: Arial, sans-serif;\"><span style=\"font-size: small;\">Przejazd do Zakopanego &#8211; zwiedzanie miasta w trakcie kt\u00f3rego odwiedzamy m.in. najs\u0142ynniejsz\u0105 skoczni\u0119 narciarsk\u0105 w Polsce &#8211; Wielk\u0105 Krokiew, Muzeum Tatrza\u0144skie, Stary Ko\u015bci\u00f3\u0142ek z cmentarzem na P\u0119ksowym Brzyzku gdzie zostali pochowani m.in. ci kt\u00f3rzy tworzyli legend\u0119 Zakopanego, jak Saba\u0142a, czy s\u0142ynny skoczek narciarski Stanis\u0142aw Marusarz, odwiedzimy Sanktuarium Matki Bo\u017cej Fatimskiej na zakopia\u0144skich Krzept\u00f3wkach, konsekrowane przez Jana Paw\u0142a II podczas jego VI pielgrzymki do Polski. Wjazd na Guba\u0142\u00f3wk\u0119 kolejk\u0105 terenow\u0105 \u2013 przej\u015bcie na Butorowy Wierch i zjazd wyci\u0105giem krzese\u0142kowym.<br \/>\n<\/span><\/span><\/span><span style=\"color: #000000;\"><span style=\"font-family: Arial, sans-serif;\"><span style=\"font-size: small;\">Wieczorem przejazd na obiadokolacj\u0119 i nocleg. <\/span><\/span><\/span><\/p>\n<p><span style=\"color: #000000;\"><span style=\"font-family: Arial, sans-serif;\"><span style=\"font-size: small;\">2 dzie\u0144 <\/span><\/span><\/span><\/p>\n<p style=\"text-align: justify;\"><span style=\"color: #000000;\"><span style=\"font-family: Arial, sans-serif;\"><span style=\"font-size: small;\">Po \u015bniadaniu wycieczka piesza do Doliny Ko\u015bcieliskiej, przej\u015bcie do schroniska na Hali Ornak, po drodze zwiedzanie jaskini Mro\u017anej i W\u0105wozu Krak\u00f3w.<br \/>\n<\/span><\/span><\/span><span style=\"color: #000000;\"><span style=\"font-family: Arial, sans-serif;\"><span style=\"font-size: small;\">Po po\u0142udniu ognisko w Dolinie Chocho\u0142owskiej z pocz\u0119stunkiem (np. kie\u0142baski, bigos zb\u00f3jnicki \u2013 menu do ustalenia) i kapel\u0105 g\u00f3ralsk\u0105.<br \/>\n<\/span><\/span><\/span><span style=\"color: #000000;\"><span style=\"font-family: Arial, sans-serif;\"><span style=\"font-size: small;\">Do wybory grupy pozostaj\u0105 r\u00f3wnie\u017c nast\u0119puj\u0105ce trasy w tatrza\u0144skich dolinach: Dolina Str\u0105\u017cyska i wodospad Siklawica, Dolina G\u0105sienicowa do Murowa\u0144ca i nad Czarny Staw, Dolina Bia\u0142ego.<br \/>\n<\/span><\/span><\/span><span style=\"color: #000000;\"><span style=\"font-family: Arial, sans-serif;\"><span style=\"font-size: small;\">Wieczorem powr\u00f3t do miejsca zakwaterowania na nocleg. <\/span><\/span><\/span><\/p>\n<p><span style=\"color: #000000;\"><span style=\"font-family: Arial, sans-serif;\"><span style=\"font-size: small;\">3 dzie\u0144 <\/span><\/span><\/span><\/p>\n<p><span style=\"color: #000000;\"><span style=\"font-family: Arial, sans-serif;\"><span style=\"font-size: small;\">Po \u015bniadaniu i wykwaterowaniu wyj\u015bcie na wycieczk\u0119 do jednego z najpi\u0119kniejszych zak\u0105tk\u00f3w w Tatrach Polskich i Wysokich &#8211; Morskiego Oka.<br \/>\nPo powrocie obiad 2-daniowy i wyjazd w drog\u0119 powrotn\u0105.<\/span><\/span><\/span><\/p>\n<hr \/>\n<p><span style=\"color: #000000;\"><span style=\"font-family: Arial, sans-serif;\"><span style=\"font-size: small;\">\u015awiadczenia przewidziane w cenie: <\/span><\/span><\/span><\/p>\n<ul>\n<li><span style=\"color: #000000;\"><span style=\"font-family: Arial, sans-serif;\"><span style=\"font-size: small;\">transport autokarem klasy turystycznej (opcjonalnie);<\/span><\/span><\/span><\/li>\n<li><span style=\"color: #000000;\"><span style=\"font-family: Arial, sans-serif;\"><span style=\"font-size: small;\">2 noclegi w obiekcie wybranej kategorii cenowej (hotelu, schronisku szkolnym itp.);<\/span><\/span><\/span><\/li>\n<li><span style=\"color: #000000;\"><span style=\"font-family: Arial, sans-serif;\"><span style=\"font-size: small;\">wy\u017cywienie zgodne z programem \u2013 2 obiadokolacje (1 w formie pocz\u0119stunku przy ognisku) 2 \u015bniadania, 1 obiad ostatniego dnia wycieczki; <\/span><\/span><\/span><\/li>\n<li><span style=\"color: #000000;\"><span style=\"font-family: Arial, sans-serif;\"><span style=\"font-size: small;\">opieka pilota;<\/span><\/span><\/span><\/li>\n<li><span style=\"color: #000000;\"><span style=\"font-family: Arial, sans-serif;\"><span style=\"font-size: small;\">us\u0142ugi przewodnickie;<\/span><\/span><\/span><\/li>\n<li><span style=\"color: #000000;\"><span style=\"font-family: Arial, sans-serif;\"><span style=\"font-size: small;\">bilety wst\u0119pu do zwiedzanych miejsc.<\/span><\/span><\/span><\/li>\n<\/ul>\n<hr \/>\n<p><span style=\"color: #000000;\"><span style=\"font-family: Arial, sans-serif;\"><span style=\"font-size: small;\">Powy\u017cszy program zwiedzania mo\u017cna modyfikowa\u0107 i wprowadzi\u0107 nast\u0119puj\u0105ce miejsca: <\/span><\/span><\/span><\/p>\n<p style=\"text-align: justify;\"><span style=\"color: #000000;\"><span style=\"font-family: Arial, sans-serif;\"><span style=\"font-size: small;\">Kasprowy Wierch &#8211; najpopularniejsza &#8222;narciarska g\u00f3ra&#8221; Polski, o wysoko\u015bci 1987 m n.p.m. Z Ku\u017anic nowoczesnym wagonikiem udamy si\u0119 na szczyt Kasprowego Wierchu pokonuj\u0105c 936m r\u00f3\u017cnicy poziom\u00f3w. Na szczycie sp\u0119dzimy ok. 1,5 godz. po czym zjedziemy kolejk\u0105 do Ku\u017anic i zobaczymy wystaw\u0119 Tatrza\u0144skiego Parku Narodowego. <\/span><\/span><\/span><\/p>\n<p style=\"text-align: justify;\"><span style=\"color: #000000;\"><span style=\"font-family: Arial, sans-serif;\"><span style=\"font-size: small;\">Relaks w kompleksie basen\u00f3w termalnych \u2013 wyjazd do wybranego k\u0105pieliska; Chocho\u0142owskie Termy<\/span><\/span><\/span> <span style=\"color: #000000;\"><span style=\"font-family: Arial, sans-serif;\"><span style=\"font-size: small;\">(<\/span><\/span><\/span><span style=\"color: #000000;\"><span style=\"font-family: Arial, sans-serif;\"><span style=\"font-size: small;\">najwi\u0119kszy kompleksem termalny na Podhalu<\/span><\/span><\/span><span style=\"color: #000000;\"><span style=\"font-family: Arial, sans-serif;\"><span style=\"font-size: small;\">), <\/span><\/span><\/span> <span style=\"color: #000000;\"><span style=\"font-family: Arial, sans-serif;\"><span style=\"font-size: small;\">&#8222;Gor\u0105cy potok<\/span><\/span><\/span><strong><span style=\"color: #000000;\"><span style=\"font-family: Arial, sans-serif;\"><span style=\"font-size: small;\">&#8221; <\/span><\/span><\/span><\/strong><span style=\"color: #000000;\"><span style=\"font-family: Arial, sans-serif;\"><span style=\"font-size: small;\">w Szaflarach, <\/span><\/span><\/span><span style=\"color: #000000;\"><span style=\"font-family: Arial, sans-serif;\"><span style=\"font-size: small;\">k\u0105pielisko w Ba\u0144skiej Ni\u017cnej, Termy Bukovina w Bukowinie Tatrza\u0144skiej, Termy Bania w Bia\u0142ce Tatrza\u0144skiej, <\/span><\/span><\/span><span style=\"color: #000000;\"><span style=\"font-family: Arial, sans-serif;\"><span style=\"font-size: small;\">Parku Wodn<\/span><\/span><\/span><span style=\"color: #000000;\"><span style=\"font-family: Arial, sans-serif;\"><span style=\"font-size: small;\">ego <\/span><\/span><\/span><span style=\"color: #000000;\"><span style=\"font-family: Arial, sans-serif;\"><span style=\"font-size: small;\">Tatralandia<\/span><\/span><\/span><\/p>\n<p style=\"text-align: justify;\"><span style=\"color: #000000;\"><span style=\"font-family: Arial, sans-serif;\"><span style=\"font-size: small;\">Wyjazd na S\u0142owacj\u0119 &#8211; piesza wycieczka Magistral\u0105 Tatrza\u0144sk\u0105 do jednego z najbardziej malowniczych jezior na S\u0142owacji Popradzkiego Plesa (1500 m n.p.m). Drog\u0105 powrotn\u0105 udajemy si\u0119 wprost do Jeziora Szczyrbskiego (1347 m n.p.m), gdzie pospacerujemy po brzegu drugiego z najpi\u0119kniejszych S\u0142owackich Jezior. <\/span><\/span><\/span><\/p>\n<p style=\"text-align: justify;\"><span style=\"color: #000000;\"><span style=\"font-family: Arial, sans-serif;\"><span style=\"font-size: small;\">Wyjazd na S\u0142owacj\u0119 &#8211; Wyjazd kolejk\u0105 gondolow\u0105 na Sklanate Pleso pod \u0141omnicki Staw na wysoko\u015b\u0107 1751 m.n.p.m. sk\u0105d rozpo\u015bciera si\u0119 pi\u0119kny widok na \u0141omnic\u0119 (2634 m.n.p.m. &#8211; drugi co do wysoko\u015bci szczyt Tatr). Zej\u015bcie (ok. 1,5 godz.) Magistral\u0105 Tatrza\u0144sk\u0105 do schroniska &#8222;Zamoyskiego chata&#8221; (1475 m.n.p.m.), odpoczynek. Przej\u015bcie do Wodospad\u00f3w Zimnej Wody &#8211; grupa kilku kaskad tworz\u0105cych pot\u0119\u017cne siklawy. Po zwiedzeniu przej\u015bcie na Hrebieniok &#8211; zwany s\u0142owack\u0105 Guba\u0142\u00f3wk\u0105. Stamt\u0105d kolejk\u0105 terenowo \u2013 linow\u0105 zjedziemy do Starego Smokowca. Przy dobrej pogodzie, ch\u0119ci i dobrej kondycji grupy przed\u0142u\u017cenie spaceru by podziwia\u0107 Gerlach, S\u0142awkowski Szczyt i \u0141omnic\u0119. Ca\u0142a trasa ma charakter spacerowy i polecana turystom w ka\u017cdym wieku, r\u00f3wnie\u017c dzieciom. <\/span><\/span><\/span><\/p>\n<hr \/>\n<p><span style=\"color: #000000;\"><span style=\"font-family: Arial, sans-serif;\"><span style=\"font-size: small;\">Cena wycieczki zale\u017cna jest od dok\u0142adnej ilo\u015bci uczestnik\u00f3w i oraz terminu jej realizacji.<br \/>\n<\/span><\/span><\/span><span style=\"color: #000000;\"><span style=\"font-family: Arial, sans-serif;\"><span style=\"font-size: small;\">Termin wycieczki \u2013 do ustalenia.<br \/>\n<\/span><\/span><\/span><span style=\"color: #000000;\"><span style=\"font-family: Arial, sans-serif;\"><span style=\"font-size: small;\">Dok\u0142adny program zwiedzania dopasujemy do miejsca wyjazdu z dowolnego miejsca w Polsce. <\/span><\/span><\/span><\/p>\n","protected":false},"excerpt":{"rendered":"<p>Ramowy program wycieczki 1 dzie\u0144 Wyjazd z um\u00f3wionego miejsca we wczesnych godzinach porannych. Przejazd do Zakopanego &#8211; zwiedzanie miasta w trakcie kt\u00f3rego odwiedzamy m.in. najs\u0142ynniejsz\u0105 skoczni\u0119 narciarsk\u0105 w Polsce &#8211; Wielk\u0105 Krokiew, Muzeum Tatrza\u0144skie, Stary Ko\u015bci\u00f3\u0142ek z cmentarzem na P\u0119ksowym &hellip; <a class=\"more-link\" href=\"https:\/\/zamosc.pttk.pl\/wordpress\/?page_id=16158\">Czytaj dalej <span class=\"meta-nav\">&rarr;<\/span><\/a><\/p>\n","protected":false},"author":1,"featured_media":0,"parent":0,"menu_order":0,"comment_status":"closed","ping_status":"closed","template":"","meta":{"footnotes":""},"class_list":["post-16158","page","type-page","status-publish","hentry"],"_links":{"self":[{"href":"https:\/\/zamosc.pttk.pl\/wordpress\/index.php?rest_route=\/wp\/v2\/pages\/16158","targetHints":{"allow":["GET"]}}],"collection":[{"href":"https:\/\/zamosc.pttk.pl\/wordpress\/index.php?rest_route=\/wp\/v2\/pages"}],"about":[{"href":"https:\/\/zamosc.pttk.pl\/wordpress\/index.php?rest_route=\/wp\/v2\/types\/page"}],"author":[{"embeddable":true,"href":"https:\/\/zamosc.pttk.pl\/wordpress\/index.php?rest_route=\/wp\/v2\/users\/1"}],"replies":[{"embeddable":true,"href":"https:\/\/zamosc.pttk.pl\/wordpress\/index.php?rest_route=%2Fwp%2Fv2%2Fcomments&post=16158"}],"version-history":[{"count":3,"href":"https:\/\/zamosc.pttk.pl\/wordpress\/index.php?rest_route=\/wp\/v2\/pages\/16158\/revisions"}],"predecessor-version":[{"id":16162,"href":"https:\/\/zamosc.pttk.pl\/wordpress\/index.php?rest_route=\/wp\/v2\/pages\/16158\/revisions\/16162"}],"wp:attachment":[{"href":"https:\/\/zamosc.pttk.pl\/wordpress\/index.php?rest_route=%2Fwp%2Fv2%2Fmedia&parent=16158"}],"curies":[{"name":"wp","href":"https:\/\/api.w.org\/{rel}","templated":true}]}}

<p><span style="color: #000000;"><span style="font-family: Arial, sans-serif;"><span style="font-size: small;">Ramowy program wycieczki </span></span></span></p>
<p><span style="color: #000000;"><span style="font-family: Arial, sans-serif;"><span style="font-size: small;">1 dzień </span></span></span></p>
<p style="text-align: justify;"><span style="color: #000000;"><span style="font-family: Arial, sans-serif;"><span style="font-size: small;">Wyjazd z umówionego miejsca we wczesnych godzinach porannych.<br />
</span></span></span><span style="color: #000000;"><span style="font-family: Arial, sans-serif;"><span style="font-size: small;">Przejazd do Zakopanego &#8211; zwiedzanie miasta w trakcie którego odwiedzamy m.in. najsłynniejszą skocznię narciarską w Polsce &#8211; Wielką Krokiew, Muzeum Tatrzańskie, Stary Kościółek z cmentarzem na Pęksowym Brzyzku gdzie zostali pochowani m.in. ci którzy tworzyli legendę Zakopanego, jak Sabała, czy słynny skoczek narciarski Stanisław Marusarz, odwiedzimy Sanktuarium Matki Bożej Fatimskiej na zakopiańskich Krzeptówkach, konsekrowane przez Jana Pawła II podczas jego VI pielgrzymki do Polski. Wjazd na Gubałówkę kolejką terenową – przejście na Butorowy Wierch i zjazd wyciągiem krzesełkowym.<br />
</span></span></span><span style="color: #000000;"><span style="font-family: Arial, sans-serif;"><span style="font-size: small;">Wieczorem przejazd na obiadokolację i nocleg. </span></span></span></p>
<p><span style="color: #000000;"><span style="font-family: Arial, sans-serif;"><span style="font-size: small;">2 dzień </span></span></span></p>
<p style="text-align: justify;"><span style="color: #000000;"><span style="font-family: Arial, sans-serif;"><span style="font-size: small;">Po śniadaniu wycieczka piesza do Doliny Kościeliskiej, przejście do schroniska na Hali Ornak, po drodze zwiedzanie jaskini Mroźnej i Wąwozu Kraków.<br />
</span></span></span><span style="color: #000000;"><span style="font-family: Arial, sans-serif;"><span style="font-size: small;">Po południu ognisko w Dolinie Chochołowskiej z poczęstunkiem (np. kiełbaski, bigos zbójnicki – menu do ustalenia) i kapelą góralską.<br />
</span></span></span><span style="color: #000000;"><span style="font-family: Arial, sans-serif;"><span style="font-size: small;">Do wybory grupy pozostają również następujące trasy w tatrzańskich dolinach: Dolina Strążyska i wodospad Siklawica, Dolina Gąsienicowa do Murowańca i nad Czarny Staw, Dolina Białego.<br />
</span></span></span><span style="color: #000000;"><span style="font-family: Arial, sans-serif;"><span style="font-size: small;">Wieczorem powrót do miejsca zakwaterowania na nocleg. </span></span></span></p>
<p><span style="color: #000000;"><span style="font-family: Arial, sans-serif;"><span style="font-size: small;">3 dzień </span></span></span></p>
<p><span style="color: #000000;"><span style="font-family: Arial, sans-serif;"><span style="font-size: small;">Po śniadaniu i wykwaterowaniu wyjście na wycieczkę do jednego z najpiękniejszych zakątków w Tatrach Polskich i Wysokich &#8211; Morskiego Oka.<br />
Po powrocie obiad 2-daniowy i wyjazd w drogę powrotną.</span></span></span></p>
<hr />
<p><span style="color: #000000;"><span style="font-family: Arial, sans-serif;"><span style="font-size: small;">Świadczenia przewidziane w cenie: </span></span></span></p>
<ul>
<li><span style="color: #000000;"><span style="font-family: Arial, sans-serif;"><span style="font-size: small;">transport autokarem klasy turystycznej (opcjonalnie);</span></span></span></li>
<li><span style="color: #000000;"><span style="font-family: Arial, sans-serif;"><span style="font-size: small;">2 noclegi w obiekcie wybranej kategorii cenowej (hotelu, schronisku szkolnym itp.);</span></span></span></li>
<li><span style="color: #000000;"><span style="font-family: Arial, sans-serif;"><span style="font-size: small;">wyżywienie zgodne z programem – 2 obiadokolacje (1 w formie poczęstunku przy ognisku) 2 śniadania, 1 obiad ostatniego dnia wycieczki; </span></span></span></li>
<li><span style="color: #000000;"><span style="font-family: Arial, sans-serif;"><span style="font-size: small;">opieka pilota;</span></span></span></li>
<li><span style="color: #000000;"><span style="font-family: Arial, sans-serif;"><span style="font-size: small;">usługi przewodnickie;</span></span></span></li>
<li><span style="color: #000000;"><span style="font-family: Arial, sans-serif;"><span style="font-size: small;">bilety wstępu do zwiedzanych miejsc.</span></span></span></li>
</ul>
<hr />
<p><span style="color: #000000;"><span style="font-family: Arial, sans-serif;"><span style="font-size: small;">Powyższy program zwiedzania można modyfikować i wprowadzić następujące miejsca: </span></span></span></p>
<p style="text-align: justify;"><span style="color: #000000;"><span style="font-family: Arial, sans-serif;"><span style="font-size: small;">Kasprowy Wierch &#8211; najpopularniejsza &#8222;narciarska góra&#8221; Polski, o wysokości 1987 m n.p.m. Z Kuźnic nowoczesnym wagonikiem udamy się na szczyt Kasprowego Wierchu pokonując 936m różnicy poziomów. Na szczycie spędzimy ok. 1,5 godz. po czym zjedziemy kolejką do Kuźnic i zobaczymy wystawę Tatrzańskiego Parku Narodowego. </span></span></span></p>
<p style="text-align: justify;"><span style="color: #000000;"><span style="font-family: Arial, sans-serif;"><span style="font-size: small;">Relaks w kompleksie basenów termalnych – wyjazd do wybranego kąpieliska; Chochołowskie Termy</span></span></span> <span style="color: #000000;"><span style="font-family: Arial, sans-serif;"><span style="font-size: small;">(</span></span></span><span style="color: #000000;"><span style="font-family: Arial, sans-serif;"><span style="font-size: small;">największy kompleksem termalny na Podhalu</span></span></span><span style="color: #000000;"><span style="font-family: Arial, sans-serif;"><span style="font-size: small;">), </span></span></span> <span style="color: #000000;"><span style="font-family: Arial, sans-serif;"><span style="font-size: small;">&#8222;Gorący potok</span></span></span><strong><span style="color: #000000;"><span style="font-family: Arial, sans-serif;"><span style="font-size: small;">&#8221; </span></span></span></strong><span style="color: #000000;"><span style="font-family: Arial, sans-serif;"><span style="font-size: small;">w Szaflarach, </span></span></span><span style="color: #000000;"><span style="font-family: Arial, sans-serif;"><span style="font-size: small;">kąpielisko w Bańskiej Niżnej, Termy Bukovina w Bukowinie Tatrzańskiej, Termy Bania w Białce Tatrzańskiej, </span></span></span><span style="color: #000000;"><span style="font-family: Arial, sans-serif;"><span style="font-size: small;">Parku Wodn</span></span></span><span style="color: #000000;"><span style="font-family: Arial, sans-serif;"><span style="font-size: small;">ego </span></span></span><span style="color: #000000;"><span style="font-family: Arial, sans-serif;"><span style="font-size: small;">Tatralandia</span></span></span></p>
<p style="text-align: justify;"><span style="color: #000000;"><span style="font-family: Arial, sans-serif;"><span style="font-size: small;">Wyjazd na Słowację &#8211; piesza wycieczka Magistralą Tatrzańską do jednego z najbardziej malowniczych jezior na Słowacji Popradzkiego Plesa (1500 m n.p.m). Drogą powrotną udajemy się wprost do Jeziora Szczyrbskiego (1347 m n.p.m), gdzie pospacerujemy po brzegu drugiego z najpiękniejszych Słowackich Jezior. </span></span></span></p>
<p style="text-align: justify;"><span style="color: #000000;"><span style="font-family: Arial, sans-serif;"><span style="font-size: small;">Wyjazd na Słowację &#8211; Wyjazd kolejką gondolową na Sklanate Pleso pod Łomnicki Staw na wysokość 1751 m.n.p.m. skąd rozpościera się piękny widok na Łomnicę (2634 m.n.p.m. &#8211; drugi co do wysokości szczyt Tatr). Zejście (ok. 1,5 godz.) Magistralą Tatrzańską do schroniska &#8222;Zamoyskiego chata&#8221; (1475 m.n.p.m.), odpoczynek. Przejście do Wodospadów Zimnej Wody &#8211; grupa kilku kaskad tworzących potężne siklawy. Po zwiedzeniu przejście na Hrebieniok &#8211; zwany słowacką Gubałówką. Stamtąd kolejką terenowo – linową zjedziemy do Starego Smokowca. Przy dobrej pogodzie, chęci i dobrej kondycji grupy przedłużenie spaceru by podziwiać Gerlach, Sławkowski Szczyt i Łomnicę. Cała trasa ma charakter spacerowy i polecana turystom w każdym wieku, również dzieciom. </span></span></span></p>
<hr />
<p><span style="color: #000000;"><span style="font-family: Arial, sans-serif;"><span style="font-size: small;">Cena wycieczki zależna jest od dokładnej ilości uczestników i oraz terminu jej realizacji.<br />
</span></span></span><span style="color: #000000;"><span style="font-family: Arial, sans-serif;"><span style="font-size: small;">Termin wycieczki – do ustalenia.<br />
</span></span></span><span style="color: #000000;"><span style="font-family: Arial, sans-serif;"><span style="font-size: small;">Dokładny program zwiedzania dopasujemy do miejsca wyjazdu z dowolnego miejsca w Polsce. </span></span></span></p>

<p>Ramowy program wycieczki 1 dzień Wyjazd z umówionego miejsca we wczesnych godzinach porannych. Przejazd do Zakopanego &#8211; zwiedzanie miasta w trakcie którego odwiedzamy m.in. najsłynniejszą skocznię narciarską w Polsce &#8211; Wielką Krokiew, Muzeum Tatrzańskie, Stary Kościółek z cmentarzem na Pęksowym &hellip; <a class="more-link" href="https://zamosc.pttk.pl/wordpress/?page_id=16158">Czytaj dalej <span class="meta-nav">&rarr;</span></a></p>
