{"id":16151,"date":"2020-04-12T09:48:30","date_gmt":"2020-04-12T07:48:30","guid":{"rendered":"http:\/\/www.zamosc.pttk.pl\/wordpress\/?page_id=16151"},"modified":"2020-04-12T09:48:30","modified_gmt":"2020-04-12T07:48:30","slug":"puszcza-bialowieska-2-dni","status":"publish","type":"page","link":"https:\/\/zamosc.pttk.pl\/wordpress\/?page_id=16151","title":{"rendered":"Puszcza Bia\u0142owieska 2 dni"},"content":{"rendered":"<p><span style=\"color: #000000;\"><span style=\"font-family: Arial, sans-serif;\"><span style=\"font-size: small;\">Ramowy program wycieczki <\/span><\/span><\/span><\/p>\n<p><span style=\"color: #000000;\"><span style=\"font-family: Arial, sans-serif;\"><span style=\"font-size: small;\">1 dzie\u0144 <\/span><\/span><\/span><\/p>\n<p><span style=\"color: #000000;\"><span style=\"font-family: Arial, sans-serif;\"><span style=\"font-size: small;\">Wyjazd z um\u00f3wionego miejsca w godzinach porannych.<\/span><\/span><\/span><\/p>\n<p><span style=\"color: #000000;\"><span style=\"font-family: Arial, sans-serif;\"><span style=\"font-size: small;\">Przejazd do Grabarki nazywanej sercem lub Cz\u0119stochow\u0105 prawos\u0142awia. Przej\u015bcie na wzg\u00f3rze otaczane szczeg\u00f3ln\u0105 czci\u0105 od XII w. Od wiek\u00f3w p\u0105tnicy przynosz\u0105 tutaj drewniane krzy\u017ce.<br \/>\n<\/span><\/span><\/span><span style=\"color: #000000;\"><span style=\"font-family: Arial, sans-serif;\"><span style=\"font-size: small;\">Wieczorem przejazd do miejsca zakwaterowania, obiadokolacja, nocleg.<br \/>\n<\/span><\/span><\/span><span style=\"color: #000000;\"><span style=\"font-family: Arial, sans-serif;\"><span style=\"font-size: small;\">Mo\u017cliwo\u015b\u0107 zorganizowania wieczoru integracyjnego\/ ogniska\/ dyskoteki. <\/span><\/span><\/span><\/p>\n<p><span style=\"color: #000000;\"><span style=\"font-family: Arial, sans-serif;\"><span style=\"font-size: small;\">2 dzie\u0144 <\/span><\/span><\/span><\/p>\n<p><span style=\"color: #000000;\"><span style=\"font-family: Arial, sans-serif;\"><span style=\"font-size: small;\">Po \u015bniadaniu wyjazd na wycieczk\u0119 do Bia\u0142owieskiego Parku Narodowego.<br \/>\n<\/span><\/span><\/span><span style=\"color: #000000;\"><span style=\"font-family: Arial, sans-serif;\"><span style=\"font-size: small;\">Wyboru miejsc odwiedzanych tego dnia dokonujemy wsp\u00f3lnie z organizatorem bior\u0105c pod uwag\u0119 wiek uczestnik\u00f3w i specyfik\u0119 grup\u0119. W\u015br\u00f3d atrakcji znajduj\u0105 si\u0119:<br \/>\n<\/span><\/span><\/span><span style=\"color: #000000;\"><span style=\"font-family: Arial, sans-serif;\"><span style=\"font-size: small;\">Wizyta w rezerwacie Pokazowym Zwierz\u0105t gdzie, w warunkach zbli\u017conych do naturalnych, eksponowane s\u0105 \u017cubry, koniki polskie, \u0142osie, jelenie, sarny, dziki, \u017cubronie, wilki i ry\u015b.<br \/>\n<\/span><\/span><\/span><span style=\"color: #000000;\"><span style=\"font-family: Arial, sans-serif;\"><span style=\"font-size: small;\">Zwiedzanie Muzeum Przyrodniczo-Le\u015bnego prezentuj\u0105cego przyrod\u0119 i histori\u0119 Puszczy Bia\u0142owieskiej oraz wielowiekow\u0105 dzia\u0142alno\u015b\u0107 cz\u0142owieka na tym terenie.<br \/>\n<\/span><\/span><\/span><span style=\"color: #000000;\"><span style=\"font-family: Arial, sans-serif;\"><span style=\"font-size: small;\">Zwiedzanie cerkwi pod wezwaniem \u015aw. Miko\u0142aja Cudotw\u00f3rcy oraz spacer po Parku Pa\u0142acowym.<br \/>\n<\/span><\/span><\/span><span style=\"color: #000000;\"><span style=\"font-family: Arial, sans-serif;\"><span style=\"font-size: small;\">Przej\u015bcie <\/span><\/span><\/span><span style=\"color: #000000;\"><span style=\"font-family: Arial, sans-serif;\"><span style=\"font-size: small;\">Szlak<\/span><\/span><\/span><span style=\"color: #000000;\"><span style=\"font-family: Arial, sans-serif;\"><span style=\"font-size: small;\">iem D<\/span><\/span><\/span><span style=\"color: #000000;\"><span style=\"font-family: Arial, sans-serif;\"><span style=\"font-size: small;\">\u0119b\u00f3w Kr\u00f3lewskich <\/span><\/span><\/span><span style=\"color: #000000;\"><span style=\"font-family: Arial, sans-serif;\"><span style=\"font-size: small;\">i Ksi\u0105\u017c\u0105t Litewskich \u2013 przej\u015bcie \u015bcie\u017ck\u0105 edukacyjn\u0105 w\u015br\u00f3d kilkudziesi\u0119ciu pi\u0119knych,<\/span><\/span><\/span><strong><span style=\"color: #000000;\"><span style=\"font-family: Arial, sans-serif;\"><span style=\"font-size: small;\"> wiekowych d\u0119b\u00f3w <\/span><\/span><\/span><\/strong><span style=\"color: #000000;\"><span style=\"font-family: Arial, sans-serif;\"><span style=\"font-size: small;\">nazwanych imieniem kr\u00f3l\u00f3w polskich i ksi\u0105\u017c\u0105t litewskich. Wszystkie <\/span><\/span><\/span><span style=\"color: #000000;\"><span style=\"font-family: Arial, sans-serif;\"><span style=\"font-size: small;\">d\u0119by maj\u0105 od 150 do 500 lat. Id\u0105c \u015bcie\u017ck\u0105 poznajemy histori\u0119 Puszczy Bia\u0142owieskiej, Litwy i Polski.<br \/>\n<\/span><\/span><\/span><span style=\"color: #000000;\"><span style=\"font-family: Arial, sans-serif;\"><span style=\"font-size: small;\">W\u0119dr\u00f3wka po najcenniejszej przyrodniczo cz\u0119\u015bci Bia\u0142owieskiego Parku Narodowego (do przej\u015bcia od 4,5 km do 6 km).<br \/>\n<\/span><\/span><\/span><span style=\"color: #000000;\"><span style=\"font-family: Arial, sans-serif;\"><span style=\"font-size: small;\">Zwiedzanie wg wybranego wariantu. <\/span><\/span><\/span><\/p>\n<p><span style=\"color: #000000;\"><span style=\"font-family: Arial, sans-serif;\"><span style=\"font-size: small;\">Po zako\u0144czeniu zwiedzania obiad dwudaniowy a w godzinach wieczornych wyjazd w drog\u0119 powrotn\u0105. <\/span><\/span><\/span><\/p>\n<hr \/>\n<p><span style=\"color: #000000;\"><span style=\"font-family: Arial, sans-serif;\"><span style=\"font-size: small;\">\u015awiadczenia przewidziane w cenie: <\/span><\/span><\/span><\/p>\n<ul>\n<li><span style=\"color: #000000;\"><span style=\"font-family: Arial, sans-serif;\"><span style=\"font-size: small;\">transport autokarem klasy turystycznej (opcjonalnie);<\/span><\/span><\/span><\/li>\n<li><span style=\"color: #000000;\"><span style=\"font-family: Arial, sans-serif;\"><span style=\"font-size: small;\">1 nocleg w obiekcie wybranej kategorii cenowej (hotelu, schronisku szkolnym itp.);<\/span><\/span><\/span><\/li>\n<li><span style=\"color: #000000;\"><span style=\"font-family: Arial, sans-serif;\"><span style=\"font-size: small;\">wy\u017cywienie zgodne z programem \u2013 1 obiadokolacja, 1 \u015bniadanie, obiad drugiego dnia wycieczki;<\/span><\/span><\/span><\/li>\n<li><span style=\"color: #000000;\"><span style=\"font-family: Arial, sans-serif;\"><span style=\"font-size: small;\">opieka pilota;<\/span><\/span><\/span><\/li>\n<li><span style=\"color: #000000;\"><span style=\"font-family: Arial, sans-serif;\"><span style=\"font-size: small;\">us\u0142ugi przewodnickie;<\/span><\/span><\/span><\/li>\n<li><span style=\"color: #000000;\"><span style=\"font-family: Arial, sans-serif;\"><span style=\"font-size: small;\">bilety wst\u0119pu do zwiedzanych obiekt\u00f3w<br \/>\n<\/span><\/span><\/span><\/p>\n<hr \/>\n<p><span style=\"color: #000000;\"><span style=\"font-family: Arial, sans-serif;\"><span style=\"font-size: small;\">Cena wycieczki zale\u017cna jest od dok\u0142adnej ilo\u015bci uczestnik\u00f3w i terminu jej realizacji.<br \/>\nTermin wycieczki \u2013 do ustalenia. Dok\u0142adny program zwiedzania dopasujemy do miejsca wyjazdu z dowolnego miejsca w Polsce. <\/span><\/span><\/span><\/li>\n<\/ul>\n","protected":false},"excerpt":{"rendered":"<p>Ramowy program wycieczki 1 dzie\u0144 Wyjazd z um\u00f3wionego miejsca w godzinach porannych. Przejazd do Grabarki nazywanej sercem lub Cz\u0119stochow\u0105 prawos\u0142awia. Przej\u015bcie na wzg\u00f3rze otaczane szczeg\u00f3ln\u0105 czci\u0105 od XII w. Od wiek\u00f3w p\u0105tnicy przynosz\u0105 tutaj drewniane krzy\u017ce. Wieczorem przejazd do miejsca &hellip; <a class=\"more-link\" href=\"https:\/\/zamosc.pttk.pl\/wordpress\/?page_id=16151\">Czytaj dalej <span class=\"meta-nav\">&rarr;<\/span><\/a><\/p>\n","protected":false},"author":1,"featured_media":0,"parent":0,"menu_order":0,"comment_status":"closed","ping_status":"closed","template":"","meta":{"footnotes":""},"class_list":["post-16151","page","type-page","status-publish","hentry"],"_links":{"self":[{"href":"https:\/\/zamosc.pttk.pl\/wordpress\/index.php?rest_route=\/wp\/v2\/pages\/16151","targetHints":{"allow":["GET"]}}],"collection":[{"href":"https:\/\/zamosc.pttk.pl\/wordpress\/index.php?rest_route=\/wp\/v2\/pages"}],"about":[{"href":"https:\/\/zamosc.pttk.pl\/wordpress\/index.php?rest_route=\/wp\/v2\/types\/page"}],"author":[{"embeddable":true,"href":"https:\/\/zamosc.pttk.pl\/wordpress\/index.php?rest_route=\/wp\/v2\/users\/1"}],"replies":[{"embeddable":true,"href":"https:\/\/zamosc.pttk.pl\/wordpress\/index.php?rest_route=%2Fwp%2Fv2%2Fcomments&post=16151"}],"version-history":[{"count":1,"href":"https:\/\/zamosc.pttk.pl\/wordpress\/index.php?rest_route=\/wp\/v2\/pages\/16151\/revisions"}],"predecessor-version":[{"id":16153,"href":"https:\/\/zamosc.pttk.pl\/wordpress\/index.php?rest_route=\/wp\/v2\/pages\/16151\/revisions\/16153"}],"wp:attachment":[{"href":"https:\/\/zamosc.pttk.pl\/wordpress\/index.php?rest_route=%2Fwp%2Fv2%2Fmedia&parent=16151"}],"curies":[{"name":"wp","href":"https:\/\/api.w.org\/{rel}","templated":true}]}}

Puszcza Białowieska 2 dni

<p><span style="color: #000000;"><span style="font-family: Arial, sans-serif;"><span style="font-size: small;">Ramowy program wycieczki </span></span></span></p>
<p><span style="color: #000000;"><span style="font-family: Arial, sans-serif;"><span style="font-size: small;">1 dzień </span></span></span></p>
<p><span style="color: #000000;"><span style="font-family: Arial, sans-serif;"><span style="font-size: small;">Wyjazd z umówionego miejsca w godzinach porannych.</span></span></span></p>
<p><span style="color: #000000;"><span style="font-family: Arial, sans-serif;"><span style="font-size: small;">Przejazd do Grabarki nazywanej sercem lub Częstochową prawosławia. Przejście na wzgórze otaczane szczególną czcią od XII w. Od wieków pątnicy przynoszą tutaj drewniane krzyże.<br />
</span></span></span><span style="color: #000000;"><span style="font-family: Arial, sans-serif;"><span style="font-size: small;">Wieczorem przejazd do miejsca zakwaterowania, obiadokolacja, nocleg.<br />
</span></span></span><span style="color: #000000;"><span style="font-family: Arial, sans-serif;"><span style="font-size: small;">Możliwość zorganizowania wieczoru integracyjnego/ ogniska/ dyskoteki. </span></span></span></p>
<p><span style="color: #000000;"><span style="font-family: Arial, sans-serif;"><span style="font-size: small;">2 dzień </span></span></span></p>
<p><span style="color: #000000;"><span style="font-family: Arial, sans-serif;"><span style="font-size: small;">Po śniadaniu wyjazd na wycieczkę do Białowieskiego Parku Narodowego.<br />
</span></span></span><span style="color: #000000;"><span style="font-family: Arial, sans-serif;"><span style="font-size: small;">Wyboru miejsc odwiedzanych tego dnia dokonujemy wspólnie z organizatorem biorąc pod uwagę wiek uczestników i specyfikę grupę. Wśród atrakcji znajdują się:<br />
</span></span></span><span style="color: #000000;"><span style="font-family: Arial, sans-serif;"><span style="font-size: small;">Wizyta w rezerwacie Pokazowym Zwierząt gdzie, w warunkach zbliżonych do naturalnych, eksponowane są żubry, koniki polskie, łosie, jelenie, sarny, dziki, żubronie, wilki i ryś.<br />
</span></span></span><span style="color: #000000;"><span style="font-family: Arial, sans-serif;"><span style="font-size: small;">Zwiedzanie Muzeum Przyrodniczo-Leśnego prezentującego przyrodę i historię Puszczy Białowieskiej oraz wielowiekową działalność człowieka na tym terenie.<br />
</span></span></span><span style="color: #000000;"><span style="font-family: Arial, sans-serif;"><span style="font-size: small;">Zwiedzanie cerkwi pod wezwaniem Św. Mikołaja Cudotwórcy oraz spacer po Parku Pałacowym.<br />
</span></span></span><span style="color: #000000;"><span style="font-family: Arial, sans-serif;"><span style="font-size: small;">Przejście </span></span></span><span style="color: #000000;"><span style="font-family: Arial, sans-serif;"><span style="font-size: small;">Szlak</span></span></span><span style="color: #000000;"><span style="font-family: Arial, sans-serif;"><span style="font-size: small;">iem D</span></span></span><span style="color: #000000;"><span style="font-family: Arial, sans-serif;"><span style="font-size: small;">ębów Królewskich </span></span></span><span style="color: #000000;"><span style="font-family: Arial, sans-serif;"><span style="font-size: small;">i Książąt Litewskich – przejście ścieżką edukacyjną wśród kilkudziesięciu pięknych,</span></span></span><strong><span style="color: #000000;"><span style="font-family: Arial, sans-serif;"><span style="font-size: small;"> wiekowych dębów </span></span></span></strong><span style="color: #000000;"><span style="font-family: Arial, sans-serif;"><span style="font-size: small;">nazwanych imieniem królów polskich i książąt litewskich. Wszystkie </span></span></span><span style="color: #000000;"><span style="font-family: Arial, sans-serif;"><span style="font-size: small;">dęby mają od 150 do 500 lat. Idąc ścieżką poznajemy historię Puszczy Białowieskiej, Litwy i Polski.<br />
</span></span></span><span style="color: #000000;"><span style="font-family: Arial, sans-serif;"><span style="font-size: small;">Wędrówka po najcenniejszej przyrodniczo części Białowieskiego Parku Narodowego (do przejścia od 4,5 km do 6 km).<br />
</span></span></span><span style="color: #000000;"><span style="font-family: Arial, sans-serif;"><span style="font-size: small;">Zwiedzanie wg wybranego wariantu. </span></span></span></p>
<p><span style="color: #000000;"><span style="font-family: Arial, sans-serif;"><span style="font-size: small;">Po zakończeniu zwiedzania obiad dwudaniowy a w godzinach wieczornych wyjazd w drogę powrotną. </span></span></span></p>
<hr />
<p><span style="color: #000000;"><span style="font-family: Arial, sans-serif;"><span style="font-size: small;">Świadczenia przewidziane w cenie: </span></span></span></p>
<ul>
<li><span style="color: #000000;"><span style="font-family: Arial, sans-serif;"><span style="font-size: small;">transport autokarem klasy turystycznej (opcjonalnie);</span></span></span></li>
<li><span style="color: #000000;"><span style="font-family: Arial, sans-serif;"><span style="font-size: small;">1 nocleg w obiekcie wybranej kategorii cenowej (hotelu, schronisku szkolnym itp.);</span></span></span></li>
<li><span style="color: #000000;"><span style="font-family: Arial, sans-serif;"><span style="font-size: small;">wyżywienie zgodne z programem – 1 obiadokolacja, 1 śniadanie, obiad drugiego dnia wycieczki;</span></span></span></li>
<li><span style="color: #000000;"><span style="font-family: Arial, sans-serif;"><span style="font-size: small;">opieka pilota;</span></span></span></li>
<li><span style="color: #000000;"><span style="font-family: Arial, sans-serif;"><span style="font-size: small;">usługi przewodnickie;</span></span></span></li>
<li><span style="color: #000000;"><span style="font-family: Arial, sans-serif;"><span style="font-size: small;">bilety wstępu do zwiedzanych obiektów<br />
</span></span></span></p>
<hr />
<p><span style="color: #000000;"><span style="font-family: Arial, sans-serif;"><span style="font-size: small;">Cena wycieczki zależna jest od dokładnej ilości uczestników i terminu jej realizacji.<br />
Termin wycieczki – do ustalenia. Dokładny program zwiedzania dopasujemy do miejsca wyjazdu z dowolnego miejsca w Polsce. </span></span></span></li>
</ul>

<p>Ramowy program wycieczki 1 dzień Wyjazd z umówionego miejsca w godzinach porannych. Przejazd do Grabarki nazywanej sercem lub Częstochową prawosławia. Przejście na wzgórze otaczane szczególną czcią od XII w. Od wieków pątnicy przynoszą tutaj drewniane krzyże. Wieczorem przejazd do miejsca &hellip; <a class="more-link" href="https://zamosc.pttk.pl/wordpress/?page_id=16151">Czytaj dalej <span class="meta-nav">&rarr;</span></a></p>
