{"id":16102,"date":"2020-03-31T19:44:58","date_gmt":"2020-03-31T17:44:58","guid":{"rendered":"http:\/\/www.zamosc.pttk.pl\/wordpress\/?page_id=16102"},"modified":"2020-03-31T19:49:10","modified_gmt":"2020-03-31T17:49:10","slug":"magiczne-ogrody","status":"publish","type":"page","link":"https:\/\/zamosc.pttk.pl\/wordpress\/?page_id=16102","title":{"rendered":"Magiczne Ogrody"},"content":{"rendered":"<p><span style=\"font-size: 16px;\">Park Rozrywki<\/span><\/p>\n<p style=\"text-align: justify;\"><span style=\"font-family: Verdana, sans-serif; font-size: 14px;\">Magiczne Ogrody to idealne miejsce na wycieczk\u0119 szkoln\u0105. W Trzciankach niedaleko Pu\u0142aw powsta\u0142 pierwszy polski ogr\u00f3d sensoryczny. W magicznej krainie w\u015br\u00f3d krzew\u00f3w i kwiat\u00f3w mieszkaj\u0105 smoki, skrzaty, wr\u00f3\u017cki i krasnoludy. W trakcie zabawy odwiedzamy miejsca takie jak Dom Czarodzieja, Mordole, Marchewkowe Pole, Robankowe Wzg\u00f3rze, Bulwiakowa Osada, Wodny \u015awiat, Smocze Gniazdo, Krasnoludzki Gr\u00f3d, a dla bardzo odwa\u017cnych \u2013 Mroczysko. Sceneria Magicznych Ogrod\u00f3w wspomaga samodzielne odkrywanie \u015bwiata jednocze\u015bnie buduj\u0105c poczucie w\u0142asnej warto\u015bci i pewno\u015bci siebie. <\/span><\/p>\n<p style=\"text-align: justify;\"><span style=\"font-family: Verdana, sans-serif; font-size: 14px;\">Powy\u017csze atrakcje to tylko niekt\u00f3re propozycje Magicznych Ogrod\u00f3w. Ich wyb\u00f3r zostanie dostosowany do wieku uczestnik\u00f3w wycieczki, terminu ich wizyty i dost\u0119pno\u015bci poszczeg\u00f3lnych atrakcji. <\/span><\/p>\n<p><span style=\"font-size: 14px;\"><span style=\"font-family: Verdana, sans-serif;\">Wi\u0119cej informacji na <\/span><span style=\"font-family: Verdana, sans-serif;\"><a href=\"http:\/\/www.magiczneogrody.com\/\">www.magiczneogrody.com<\/a> <\/span><\/span><\/p>\n<hr \/>\n<p><span style=\"font-family: Verdana, sans-serif; font-size: 16px;\">Ramowy program wycieczki:<\/span><\/p>\n<p><span style=\"font-family: Verdana, sans-serif; font-size: 14px;\">Wyjazd z um\u00f3wionego miejsca w godzinach porannych. <\/span><\/p>\n<p><span style=\"font-family: Verdana, sans-serif; font-size: 14px;\">Zabawa, nauka i rozrywka na terenie parku rozrywki Magiczne Ogrody.<\/span><\/p>\n<p><span style=\"font-family: Verdana, sans-serif; font-size: 14px;\">W trakcie pobytu obiad 2-daniowy. <\/span><\/p>\n<p><span style=\"font-family: Verdana, sans-serif; font-size: 14px;\">Powr\u00f3t w godzinach popo\u0142udniowych\/wieczornych.<\/span><\/p>\n<hr \/>\n<p><span style=\"font-family: Verdana, sans-serif; font-size: 14px;\">CENA WYCIECZKI ZALE\u017bNA JEST OD DOK\u0141ADNEJ ILO\u015aCI UCZESTNIK\u00d3W, OPIEKUN\u00d3W<br \/>\nI TERMINU JEJ REALIZACJI.<\/span><\/p>\n<p><span style=\"font-size: 14px;\">TERMIN WYCIECZKI \u2013 DO USTALENIA<\/span><\/p>\n<hr \/>\n<p><span style=\"font-size: 16px;\"><span style=\"font-family: Verdana, sans-serif;\">\u015a<\/span><span style=\"font-family: Verdana, sans-serif;\">wiadczenia przewidziane w programie:<\/span><\/span><\/p>\n<ul>\n<li><span style=\"font-family: Verdana, sans-serif; font-size: 14px;\">transport autokarem klasy turystycznej,<\/span><\/li>\n<li><span style=\"font-family: Verdana, sans-serif; font-size: 14px;\">opieka pilota na trasie przejazdu,<\/span><\/li>\n<li><span style=\"font-family: Verdana, sans-serif; font-size: 14px;\">bilet wst\u0119pu do parku rozrywki Magiczne Ogrody,<\/span><\/li>\n<li><span style=\"font-family: Verdana, sans-serif; font-size: 14px;\">opieka przewodnika na terenie kompleksu,<\/span><\/li>\n<li><span style=\"font-family: Verdana, sans-serif; font-size: 14px;\">obiad dwudaniowy z napojem.<\/span><\/li>\n<\/ul>\n<hr \/>\n<p style=\"text-align: right;\"><span style=\"font-size: 14px;\"><em><span style=\"color: #195412;\"><span style=\"font-family: Verdana, sans-serif;\">Przedstawion\u0105 propozycj\u0119 mo\u017cna modyfikowa\u0107 zgodnie z \u017cyczeniem grupy.<\/span><\/span><\/em><\/span><\/p>\n<p><span style=\"font-family: Verdana, sans-serif; font-size: 14px;\">SERDECZNIE ZAPRASZAMY !!!<\/span><\/p>\n","protected":false},"excerpt":{"rendered":"<p>Park Rozrywki Magiczne Ogrody to idealne miejsce na wycieczk\u0119 szkoln\u0105. W Trzciankach niedaleko Pu\u0142aw powsta\u0142 pierwszy polski ogr\u00f3d sensoryczny. W magicznej krainie w\u015br\u00f3d krzew\u00f3w i kwiat\u00f3w mieszkaj\u0105 smoki, skrzaty, wr\u00f3\u017cki i krasnoludy. W trakcie zabawy odwiedzamy miejsca takie jak Dom &hellip; <a class=\"more-link\" href=\"https:\/\/zamosc.pttk.pl\/wordpress\/?page_id=16102\">Czytaj dalej <span class=\"meta-nav\">&rarr;<\/span><\/a><\/p>\n","protected":false},"author":1,"featured_media":0,"parent":0,"menu_order":0,"comment_status":"closed","ping_status":"closed","template":"","meta":{"footnotes":""},"class_list":["post-16102","page","type-page","status-publish","hentry"],"_links":{"self":[{"href":"https:\/\/zamosc.pttk.pl\/wordpress\/index.php?rest_route=\/wp\/v2\/pages\/16102","targetHints":{"allow":["GET"]}}],"collection":[{"href":"https:\/\/zamosc.pttk.pl\/wordpress\/index.php?rest_route=\/wp\/v2\/pages"}],"about":[{"href":"https:\/\/zamosc.pttk.pl\/wordpress\/index.php?rest_route=\/wp\/v2\/types\/page"}],"author":[{"embeddable":true,"href":"https:\/\/zamosc.pttk.pl\/wordpress\/index.php?rest_route=\/wp\/v2\/users\/1"}],"replies":[{"embeddable":true,"href":"https:\/\/zamosc.pttk.pl\/wordpress\/index.php?rest_route=%2Fwp%2Fv2%2Fcomments&post=16102"}],"version-history":[{"count":5,"href":"https:\/\/zamosc.pttk.pl\/wordpress\/index.php?rest_route=\/wp\/v2\/pages\/16102\/revisions"}],"predecessor-version":[{"id":16108,"href":"https:\/\/zamosc.pttk.pl\/wordpress\/index.php?rest_route=\/wp\/v2\/pages\/16102\/revisions\/16108"}],"wp:attachment":[{"href":"https:\/\/zamosc.pttk.pl\/wordpress\/index.php?rest_route=%2Fwp%2Fv2%2Fmedia&parent=16102"}],"curies":[{"name":"wp","href":"https:\/\/api.w.org\/{rel}","templated":true}]}}