{"id":16030,"date":"2020-03-22T14:40:36","date_gmt":"2020-03-22T13:40:36","guid":{"rendered":"http:\/\/www.zamosc.pttk.pl\/wordpress\/?page_id=16030"},"modified":"2020-03-23T16:56:43","modified_gmt":"2020-03-23T15:56:43","slug":"sandomierz-i-degustacja-wina","status":"publish","type":"page","link":"https:\/\/zamosc.pttk.pl\/wordpress\/?page_id=16030","title":{"rendered":"Sandomierz i degustacja wina"},"content":{"rendered":"<p><span style=\"color: #993300;\"><strong>Program dla doros\u0142ych<\/strong><\/span><\/p>\n<hr \/>\n<p>Ramowy program wycieczki<\/p>\n<p>Wyjazd z um\u00f3wionego miejsca w godzinach porannych.<\/p>\n<p style=\"text-align: justify;\"><a href=\"http:\/\/www.zamosc.pttk.pl\/wordpress\/wp-content\/uploads\/2020\/03\/san3.jpg\"><img loading=\"lazy\" decoding=\"async\" class=\"size-medium wp-image-16061 alignleft\" src=\"http:\/\/www.zamosc.pttk.pl\/wordpress\/wp-content\/uploads\/2020\/03\/san3-300x225.jpg\" alt=\"\" width=\"300\" height=\"225\" srcset=\"https:\/\/zamosc.pttk.pl\/wordpress\/wp-content\/uploads\/2020\/03\/san3-300x225.jpg 300w, https:\/\/zamosc.pttk.pl\/wordpress\/wp-content\/uploads\/2020\/03\/san3-200x150.jpg 200w, https:\/\/zamosc.pttk.pl\/wordpress\/wp-content\/uploads\/2020\/03\/san3-768x576.jpg 768w, https:\/\/zamosc.pttk.pl\/wordpress\/wp-content\/uploads\/2020\/03\/san3-400x300.jpg 400w, https:\/\/zamosc.pttk.pl\/wordpress\/wp-content\/uploads\/2020\/03\/san3.jpg 800w\" sizes=\"auto, (max-width: 300px) 100vw, 300px\" \/><\/a>Przejazd do Sandomierza \u2013 jednego z najpi\u0119kniejszych miast w Polsce, malowniczo po\u0142o\u017conego na nadwi\u015bla\u0144skiej skarpie, kt\u00f3ra stanowi strome zako\u0144czenie G\u00f3r Pieprzowych.<br \/>\nSpacer po Sandomierzu, podczas kt\u00f3rego zobaczymy mi\u0119dzy innymi sandomierskie w\u0105wozy lessowe &#8211; Kr\u00f3lowej Jadwigi oraz Piszczele, Ucho Igielne, Brama Opatowska, Bazylika katedralna, dziedziniec zamkowy, Dom D\u0142ugosza, Collegium Gostomianum, Rynek z Ratuszem i zabytkowymi kamienicami. Wej\u015bcie na punkt widokowy na Bramie Opatowskiej \u2013 jedynej zachowanej spo\u015br\u00f3d czterech bram wjazdowych do Sandomierza.<br \/>\nPodczas spaceru przej\u015bcie Podziemn\u0105 Tras\u0105 Turystyczn\u0105, czyli zespo\u0142em dawnych miejskich piwnic i podziemnych sk\u0142ad\u00f3w kupieckich.<br \/>\nW trakcie zwiedzania obiad 2-daniowy.<\/p>\n<hr \/>\n<p style=\"text-align: justify;\">Po zako\u0144czeniu zwiedzania przejazd do jednej z sandomierskich winnic &#8211; zwiedzanie gospodarstwa, wys\u0142uchanie opowie\u015bci o historii winnicy i dziejach winiarstwa na Sandomierszczy\u017anie, odmianach uprawianych winogron.<br \/>\nNa zako\u0144czenie degustacja miejscowych specja\u0142\u00f3w. W godzinach popo\u0142udniowych wyjazd w drog\u0119 powrotn\u0105.<\/p>\n<hr \/>\n<p>Cena wycieczki zale\u017cna jest od dok\u0142adnej ilo\u015bci uczestnik\u00f3w i terminu jej realizacji.<br \/>\nTermin wycieczki \u2013 do ustalenia.<br \/>\nDok\u0142adny program zwiedzania dopasujemy do wyjazdu z dowolnego miejsca w Polsce.<\/p>\n<hr \/>\n<p>\u015awiadczenia przewidziane w cenie:<\/p>\n<ul>\n<li>transport autokarem klasy turystycznej (opcjonalnie)<\/li>\n<li>opieka pilota &#8211; przewodnika<\/li>\n<li>obiad 2-daniowy z napojem<\/li>\n<li>bilet wst\u0119pu na Bram\u0119 Opatowsk\u0105 i Podziemn\u0105 Tras\u0119 Turystyczn\u0105<\/li>\n<li>zwiedzanie jednej z sandomierskich winnic po\u0142\u0105czone z degustacj\u0105 miejscowych specja\u0142\u00f3w.<\/li>\n<\/ul>\n<hr \/>\n<p style=\"text-align: right;\"><em>Powy\u017cszy program jest ramowy a kolejno\u015b\u0107 zwiedzania mo\u017ce ulec zmianie.<\/em><br \/>\n<em>Przedstawion\u0105 propozycj\u0119 mo\u017cna modyfikowa\u0107 zgodnie z \u017cyczeniem grupy.<\/em><\/p>\n<p>&nbsp;<\/p>\n","protected":false},"excerpt":{"rendered":"<p>Program dla doros\u0142ych Ramowy program wycieczki Wyjazd z um\u00f3wionego miejsca w godzinach porannych. Przejazd do Sandomierza \u2013 jednego z najpi\u0119kniejszych miast w Polsce, malowniczo po\u0142o\u017conego na nadwi\u015bla\u0144skiej skarpie, kt\u00f3ra stanowi strome zako\u0144czenie G\u00f3r Pieprzowych. Spacer po Sandomierzu, podczas kt\u00f3rego zobaczymy &hellip; <a class=\"more-link\" href=\"https:\/\/zamosc.pttk.pl\/wordpress\/?page_id=16030\">Czytaj dalej <span class=\"meta-nav\">&rarr;<\/span><\/a><\/p>\n","protected":false},"author":1,"featured_media":0,"parent":0,"menu_order":0,"comment_status":"closed","ping_status":"closed","template":"","meta":{"footnotes":""},"class_list":["post-16030","page","type-page","status-publish","hentry"],"_links":{"self":[{"href":"https:\/\/zamosc.pttk.pl\/wordpress\/index.php?rest_route=\/wp\/v2\/pages\/16030","targetHints":{"allow":["GET"]}}],"collection":[{"href":"https:\/\/zamosc.pttk.pl\/wordpress\/index.php?rest_route=\/wp\/v2\/pages"}],"about":[{"href":"https:\/\/zamosc.pttk.pl\/wordpress\/index.php?rest_route=\/wp\/v2\/types\/page"}],"author":[{"embeddable":true,"href":"https:\/\/zamosc.pttk.pl\/wordpress\/index.php?rest_route=\/wp\/v2\/users\/1"}],"replies":[{"embeddable":true,"href":"https:\/\/zamosc.pttk.pl\/wordpress\/index.php?rest_route=%2Fwp%2Fv2%2Fcomments&post=16030"}],"version-history":[{"count":7,"href":"https:\/\/zamosc.pttk.pl\/wordpress\/index.php?rest_route=\/wp\/v2\/pages\/16030\/revisions"}],"predecessor-version":[{"id":16079,"href":"https:\/\/zamosc.pttk.pl\/wordpress\/index.php?rest_route=\/wp\/v2\/pages\/16030\/revisions\/16079"}],"wp:attachment":[{"href":"https:\/\/zamosc.pttk.pl\/wordpress\/index.php?rest_route=%2Fwp%2Fv2%2Fmedia&parent=16030"}],"curies":[{"name":"wp","href":"https:\/\/api.w.org\/{rel}","templated":true}]}}