{"id":16017,"date":"2020-03-22T14:16:17","date_gmt":"2020-03-22T13:16:17","guid":{"rendered":"http:\/\/www.zamosc.pttk.pl\/wordpress\/?page_id=16017"},"modified":"2020-03-23T18:21:41","modified_gmt":"2020-03-23T17:21:41","slug":"kazimierz-dolny-i-wojciechow","status":"publish","type":"page","link":"https:\/\/zamosc.pttk.pl\/wordpress\/?page_id=16017","title":{"rendered":"Kazimierz Dolny i Zamek w Janowcu"},"content":{"rendered":"<p>Ramowy program wycieczki<\/p>\n<p style=\"text-align: justify;\">Wyjazd z um\u00f3wionego miejsca w godzinach porannych.<br \/>\nPrzejazd do Kazimierza Dolnego nad Wis\u0142\u0105 <strong>\u2013 <\/strong>jednego z najcenniejszych i najbardziej urokliwych miejsc w Polsce. Dzi\u0119ki atrakcyjnemu po\u0142o\u017ceniu, bogatej historii, niepowtarzalnemu krajobrazowi, wspania\u0142ej architekturze i dobrych warunkach klimatycznych miasteczko jest bardzo popularne w\u015br\u00f3d turyst\u00f3w z Polski i za granicy.<br \/>\nSpacer jedn\u0105 z atrakcji miasteczka &#8211; lessowym w\u0105wozem Korzeniowy D\u00f3\u0142. Wystaj\u0105ce, poskr\u0119cane, fantastycznie korzenie drzew rosn\u0105cych na skarpach nada\u0142y mu imi\u0119 i s\u0142aw\u0119. W\u0105w\u00f3z jest jednym z ulubionych motyw\u00f3w malarskich kazimierskich pejza\u017cyst\u00f3w.<br \/>\nPrzej\u015bcie do centrum miasteczka gdzie b\u0119dziemy podziwia\u0107 mi\u0119dzy innymi zesp\u00f3\u0142 renesansowych kamienic, ko\u015bci\u00f3\u0142 farny pod\u00a0wezwaniem \u015bw.\u00a0Jana Chrzciciela i\u00a0\u015bw. Bart\u0142omieja, Ma\u0142y Rynek z\u00a0Synagog\u0105 i starymi Jatkami.<br \/>\nZ G\u00f3ry Trzech Krzy\u017cy zobaczymy jak zabudowa miasta wkomponowana jest w naturalny krajobraz, tworzy z nim harmonijn\u0105 ca\u0142o\u015b\u0107.<br \/>\nW czasie zwiedzania miasta obiad 2-daniowy.<br \/>\nPo zwiedzaniu rejs statkiem po Wi\u015ble.<br \/>\nPrzejazd do Janowca, gdzie wznosi si\u0119 zbudowany w XVI w. zamek b\u0119d\u0105cy dzisiaj siedzib\u0105 jednego z sze\u015bciu oddzia\u0142\u00f3w Muzeum Nadwi\u015bla\u0144skiego w Kazimierzu Dolnym. Malownicze ruiny wznosz\u0105 si\u0119 na wysokiej, stromej skarpie nad Wis\u0142\u0105. Zamek nale\u017ca\u0142 do najwi\u0119kszych w Polsce i by\u0142 siedzib\u0105 magnackich rod\u00f3w Firlej\u00f3w, Tar\u0142\u00f3w i Lubomirskich. Zwiedzanie zamku i muzeum dokumentuj\u0105cego jego histori\u0119.<\/p>\n<p>W godzinach popo\u0142udniowych wyjazd w drog\u0119 powrotn\u0105.<\/p>\n<hr \/>\n<p>Cena wycieczki zale\u017cna jest od dok\u0142adnej ilo\u015bci uczestnik\u00f3w, opiekun\u00f3w i terminu jej realizacji.<br \/>\nTermin wycieczki \u2013 do ustalenia<\/p>\n<hr \/>\n<p>\u015awiadczenia zawarte w cenie:<\/p>\n<ul>\n<li>transport autokarem klasy turystycznej<\/li>\n<li>opieka pilota na trasie wycieczki<\/li>\n<li>us\u0142uga przewodnicka podczas zwiedzania Kazimierza i Zamku w Janowcu<\/li>\n<li>rejs po Wi\u015ble<\/li>\n<li>obiad 2-daniowy z napojem<\/li>\n<li>bilet wst\u0119pu do Zamku w Janowcu<\/li>\n<\/ul>\n<hr \/>\n<p style=\"text-align: right;\"><em>Powy\u017cszy program jest ramowy a kolejno\u015b\u0107 zwiedzania mo\u017ce ulec zmianie.<\/em><br \/>\n<em>Przedstawion\u0105 propozycj\u0119 mo\u017cna modyfikowa\u0107 zgodnie z \u017cyczeniem grupy.<\/em><\/p>\n<p>&nbsp;<\/p>\n","protected":false},"excerpt":{"rendered":"<p>Ramowy program wycieczki Wyjazd z um\u00f3wionego miejsca w godzinach porannych. Przejazd do Kazimierza Dolnego nad Wis\u0142\u0105 \u2013 jednego z najcenniejszych i najbardziej urokliwych miejsc w Polsce. Dzi\u0119ki atrakcyjnemu po\u0142o\u017ceniu, bogatej historii, niepowtarzalnemu krajobrazowi, wspania\u0142ej architekturze i dobrych warunkach klimatycznych miasteczko &hellip; <a class=\"more-link\" href=\"https:\/\/zamosc.pttk.pl\/wordpress\/?page_id=16017\">Czytaj dalej <span class=\"meta-nav\">&rarr;<\/span><\/a><\/p>\n","protected":false},"author":1,"featured_media":0,"parent":0,"menu_order":0,"comment_status":"closed","ping_status":"closed","template":"","meta":{"footnotes":""},"class_list":["post-16017","page","type-page","status-publish","hentry"],"_links":{"self":[{"href":"https:\/\/zamosc.pttk.pl\/wordpress\/index.php?rest_route=\/wp\/v2\/pages\/16017","targetHints":{"allow":["GET"]}}],"collection":[{"href":"https:\/\/zamosc.pttk.pl\/wordpress\/index.php?rest_route=\/wp\/v2\/pages"}],"about":[{"href":"https:\/\/zamosc.pttk.pl\/wordpress\/index.php?rest_route=\/wp\/v2\/types\/page"}],"author":[{"embeddable":true,"href":"https:\/\/zamosc.pttk.pl\/wordpress\/index.php?rest_route=\/wp\/v2\/users\/1"}],"replies":[{"embeddable":true,"href":"https:\/\/zamosc.pttk.pl\/wordpress\/index.php?rest_route=%2Fwp%2Fv2%2Fcomments&post=16017"}],"version-history":[{"count":3,"href":"https:\/\/zamosc.pttk.pl\/wordpress\/index.php?rest_route=\/wp\/v2\/pages\/16017\/revisions"}],"predecessor-version":[{"id":16081,"href":"https:\/\/zamosc.pttk.pl\/wordpress\/index.php?rest_route=\/wp\/v2\/pages\/16017\/revisions\/16081"}],"wp:attachment":[{"href":"https:\/\/zamosc.pttk.pl\/wordpress\/index.php?rest_route=%2Fwp%2Fv2%2Fmedia&parent=16017"}],"curies":[{"name":"wp","href":"https:\/\/api.w.org\/{rel}","templated":true}]}}