{"id":15925,"date":"2020-03-06T19:44:29","date_gmt":"2020-03-06T18:44:29","guid":{"rendered":"http:\/\/www.zamosc.pttk.pl\/wordpress\/?page_id=15925"},"modified":"2020-03-06T19:58:52","modified_gmt":"2020-03-06T18:58:52","slug":"lublin-lotnisko-i-trampoliny","status":"publish","type":"page","link":"https:\/\/zamosc.pttk.pl\/wordpress\/?page_id=15925","title":{"rendered":"Lublin, lotnisko oraz trampoliny"},"content":{"rendered":"<p style=\"text-align: center;\"><span style=\"font-size: 16px; color: #808000;\">Ramowy program wycieczki:<\/span><\/p>\n<hr \/>\n<p>Wyjazd z um\u00f3wionego miejsca w godzinach porannych.<\/p>\n<p style=\"text-align: justify;\">Przejazd na lotnisko w \u015awidniku dzia\u0142aj\u0105ce od 2012 r. Uczestnicy wycieczki zobacz\u0105 elementy infrastruktury portu lotniczego w strefie og\u00f3lnodost\u0119pnej, zapoznaj\u0105 si\u0119 z prac\u0105 lotniska jak i elementami \u201e\u015bcie\u017cki pasa\u017cera&#8221;. W miar\u0119 mo\u017cliwo\u015bci b\u0119d\u0105 obserwowa\u0107 l\u0105duj\u0105cy i startuj\u0105cy samolot i dowiedz\u0105 si\u0119 co dzieje si\u0119 w mi\u0119dzyczasie na p\u0142ycie lotniska.<br \/>\nPo pobycie na lotnisku przejazd do Parku Trampolin w Lublinie.\u00a0 Zaj\u0119cia sportowe pod opiek\u0105 instruktora. Obowi\u0105zuje str\u00f3j sportowy.<\/p>\n<p style=\"text-align: justify;\">Przerwa obiadowa \u2013 zupa, II danie, nap\u00f3j.<\/p>\n<hr \/>\n<p style=\"text-align: justify;\">Po obiedzie przejazd na Stare Miasto, w czasie spaceru uczestnicy wycieczki zobacz\u0105 najwa\u017cniejsze zabytki miasta o ponad 700 letniej tradycji.<\/p>\n<p style=\"text-align: justify;\"><a href=\"http:\/\/www.zamosc.pttk.pl\/wordpress\/wp-content\/uploads\/2020\/03\/IMG_20191011_131251.jpg\"><img loading=\"lazy\" decoding=\"async\" class=\"alignleft size-medium wp-image-15928\" src=\"http:\/\/www.zamosc.pttk.pl\/wordpress\/wp-content\/uploads\/2020\/03\/IMG_20191011_131251-300x225.jpg\" alt=\"\" width=\"300\" height=\"225\" srcset=\"https:\/\/zamosc.pttk.pl\/wordpress\/wp-content\/uploads\/2020\/03\/IMG_20191011_131251-300x225.jpg 300w, https:\/\/zamosc.pttk.pl\/wordpress\/wp-content\/uploads\/2020\/03\/IMG_20191011_131251-200x150.jpg 200w, https:\/\/zamosc.pttk.pl\/wordpress\/wp-content\/uploads\/2020\/03\/IMG_20191011_131251-768x576.jpg 768w, https:\/\/zamosc.pttk.pl\/wordpress\/wp-content\/uploads\/2020\/03\/IMG_20191011_131251.jpg 1024w, https:\/\/zamosc.pttk.pl\/wordpress\/wp-content\/uploads\/2020\/03\/IMG_20191011_131251-400x300.jpg 400w\" sizes=\"auto, (max-width: 300px) 100vw, 300px\" \/><\/a>W programie spaceru mi\u0119dzy innymi: Zamek Lubelski, rynek staromiejski, kamieniczki, Wie\u017c\u0119 Trynitarsk\u0105, Bram\u0119 Krakowsk\u0105, Baszt\u0119 Gotyck\u0105, Trybuna\u0142 Koronny, Archikatedr\u0119, Klasztor Ojc\u00f3w Dominikan\u00f3w, Plac po Farze.\u00a0 Orientacyjny czas zwiedzania \u2013\u00a0 ok. 2 godz.<br \/>\n<a href=\"http:\/\/www.zamosc.pttk.pl\/wordpress\/wp-content\/uploads\/2020\/03\/IMG_20191011_170749.jpg\"><img loading=\"lazy\" decoding=\"async\" class=\"alignleft size-medium wp-image-15929\" src=\"http:\/\/www.zamosc.pttk.pl\/wordpress\/wp-content\/uploads\/2020\/03\/IMG_20191011_170749-300x225.jpg\" alt=\"\" width=\"300\" height=\"225\" srcset=\"https:\/\/zamosc.pttk.pl\/wordpress\/wp-content\/uploads\/2020\/03\/IMG_20191011_170749-300x225.jpg 300w, https:\/\/zamosc.pttk.pl\/wordpress\/wp-content\/uploads\/2020\/03\/IMG_20191011_170749-200x150.jpg 200w, https:\/\/zamosc.pttk.pl\/wordpress\/wp-content\/uploads\/2020\/03\/IMG_20191011_170749-768x576.jpg 768w, https:\/\/zamosc.pttk.pl\/wordpress\/wp-content\/uploads\/2020\/03\/IMG_20191011_170749.jpg 1024w, https:\/\/zamosc.pttk.pl\/wordpress\/wp-content\/uploads\/2020\/03\/IMG_20191011_170749-400x300.jpg 400w\" sizes=\"auto, (max-width: 300px) 100vw, 300px\" \/><\/a>Podczas zwiedzania miasta mo\u017cliwe wej\u015bcie (w miar\u0119 dost\u0119pno\u015bci \u2013 obowi\u0105zuje rezerwacja godzinowa) do Kaplicy Tr\u00f3jcy \u015awi\u0119tej na Zamku Lubelskim. Jest to jeden z najcenniejszych i najciekawszych przyk\u0142ad\u00f3w sztuki \u015bredniowiecznej w Polsce i Europie, w kt\u00f3rym spotka\u0142a si\u0119 i wsp\u00f3\u0142istnieje kultura Wschodu i Zachodu.\u00a0 We wn\u0119trzu tej gotyckiej \u015bwi\u0105tyni w 1418 roku wykonano bezcenne malowid\u0142a bizanty\u0144sko &#8211; ruskie.\u00a0 Bilet wst\u0119pu \u2013 zgodnie z cennikiem.<br \/>\nW\u015br\u00f3d atrakcji Lublina znajduje si\u0119 r\u00f3wnie\u017c \u00a0Trasa Podziemna (280 m.), kt\u00f3ra\u00a0 znajduje si\u0119 \u00a0pod Rynkiem i kamienicami Starego Miasta. Powsta\u0142a w wyniku po\u0142\u0105czenia kilkunastu staromiejskich piwnic, kt\u00f3rych historia si\u0119ga pocz\u0105tku XVI w., czyli okresu najwi\u0119kszej \u015bwietno\u015bci Lublina. Zosta\u0142y one po\u0142\u0105czone korytarzami i w ten spos\u00f3b pod miastem powsta\u0142 podziemny labirynt. Bilet wst\u0119pu \u2013 zgodnie z cennikiem.<\/p>\n<p>W miar\u0119 mo\u017cliwo\u015bci czasowych czas wolny do dyspozycji grupy.<br \/>\nW godzinach popo\u0142udniowych wyjazd w drog\u0119 powrotn\u0105.<\/p>\n<hr \/>\n<p>CENA WYCIECZKI ZALE\u017bNA JEST OD DOK\u0141ADNEJ ILO\u015aCI UCZESTNIK\u00d3W, OPIEKUN\u00d3W I TERMINU JEJ REALIZACJI.<\/p>\n<p>TERMIN WYCIECZKI \u2013 DO USTALENIA<\/p>\n<hr \/>\n<p>&nbsp;<\/p>\n<p>&nbsp;<\/p>\n<p>\u015awiadczenia przewidziane w cenie:<\/p>\n<ul>\n<li>transport autokarem turystycznym;<\/li>\n<li>op\u0142aty drogowe i parkingowe;<\/li>\n<li>obiad 2- daniowy z napojem;<\/li>\n<li>bilet wst\u0119pu do parku trampolin;<\/li>\n<li>opieka pilota \u2013 przewodnika przez ca\u0142y czas trwania wycieczki.<\/li>\n<\/ul>\n<hr \/>\n<p style=\"text-align: right;\">Powy\u017cszy program jest ramowy a kolejno\u015b\u0107 zwiedzania mo\u017ce ulec zmianie.<br \/>\nPrzedstawion\u0105 propozycj\u0119 mo\u017cna modyfikowa\u0107 zgodnie z \u017cyczeniem grupy.<\/p>\n","protected":false},"excerpt":{"rendered":"<p>Ramowy program wycieczki: Wyjazd z um\u00f3wionego miejsca w godzinach porannych. Przejazd na lotnisko w \u015awidniku dzia\u0142aj\u0105ce od 2012 r. Uczestnicy wycieczki zobacz\u0105 elementy infrastruktury portu lotniczego w strefie og\u00f3lnodost\u0119pnej, zapoznaj\u0105 si\u0119 z prac\u0105 lotniska jak i elementami \u201e\u015bcie\u017cki pasa\u017cera&#8221;. W &hellip; <a class=\"more-link\" href=\"https:\/\/zamosc.pttk.pl\/wordpress\/?page_id=15925\">Czytaj dalej <span class=\"meta-nav\">&rarr;<\/span><\/a><\/p>\n","protected":false},"author":1,"featured_media":0,"parent":0,"menu_order":0,"comment_status":"closed","ping_status":"closed","template":"","meta":{"footnotes":""},"class_list":["post-15925","page","type-page","status-publish","hentry"],"_links":{"self":[{"href":"https:\/\/zamosc.pttk.pl\/wordpress\/index.php?rest_route=\/wp\/v2\/pages\/15925","targetHints":{"allow":["GET"]}}],"collection":[{"href":"https:\/\/zamosc.pttk.pl\/wordpress\/index.php?rest_route=\/wp\/v2\/pages"}],"about":[{"href":"https:\/\/zamosc.pttk.pl\/wordpress\/index.php?rest_route=\/wp\/v2\/types\/page"}],"author":[{"embeddable":true,"href":"https:\/\/zamosc.pttk.pl\/wordpress\/index.php?rest_route=\/wp\/v2\/users\/1"}],"replies":[{"embeddable":true,"href":"https:\/\/zamosc.pttk.pl\/wordpress\/index.php?rest_route=%2Fwp%2Fv2%2Fcomments&post=15925"}],"version-history":[{"count":9,"href":"https:\/\/zamosc.pttk.pl\/wordpress\/index.php?rest_route=\/wp\/v2\/pages\/15925\/revisions"}],"predecessor-version":[{"id":15937,"href":"https:\/\/zamosc.pttk.pl\/wordpress\/index.php?rest_route=\/wp\/v2\/pages\/15925\/revisions\/15937"}],"wp:attachment":[{"href":"https:\/\/zamosc.pttk.pl\/wordpress\/index.php?rest_route=%2Fwp%2Fv2%2Fmedia&parent=15925"}],"curies":[{"name":"wp","href":"https:\/\/api.w.org\/{rel}","templated":true}]}}