{"id":14928,"date":"2019-09-29T20:32:53","date_gmt":"2019-09-29T18:32:53","guid":{"rendered":"http:\/\/www.zamosc.pttk.pl\/wordpress\/?page_id=14928"},"modified":"2019-11-20T16:57:52","modified_gmt":"2019-11-20T15:57:52","slug":"szymonowiczowskie-reminiscencje-1629-1929-2019","status":"publish","type":"page","link":"https:\/\/zamosc.pttk.pl\/wordpress\/?page_id=14928","title":{"rendered":"Szymonowiczowskie reminiscencje 1629 &#8211; 1929 &#8211; 2019"},"content":{"rendered":"<p>Dzie\u0144 pierwszy 26.09. &#8211; Dyktando<\/p>\n<p><strong>Wsp\u00f3\u0142tw<\/strong><strong>\u00f3rca zamojskich \u201eAten\u201d<\/strong><\/p>\n<p>Wznosz\u0105c Zamo\u015b\u0107, jako idealn\u0105 stolic\u0119 \u201epa\u0144stwa zamojskiego\u201d, Jan Zamoyski tworzy\u0142 silny o\u015brodek administracyjny, gospodarczy, naukowy<br \/>\ni kulturalny. Kanclerz zapragn\u0105\u0142, aby zgodnie z doktryn\u0105 Cycerona podporz\u0105dkowa\u0107 ca\u0142o\u015b\u0107 za\u0142o\u017cenia miejskiego zasadzie harmonii wszystkich jego element\u00f3w. Urodzony w lwowskiej mieszcza\u0144skiej rodzinie wybitny filolog i poeta, Szymon Szymonowic, okaza\u0142 si\u0119 najwa\u017cniejszym pomocnikiem kanclerza w realizacji jego idei oraz wsp\u00f3\u0142tw\u00f3rc\u0105 instytucji o\u015bwiatowo-kulturalnych: Akademii Zamojskiej oraz zwi\u0105zanej z ni\u0105 drukarni i biblioteki. W li\u015bcie do poety z 12 marca 1593 r. Jan Zamoyski pisa\u0142: \u201eM\u00f3j \u0142askawy panie Simonides! (\u2026) Zgo\u0142a chc\u0119 ja mie\u0107 (\u2026) szko\u0142\u0119 obywatelsk\u0105, z kt\u00f3rej wychodziliby tacy, \u017ceby ku pomno\u017ceniu chwa\u0142y bo\u017cej \u017cyli i Jego K. Mo\u015bci,<br \/>\ni Rzeczypospolitej (\u2026). Prosz\u0119 tedy WMs\u0107 przyjaciela swego, aby\u015b mi WM\u015b\u0107 raczy\u0142 osoby do tego sposobne rai\u0107 (\u2026)\u201d.<\/p>\n<p>Pe\u0142ni\u0105cy funkcj\u0119 \u201eministra o\u015bwiaty i kultury\u201d na dworze Jana Zamoyskiego autor \u201eSielanek\u201d skompletowa\u0142 zesp\u00f3\u0142 profesorski, uczestniczy\u0142 w pracach przy uk\u0142adaniu programu, planu nauk i regulamin\u00f3w wewn\u0119trznych uczelni. Werbuj\u0105c profesor\u00f3w troszczy\u0142 si\u0119 o to, aby \u015bci\u0105ga\u0107 do Zamo\u015bcia najlepsze umys\u0142y w Rzeczypospolitej.<\/p>\n<p>Szczeg\u00f3ln\u0105 zas\u0142ug\u0105 Szymonowica by\u0142o zorganizowanie w Zamo\u015bciu drukarni akademickiej. Jej publikacje do dzisiaj uchodz\u0105 za bia\u0142e kruki o nieprzemijaj\u0105cej warto\u015bci, czego wybitnym przyk\u0142adem pozostaj\u0105 wydane<br \/>\nw 1614 roku, wspomniane ju\u017c wcze\u015bniej, \u201eSielanki\u201d. Warto pami\u0119ta\u0107, \u017ce to w\u0142a\u015bnie w drukarni zamojskiej po raz pierwszy w druku zastosowano pisowni\u0119 \u201eo\u201d z kresk\u0105. Szymonowic dbaj\u0105c o szat\u0119 graficzn\u0105 ksi\u0105\u017cki, stosowa\u0142 czcionki charakteryzuj\u0105ce si\u0119 pi\u0119knym krojem, daj\u0105c pierwsze\u0144stwo antykwie przed tradycyjn\u0105 szwabach\u0105. W li\u015bcie do Zamoyskiego z 13 grudnia 1593 r. pisa\u0142: \u201ePolskie pismo niechajby by\u0142o wed\u0142ug ortografii pana Kochanowskiego; tylko bym je z niemieckiego charakteru na w\u0142oski raczej odmieni\u0142\u201d.<br \/>\nTrzecia wreszcie czynno\u015b\u0107 zwi\u0105zana z organizacj\u0105 o\u015brodka akademickiego<br \/>\nw Zamo\u015bciu to gromadzenie ksi\u0119gozbioru. Rozpocz\u0105\u0142 je Szymonowic ju\u017c w 1594 r. i kontynuowa\u0142 w latach nast\u0119pnych.<\/p>\n<p>Takiemu to cz\u0142owiekowi &#8211; wsp\u00f3\u0142tw\u00f3rcy i wsp\u00f3\u0142organizatorowi zamojskich \u201eAten\u201d &#8211; powierzy\u0142 Jan Zamoyski r\u00f3wnie\u017c kierowanie nauk\u0105 i wychowaniem swego syna Tomasza. Cho\u0107 napisana przez Szymonowica instrukcja \u201eO wychowaniu JMo\u015bci Pana Tomasza\u201d pocz\u0105tkowo zosta\u0142a przez Zamoyskiego\u00a0 przyj\u0119ta krytycznie, to ostatecznie powierzono mu kierowanie nauk\u0105<br \/>\ni wychowaniem m\u0142odego hetmanowicza.<\/p>\n<p>T<em>ekst dyktanda opracowa\u0142 Pan prof. Piotr Linek<\/em><\/p>\n<p>[huge_it_slider id=&#8221;211 &#8222;]<\/p>\n<p>&nbsp;<\/p>\n<p>Dzie\u0144 drugi 27.09. &#8211; Sesja Krajoznawcza<\/p>\n<p>[huge_it_slider id=&#8221;213 &#8222;]<\/p>\n<p>&nbsp;<\/p>\n<p>Dzie\u0144 trzeci 28.09 &#8211; Wycieczka do Czerni\u0119cina, Turobina i okolic<\/p>\n<p>Trasa przejazdu i zwiedzania: Zamo\u015b\u0107 &#8211; Klemens\u00f3w &#8211; Michal\u00f3w &#8211; Su\u0142\u00f3w &#8211; Turobin &#8211; Czerni\u0119cin &#8211; Radecznica &#8211; S\u0105siadka i do Zamo\u015bcia.<\/p>\n<p>Wycieczk\u0119 obs\u0142ugiwali przewodnicy zamojscy PTTK: Edward S\u0142oniewski, Pawe\u0142 Koman. Wyjechalismy z Zamo\u015bcia w kierunku Bodaczowa, kol. Edward S\u0142oniewski wskaza\u0142 kt\u00f3r\u0119dy prowadzi\u0142a drog\u0105, kt\u00f3r\u0105 podr\u00f3\u017cowa\u0142 Szymon Szymonowicz do czerni\u0119cina. Droga ta zaznaczona jest na mapie Miega z prze\u0142omu XVIII\/XIX w. Niestety nie mogli\u015bmy wej\u015b\u0107 na teren parku klemensowskiego poniewa\u017c nie wyrazi\u0142 zgody obecny w\u0142a\u015bciciel. Su\u0142\u00f3w, obejrzeli\u015bmy wi\u0119c\u00a0 obiekty z drogi.<\/p>\n<p>Jechali\u015bmy przez Michal\u00f3w, Deszkowice, Su\u0142\u00f3w do Nowej Wsi. Tutaj kol. Edward wskaza\u0142 przebieg granicy cyrku\u0142u zamojskiego i zaboru rosyjskiego. W tym miejscu by\u0142a komora celna i przej\u015bcie dla urz\u0119dnik\u00f3w Ordynacji\u00a0 Zamojskiej. Poniewa\u017c dobra O.Z. w\u00f3wczas by\u0142y po\u0142o\u017cone w dw\u00f3ch zaborach. Obecnie jest tutaj granica administracyjna, W Czerni\u0119cinie zwiedzili\u015bmy ko\u015bci\u00f3\u0142 parafialny p.w. \u015bw. Katarzyny oraz miejsce, w kt\u00f3rym by\u0142 dw\u00f3r Szymona Szymowicza. Zostali\u015bmy zaproszeni do gospodarstwa agroturystycznego p. Mierzwy. Zobaczyli\u015bmy ciekawe fotografie oraz dawne sprz\u0119ty u\u017cywane w gospodarstwach domowych. Placki z jab\u0142kami by\u0142y smakowite. Nast\u0119pnie udali\u015bmy si\u0119 na cmentarz parafialny, obejrzeli\u015bmy pomniki z I wojny \u015bwiatowej i dzier\u017cawc\u00f3w folwark\u00f3w ordynackich.<\/p>\n<p>Nast\u0119pnie udali\u015bmy si\u0119 do Turobina. Zwiedzili\u015bmy kosci\u00f3\u0142 parafialny wybudowany w stylu renesansu lubelskiego oraz tereny zamku turobi\u0144skiego. Nast\u0119pnie przez Hut\u0119 Turobi\u0144sk\u0105, Gr\u00f3dki, Hoszni\u0119 Ordynack\u0105, Gil\u00f3w do Podlesia Ma\u0142ego. Pod Podlesiem Du\u017cym do dzisiaj od XVIII w. jest czytelna granica cyrku\u0142u zamojskiego. S\u0105 tu granice powiat\u00f3w, gmin, archidiecezji, dekanat\u00f3w i parafii.<\/p>\n<p>W podlesiu Ma\u0142ym zobaczyli\u015bmy jezioro. Wg naukowc\u00f3w powsta\u0142o w wyniku upadku meteorytu. Przejechali\u015bmy drog\u0105 lokaln\u0105 na wzg\u00f3rze pod Zaporzem, gdzie zobaczyli\u015bmy cmentarz z I wojny \u015bwiatowej i panoram\u0119 doliny Poru. Rzeka oddziela Roztocze od Wy\u017cyny Lubelskiej.<\/p>\n<p>W S\u0105siadce opr\u00f3cz zwiedzania grodziska odby\u0142o si\u0119 ognisko integracyjne. Odby\u0142 si\u0119 pokaz grupy rekonstrukcyjnej<\/p>\n<p>Stowarzyszenia Grodzisko S\u0105siadka Dawny Sutiejsk.<\/p>\n<p>Trasa wycieczki przebiega\u0142a w wi\u0119kszo\u015bci po terenie powiatu zamojskiego oraz terenach zwi\u0105zanych historycznie z obecnym powiatem zamojskim.<\/p>\n<p>Cz\u0119\u015b\u0107 pierwsza<\/p>\n<p>[huge_it_slider id=&#8221;214 &#8222;]<\/p>\n<p>&nbsp;<\/p>\n<p>Cz\u0119\u015b\u0107 druga<\/p>\n<p>[huge_it_slider id=&#8221;215 &#8222;]<\/p>\n","protected":false},"excerpt":{"rendered":"<p>Dzie\u0144 pierwszy 26.09. &#8211; Dyktando Wsp\u00f3\u0142tw\u00f3rca zamojskich \u201eAten\u201d Wznosz\u0105c Zamo\u015b\u0107, jako idealn\u0105 stolic\u0119 \u201epa\u0144stwa zamojskiego\u201d, Jan Zamoyski tworzy\u0142 silny o\u015brodek administracyjny, gospodarczy, naukowy i kulturalny. Kanclerz zapragn\u0105\u0142, aby zgodnie z doktryn\u0105 Cycerona podporz\u0105dkowa\u0107 ca\u0142o\u015b\u0107 za\u0142o\u017cenia miejskiego zasadzie harmonii wszystkich jego &hellip; <a class=\"more-link\" href=\"https:\/\/zamosc.pttk.pl\/wordpress\/?page_id=14928\">Czytaj dalej <span class=\"meta-nav\">&rarr;<\/span><\/a><\/p>\n","protected":false},"author":1,"featured_media":0,"parent":0,"menu_order":0,"comment_status":"closed","ping_status":"closed","template":"","meta":{"footnotes":""},"class_list":["post-14928","page","type-page","status-publish","hentry"],"_links":{"self":[{"href":"https:\/\/zamosc.pttk.pl\/wordpress\/index.php?rest_route=\/wp\/v2\/pages\/14928","targetHints":{"allow":["GET"]}}],"collection":[{"href":"https:\/\/zamosc.pttk.pl\/wordpress\/index.php?rest_route=\/wp\/v2\/pages"}],"about":[{"href":"https:\/\/zamosc.pttk.pl\/wordpress\/index.php?rest_route=\/wp\/v2\/types\/page"}],"author":[{"embeddable":true,"href":"https:\/\/zamosc.pttk.pl\/wordpress\/index.php?rest_route=\/wp\/v2\/users\/1"}],"replies":[{"embeddable":true,"href":"https:\/\/zamosc.pttk.pl\/wordpress\/index.php?rest_route=%2Fwp%2Fv2%2Fcomments&post=14928"}],"version-history":[{"count":9,"href":"https:\/\/zamosc.pttk.pl\/wordpress\/index.php?rest_route=\/wp\/v2\/pages\/14928\/revisions"}],"predecessor-version":[{"id":15342,"href":"https:\/\/zamosc.pttk.pl\/wordpress\/index.php?rest_route=\/wp\/v2\/pages\/14928\/revisions\/15342"}],"wp:attachment":[{"href":"https:\/\/zamosc.pttk.pl\/wordpress\/index.php?rest_route=%2Fwp%2Fv2%2Fmedia&parent=14928"}],"curies":[{"name":"wp","href":"https:\/\/api.w.org\/{rel}","templated":true}]}}