{"id":14167,"date":"2018-12-30T08:32:24","date_gmt":"2018-12-30T07:32:24","guid":{"rendered":"http:\/\/www.zamosc.pttk.pl\/wordpress\/?page_id=14167"},"modified":"2018-12-30T08:46:33","modified_gmt":"2018-12-30T07:46:33","slug":"koledowanie-przewodnickie-2018","status":"publish","type":"page","link":"https:\/\/zamosc.pttk.pl\/wordpress\/?page_id=14167","title":{"rendered":"Kol\u0119dowanie przewodnickie 2018"},"content":{"rendered":"<p>Drodzy Przewodnicy,<br \/>\ninformujemy, \u017ce 28 grudnia (pi\u0105tek) o godz. 16.00 w Katedrze Zamojskiej odby\u0142o si\u0119 II (ju\u017c)\u00a0Kol\u0119dowanie Przewodnik\u00f3w.<br \/>\nWszyscy, kt\u00f3rzy mieli ochot\u0119 spotka\u0107 si\u0119, aby uczci\u0107\u00a0narodzone Bo\u017ce Dzieci\u0105tko,\u00a0po\u015bpiewa\u0107 kol\u0119dy przy akompaniamencie\u00a0gitary, poczyta\u0107 i pos\u0142ucha\u0107\u00a0poezji, serdecznie zaprosili\u015bmy.<br \/>\nZ \u017cyczeniami radosnych \u015awi\u0105t Bo\u017cego Narodzenia,<\/p>\n<p>Agnieszka Linek i Krzysztof Ha\u0142on,<br \/>\nZamojscy Przewodnicy PTTK<\/p>\n<p>W kol\u0119dowaniu wzi\u0119\u0142o udzia\u0142 26 os\u00f3b, przewodnicy PTTK, ich rodziny i przyjaciele<\/p>\n<hr \/>\n<p>[huge_it_slider id=&#8221;191 &#8222;]<\/p>\n","protected":false},"excerpt":{"rendered":"<p>Drodzy Przewodnicy, informujemy, \u017ce 28 grudnia (pi\u0105tek) o godz. 16.00 w Katedrze Zamojskiej odby\u0142o si\u0119 II (ju\u017c)\u00a0Kol\u0119dowanie Przewodnik\u00f3w. Wszyscy, kt\u00f3rzy mieli ochot\u0119 spotka\u0107 si\u0119, aby uczci\u0107\u00a0narodzone Bo\u017ce Dzieci\u0105tko,\u00a0po\u015bpiewa\u0107 kol\u0119dy przy akompaniamencie\u00a0gitary, poczyta\u0107 i pos\u0142ucha\u0107\u00a0poezji, serdecznie zaprosili\u015bmy. Z \u017cyczeniami radosnych \u015awi\u0105t &hellip; <a class=\"more-link\" href=\"https:\/\/zamosc.pttk.pl\/wordpress\/?page_id=14167\">Czytaj dalej <span class=\"meta-nav\">&rarr;<\/span><\/a><\/p>\n","protected":false},"author":1,"featured_media":0,"parent":0,"menu_order":0,"comment_status":"closed","ping_status":"closed","template":"","meta":{"footnotes":""},"class_list":["post-14167","page","type-page","status-publish","hentry"],"_links":{"self":[{"href":"https:\/\/zamosc.pttk.pl\/wordpress\/index.php?rest_route=\/wp\/v2\/pages\/14167","targetHints":{"allow":["GET"]}}],"collection":[{"href":"https:\/\/zamosc.pttk.pl\/wordpress\/index.php?rest_route=\/wp\/v2\/pages"}],"about":[{"href":"https:\/\/zamosc.pttk.pl\/wordpress\/index.php?rest_route=\/wp\/v2\/types\/page"}],"author":[{"embeddable":true,"href":"https:\/\/zamosc.pttk.pl\/wordpress\/index.php?rest_route=\/wp\/v2\/users\/1"}],"replies":[{"embeddable":true,"href":"https:\/\/zamosc.pttk.pl\/wordpress\/index.php?rest_route=%2Fwp%2Fv2%2Fcomments&post=14167"}],"version-history":[{"count":6,"href":"https:\/\/zamosc.pttk.pl\/wordpress\/index.php?rest_route=\/wp\/v2\/pages\/14167\/revisions"}],"predecessor-version":[{"id":14184,"href":"https:\/\/zamosc.pttk.pl\/wordpress\/index.php?rest_route=\/wp\/v2\/pages\/14167\/revisions\/14184"}],"wp:attachment":[{"href":"https:\/\/zamosc.pttk.pl\/wordpress\/index.php?rest_route=%2Fwp%2Fv2%2Fmedia&parent=14167"}],"curies":[{"name":"wp","href":"https:\/\/api.w.org\/{rel}","templated":true}]}}