{"id":13707,"date":"2018-10-06T20:27:10","date_gmt":"2018-10-06T18:27:10","guid":{"rendered":"http:\/\/www.zamosc.pttk.pl\/wordpress\/?page_id=13707"},"modified":"2018-10-17T19:03:55","modified_gmt":"2018-10-17T17:03:55","slug":"49-rajd-rydz-na-patelni-wspomnienia","status":"publish","type":"page","link":"https:\/\/zamosc.pttk.pl\/wordpress\/?page_id=13707","title":{"rendered":"49 Rajd &#8222;Rydz na Patelni&#8221; wspomnienia"},"content":{"rendered":"<p>Uczestnicy Rajdu ze szk\u00f3\u0142:<\/p>\n<p>Szko\u0142y Podstawowej Nr 3 w Zamo\u015bciu, W\u0142\u00f3czykije z PDD w Zamo\u015bciu, Szko\u0142y Podstawowej w \u017bdanowie,<\/p>\n<p>Szko\u0142y Podstawowej Nr 8 w Zamo\u015bciu. Szko\u0142y Podstawowej Nr 6 w Zamo\u015bciu, Specjalnego O\u015brodka Szkolno-Wychowawczego w Zamo\u015bciu, Szko\u0142y Podstawowej Nr 1 w Szczebrzeszynie, Szko\u0142y Podstawowej w Nieliszu, Szko\u0142y Podstawowej z Z\u0142ojcu oraz tury\u015bci indywidualni razem 252 osoby.<\/p>\n<p>W czasie w\u0119dr\u00f3wki uczestnicy (kto chcia\u0142) zbierali jesienne grzyby w tym rydze. W\u0119drowcy odwiedzili miejsca historyczne na Tanwi\u0105 oraz podziwiali wspania\u0142e krajobrazy Roztocza \u015arodkowego.<\/p>\n<p>Oko\u0142o po\u0142udnia w\u0119drowcy doszli na met\u0119. Tutaj powita\u0142 ich kierownik Rajdu Krzysztof.<\/p>\n<p>Tras\u0119 1 przyprowadzili Pawe\u0142 i Ryszard,<\/p>\n<p>tras\u0119 2 przyprowadzili Adam, Agnieszka i Tadeusz,<\/p>\n<p>tras\u0119 3 przyprowadzili Adam i Marian.<\/p>\n<p>Po kr\u00f3tkim odpoczynku na polanie w Paarach odby\u0142y si\u0119 tradycyjne rajdowe konkursy:<\/p>\n<p>krajoznawczy, kt\u00f3ry tym razem cieszy\u0142 si\u0119 du\u017cym zainteresowaniem,<\/p>\n<p>piosenki turystycznej,<\/p>\n<p>sprawno\u015bciowy tzn. biegi w workach,<\/p>\n<p>najwa\u017cniejszy na tym rajdzie tzn. na kr\u00f3la i kr\u00f3low\u0105 grzybobrania.<\/p>\n<p>Komisje intensywnie pracowa\u0142y i rozdziela\u0142y nagrody.<\/p>\n<p>Du\u017co nagr\u00f3d w postaci wydawnictw promocyjnych otrzymali\u015bmy od Gminy Susiec. Serdecznie dzi\u0119kujemy w imieniu m\u0142odych turyst\u00f3w.<\/p>\n<p>Tu\u017c po 14-tej wsiedli\u015bmy do autokar\u00f3w i wr\u00f3cili\u015bmy do swoich dom\u00f3w.<\/p>\n<p>Serdecznie dzi\u0119kujemy Kadrze za sprawna organizacj\u0119 Rajdu.<\/p>\n<p>Bardzo serdecznie dzi\u0119kujemy Paniom z Paar\u00a0 &#8211; Pani So\u0142tys Danucie Pakosik oraz Pani Annie Soluch za pomoc w organizacji mety Rajdu.<\/p>\n<p>&nbsp;<\/p>\n<p>Galeria Edwarda<\/p>\n<p>[huge_it_slider id=&#8221;174 &#8222;]<\/p>\n<p>&nbsp;<\/p>\n<p>[huge_it_slider id=&#8221;175 &#8222;]<\/p>\n","protected":false},"excerpt":{"rendered":"<p>Uczestnicy Rajdu ze szk\u00f3\u0142: Szko\u0142y Podstawowej Nr 3 w Zamo\u015bciu, W\u0142\u00f3czykije z PDD w Zamo\u015bciu, Szko\u0142y Podstawowej w \u017bdanowie, Szko\u0142y Podstawowej Nr 8 w Zamo\u015bciu. Szko\u0142y Podstawowej Nr 6 w Zamo\u015bciu, Specjalnego O\u015brodka Szkolno-Wychowawczego w Zamo\u015bciu, Szko\u0142y Podstawowej Nr 1 &hellip; <a class=\"more-link\" href=\"https:\/\/zamosc.pttk.pl\/wordpress\/?page_id=13707\">Czytaj dalej <span class=\"meta-nav\">&rarr;<\/span><\/a><\/p>\n","protected":false},"author":1,"featured_media":0,"parent":0,"menu_order":0,"comment_status":"closed","ping_status":"closed","template":"","meta":{"footnotes":""},"class_list":["post-13707","page","type-page","status-publish","hentry"],"_links":{"self":[{"href":"https:\/\/zamosc.pttk.pl\/wordpress\/index.php?rest_route=\/wp\/v2\/pages\/13707","targetHints":{"allow":["GET"]}}],"collection":[{"href":"https:\/\/zamosc.pttk.pl\/wordpress\/index.php?rest_route=\/wp\/v2\/pages"}],"about":[{"href":"https:\/\/zamosc.pttk.pl\/wordpress\/index.php?rest_route=\/wp\/v2\/types\/page"}],"author":[{"embeddable":true,"href":"https:\/\/zamosc.pttk.pl\/wordpress\/index.php?rest_route=\/wp\/v2\/users\/1"}],"replies":[{"embeddable":true,"href":"https:\/\/zamosc.pttk.pl\/wordpress\/index.php?rest_route=%2Fwp%2Fv2%2Fcomments&post=13707"}],"version-history":[{"count":4,"href":"https:\/\/zamosc.pttk.pl\/wordpress\/index.php?rest_route=\/wp\/v2\/pages\/13707\/revisions"}],"predecessor-version":[{"id":13776,"href":"https:\/\/zamosc.pttk.pl\/wordpress\/index.php?rest_route=\/wp\/v2\/pages\/13707\/revisions\/13776"}],"wp:attachment":[{"href":"https:\/\/zamosc.pttk.pl\/wordpress\/index.php?rest_route=%2Fwp%2Fv2%2Fmedia&parent=13707"}],"curies":[{"name":"wp","href":"https:\/\/api.w.org\/{rel}","templated":true}]}}