{"id":13318,"date":"2018-06-17T18:00:43","date_gmt":"2018-06-17T16:00:43","guid":{"rendered":"http:\/\/www.zamosc.pttk.pl\/wordpress\/?page_id=13318"},"modified":"2018-07-30T19:30:26","modified_gmt":"2018-07-30T17:30:26","slug":"ochrona-danych-osobowych","status":"publish","type":"page","link":"https:\/\/zamosc.pttk.pl\/wordpress\/?page_id=13318","title":{"rendered":"Ochrona danych osobowych"},"content":{"rendered":"<p>Kole\u017canki i Koledzy,<br \/>\nw zwi\u0105zku z tym, \u017ce od 25 maja 2018 r. przy przetwarzaniu danych osobowych nale\u017cy stosowa\u0107 przepisy Rozporz\u0105dzenia Parlamentu Europejskiego i Rady (UE) 2016\/679 z dnia 27 kwietnia 2016 r. w sprawie os\u00f3b fizycznych w zwi\u0105zku z przetwarzaniem danych osobowych i ich swobodnym przep\u0142ywem, informujemy, \u017ce Administratorem (podmiotem ustalaj\u0105cym cele i sposoby przetwarzania danych osobowych) Pani\/a danych osobowych jest Polskie Towarzystwo Turystyczno-Krajoznawcze (zwane dalej r\u00f3wnie\u017c \u201ePTTK\u201d lub \u201eStowarzyszeniem\u201d) z siedzib\u0105 w Warszawie przy ul. Senatorskiej 11, wpisane do rejestru stowarzysze\u0144 Krajowego Rejestru S\u0105dowego pod numerem 100817. Kontakt z Inspektorem Ochrony Danych (dawniej ABI):\u00a0<a href=\"mailto:krapst@krapst.eu\">krapst@krapst.eu<\/a>. Dane osobowe b\u0119d\u0105 przetwarzane w celach statutowych oraz zgodnie tre\u015bci\u0105 udzielonych Administratorowi zg\u00f3d. Podstaw\u0105 prawn\u0105 przetwarzania jest zgoda osoby, kt\u00f3rej dane dotycz\u0105. Dane b\u0119d\u0105 przetwarzane do czasu, w kt\u00f3rym ustanie cel, dla kt\u00f3rego zosta\u0142y zebrane lub sprzeciwu, co do przetwarzania danych osobowych osoby, kt\u00f3rej dane dotycz\u0105, w zale\u017cno\u015bci co nast\u0105pi pierwsze. Ka\u017cdy ma prawo \u017c\u0105dania od Administratora dost\u0119pu do danych osobowych, ich sprostowania, usuni\u0119cia, ograniczenia przetwarzania, a tak\u017ce prawo do przenoszenia danych i wniesienia sprzeciwu wobec przetwarzania. Ka\u017cdy ma prawo do cofni\u0119cia zgody na przetwarzanie danych osobowych, kt\u00f3r\u0105 udzieli\u0142 Administratorowi. Wycofanie zgody nie ma wp\u0142ywu na zgodno\u015b\u0107 z prawem przetwarzania, kt\u00f3rego dokonano przed jej cofni\u0119ciem. Ka\u017cdy ma prawo do wniesienia skargi do Prezesa Urz\u0119du Ochrony Danych Osobowych.<\/p>\n<hr \/>\n<p><span style=\"color: #ff0000;\"><strong><span style=\"font-size: 17px;\">RODO<\/span><\/strong><\/span><\/p>\n<p>Zgodnie z art. 13 ust. 1 i ust. 2 rozporz\u0105dzenia Parlamentu Europejskiego i Rady (UE) 2016\/679 z 27 kwietnia 2016 r. w sprawie ochrony os\u00f3b fizycznych w zwi\u0105zku z przetwarzaniem danych osobowych i w sprawie swobodnego przep\u0142ywu takich danych oraz uchylenia dyrektywy 95\/46\/WE (RODO), informujemy wszystkie osoby, kt\u00f3rych dane osobowe, nawet fragmentaryczne, musz\u0105 by\u0107 przetwarzane w PTTK Oddzia\u0142\u00a0 \u00a0w Zamo\u015bciu z uwagi na prowadzon\u0105\u00a0\u00a0dzia\u0142alno\u015b\u0107 turystyczn\u0105 i zwi\u0105zane z tym czynno\u015bci administracyjne, \u017ce:<\/p>\n<p>Administrator<\/p>\n<p>Administratorem\u00a0Pa\u0144stwa danych osobowych jest\u00a0 Polskie Towarzystwo Turystyczno &#8211; Krajoznawcze Oddzia\u0142 w Zamo\u015bciu,\u00a0ul. St. Staszica 31, 22-400 Zamo\u015b\u0107, KRS:\u00a00000044143,\u00a0REGON:\u00a0950013582,\u00a0\u00a0e-mail:pttk.zamosc@pro.onet.pl<\/p>\n<p>PTTK jako podmiot przetwarzaj\u0105cy<\/p>\n<p>W przypadkach, kiedy PTTK po\u015bredniczy w sprzeda\u017cy us\u0142ug innego podmiotu, np. w sprzeda\u017cy us\u0142ug ubezpieczeniowych, us\u0142ug innych touroperator\u00f3w i przewo\u017anik\u00f3w, pozyskuje dane na potrzeby wskazanego podmiotu, jako tzw. podmiot przetwarzaj\u0105cy, i nie staje si\u0119 ich administratorem. Takie dane przekazujemy podmiotowi, na rzecz kt\u00f3rego zosta\u0142y zebrane. Z tak\u0105 sytuacj\u0105 spotkacie si\u0119 Pa\u0144stwo, np. kiedy, za po\u015brednictwem PTTK, wykupicie wycieczk\u0119 organizowan\u0105 przez innego touroperatora (podpiszecie z innym touroperatorem umow\u0119).\u00a0\u00a0Wszelkie zamieszczone poni\u017cej informacje dotycz\u0105 natomiast sytuacji, kiedy PTTK przetwarza Pa\u0144stwa dane osobowe jako ich Administrator.<\/p>\n<p>W jakim celu i na jakiej podstawie przetwarzamy dane<\/p>\n<p>Dane osobowe mog\u0105 by\u0107 przetwarzane s\u0105 na podstawie i w celu:<\/p>\n<p>Dane cz\u0142onk\u00f3w PTTK<\/p>\n<ul>\n<li>dane przetwarzane s\u0105 na potrzeby\u00a0przyj\u0119cia do PTTK, utrzymywania kontaktu z cz\u0142onkami (np. w celu obowi\u0105zkowego pozyskiwania sk\u0142adek i zawiadamiania o walny zgromadzeniu) oraz\u00a0\u00a0realizacji dzia\u0142a\u0144 statutowych \u2013 art. 6 ust. 1 lit. b i f RODO; podstaw\u0105 do przetwarzania danych cz\u0142onk\u00f3w za\u0142o\u017cycieli jest konieczno\u015b\u0107 wykonania ci\u0105\u017c\u0105cych na Administratorze obowi\u0105zk\u00f3w prawnych (okre\u015blonych przez przepisy ustawy Prawo o stowarzyszeniach) \u2013 art. 6 ust. 1 lit. c RODO<\/li>\n<\/ul>\n<p>Dane cz\u0142onk\u00f3w klub\u00f3w<\/p>\n<ul>\n<li>dane przetwarzane s\u0105 na potrzeby\u00a0przyj\u0119cia do klubu, utrzymywania kontaktu z cz\u0142onkami oraz\u00a0\u00a0realizacji dzia\u0142a\u0144 statutowych \u2013 art. 6 ust. 1 lit. b i f RODO<\/li>\n<\/ul>\n<p>Dane zdobywc\u00f3w odznak turystyki kwalifikowanej<\/p>\n<ul>\n<li>dane przetwarzane s\u0105 w celu przyznania odznaki &#8211; zweryfikowania spe\u0142nienia warunk\u00f3w do zdobycia odznaki, wydania i zewidencjonowania przyznanej oznaki, na podstawie zgody &#8211;\u00a0art. 6 ust. 1 lit. a RODO:\u00a0akceptacja regulaminu danej odznaki i przyst\u0105pienie do realizacji jego postanowie\u0144 oznacza wyra\u017cenie zgody na przetwarzania danych w celu zwi\u0105zanym z procesem przyznawania odznak<\/li>\n<\/ul>\n<p>Dane uczestnik\u00f3w imprez programowych<\/p>\n<p>(imprez organizowanych przez PTTK\u00a0w celach niezarobkowych, jako dzia\u0142alno\u015b\u0107 statutowa)<\/p>\n<ul>\n<li>dane przetwarzane s\u0105 na potrzeby wzi\u0119cia udzia\u0142u w imprezie programowej, na podstawie zgody &#8211;\u00a0art. 6 ust. 1 lit. a RODO<\/li>\n<\/ul>\n<p>Dane potencjalnych klient\u00f3w\/potencjalnych cz\u0142onk\u00f3w stowarzyszenia<\/p>\n<p>(dane os\u00f3b\u00a0kontaktuj\u0105cych si\u0119 z PTTK, np. za po\u015brednictwem maila, z pytaniem o us\u0142ugi lub jakimkolwiek innym pytaniem)<\/p>\n<ul>\n<li>dane przetwarzane s\u0105 w celu udzielenia odwiedzi na zadane pytanie &#8211; kontaktuj\u0105c si\u0119 z PTTK za po\u015brednictwem poczty elektronicznej i\/lub telefonicznie wyra\u017caj\u0105 Pa\u0144stwo zgod\u0119 na przetwarzanie podanych danych osobowych w celu udzielenia odpowiedzi na przes\u0142ane zapytanie \u2013 art. 6\u00a0ust. 1 lit. a RODO;<\/li>\n<li>dane przetwarzane s\u0105 w celu podj\u0119cia dzia\u0142a\u0144 przed zawarciem umowy, na \u017c\u0105danie osoby, kt\u00f3rej dane dotycz\u0105 (np. kiedy kontaktujecie si\u0119 Pa\u0144stwo z biurem podr\u00f3\u017cy prosz\u0105c o przedstawienie oferty na interesuj\u0105ce Pa\u0144stwa wycieczki) &#8211; art. 6\u00a0ust. 1 lit. b RODO<\/li>\n<\/ul>\n<p>Dane klient\u00f3w \u2013 os\u00f3b korzystaj\u0105cych z us\u0142ug PTTK<\/p>\n<ul>\n<li>dane przetwarzane s\u0105 w celu wykonania us\u0142ugi (art. 6 ust. 1 lit b RODO):<\/li>\n<\/ul>\n<ol>\n<li>a)\u00a0\u00a0\u00a0wyszukania i przedstawienia propozycji (ofert) imprez turystycznych \u2013 klienci biura podr\u00f3\u017cy,<\/li>\n<li>b)\u00a0\u00a0\u00a0zorganizowania imprezy turystycznej \u2013 w celu zawarcia i wykonania umowy &#8211;\u00a0klienci biura podr\u00f3\u017cy;<\/li>\n<li>c)\u00a0\u00a0\u00a0sprzeda\u017cy materia\u0142\u00f3w statutowych,<\/li>\n<li>d)\u00a0\u00a0\u00a0wykonania us\u0142ug szkoleniowych (np. przeprowadzenia kursu na przewodnik\u00f3w miejskich);<\/li>\n<\/ol>\n<ul>\n<li>dane przetwarzane s\u0105 w celu\u00a0wykonania ci\u0105\u017c\u0105cych na Administratorze obowi\u0105zk\u00f3w prawnych\u00a0\u00a0(art. 6 ust. 1 lit. c RODO):<\/li>\n<\/ul>\n<p>&#8211; wystawienia faktury,<\/p>\n<p>&#8211; zawarcia na rzecz os\u00f3b uczestnicz\u0105cych w zagranicznych imprezach turystycznych um\u00f3w ubezpieczenia od nast\u0119pstw nieszcz\u0119\u015bliwych wypadk\u00f3w i koszt\u00f3w leczenia,<\/p>\n<p>&#8211;\u00a0weryfikacji spe\u0142niania przez kandydat\u00f3w na przewodnik\u00f3w przes\u0142anek wskazanych w\u00a0ustawie o us\u0142ugach turystycznych;<\/p>\n<ul>\n<li>w przypadku kandydat\u00f3w na przewodnik\u00f3w &#8211; dane szczeg\u00f3lnej kategorii (o stanie zdrowia) przetwarzane s\u0105 w celu\u00a0weryfikacji, czy stan zdrowia kandydata na przewodnika umo\u017cliwia wykonywanie zawodu \u2013 na\u00a0\u00a0podstawie wyra\u017anej zgody \u2013 art. 9 ust. 2 lit. a<\/li>\n<\/ul>\n<p>Dane wsp\u00f3\u0142pracownik\u00f3w (os\u00f3b wsp\u00f3\u0142pracuj\u0105cych z nami\/\u015bwiadcz\u0105cych us\u0142ugi)<\/p>\n<ul>\n<li>dane przetwarzane s\u0105 w celu zawarcia i wykonania umowy &#8211; art. 6 ust. 1 lit b RODO;<\/li>\n<li>dane przetwarzane s\u0105 w celu wykonania obowi\u0105zk\u00f3w prawnych ci\u0105\u017c\u0105cych na Administratorze &#8211; realizacja przepis\u00f3w podatkowych oraz zwi\u0105zanych ze zg\u0142aszaniem do ubezpiecze\u0144 spo\u0142ecznych (w przypadku zleceniobiorc\u00f3w nie prowadz\u0105cych dzia\u0142alno\u015bci gospodarczej), dokumentowanie zdarze\u0144 gospodarczych &#8211; art. 6 ust. 1 lit c RODO;<\/li>\n<li>w przypadku przewodnik\u00f3w &#8211; dane szczeg\u00f3lnej kategorii (o stanie zdrowia) przetwarzane s\u0105 w celu\u00a0weryfikacji, czy stan zdrowia przewodnika umo\u017cliwia wykonanie umowy\/us\u0142ugi \u2013 na\u00a0\u00a0podstawie wyra\u017anej zgody \u2013 art. 9 ust. 2 lit. a<\/li>\n<\/ul>\n<p>Dane kandydat\u00f3w do pracy<\/p>\n<ul>\n<li>dane przetwarzane s\u0105 w celu realizacji procesu rekrutacji (je\u017celi w odpowiedzi na og\u0142oszenie lub z w\u0142asnej inicjatywy b\u0119dziecie Pa\u0144stwo aplikowa\u0107 o prac\u0119 w PTTK):<\/li>\n<\/ul>\n<p>&#8211; na podstawie art. 221\u00a0\u00a7 1 kodeksu pracy \u2013 dane kandydat\u00f3w do pracy wskazane w powo\u0142anym przepisie \u2013 art. 6 ust. 1 lit. c RODO,<\/p>\n<p>&#8211; na podstawie zgody (art. 6 ust. 1 lit. a RODO):<\/p>\n<p>(i)\u00a0\u00a0\u00a0\u00a0\u00a0\u00a0\u00a0\u00a0\u00a0\u00a0kandydat do pracy mo\u017ce wyrazi\u0107 zgod\u0119 na przetwarzanie przez nas zamieszczonych w dokumentach aplikacyjnych danych osobowych, wykraczaj\u0105cych poza zakres danych wskazanych w art. 221\u00a0\u00a7 1 kodeksu pracy, w celu realizacji procesu rekrutacji:<\/p>\n<p>Mo\u017cecie Pa\u0144stwo zamie\u015bci\u0107 w przes\u0142anym CV wi\u0119cej danych, ni\u017c przewiduje powo\u0142any przepis kodeksu pracy, w\u00f3wczas potrzebujemy Pa\u0144stwa zgody na ich przetwarzanie; w takich przypadkach prosimy o zmieszczenie w przesy\u0142anych dokumentach aplikacyjnych nast\u0119puj\u0105cej klauzuli zgody:<\/p>\n<p>\u201eWyra\u017cam zgod\u0119 na\u00a0przetwarzanie przez\u00a0Polskie Towarzystwo Turystyczno &#8211; Krajoznawcze Oddzia\u0142 w Zamo\u015bciu,\u00a0ul. St. Staszica 31, 22-400 Zamo\u015b\u0107, moich danych osobowych zawartych w dostarczonych przeze mnie dokumentach aplikacyjnych, wykraczaj\u0105cych poza zakres danych wskazanych w art. 221\u00a0\u00a7 1 kodeksu pracy, w celu realizacji procesu rekrutacji\u201d.<\/p>\n<p>(ii)\u00a0\u00a0\u00a0\u00a0\u00a0\u00a0\u00a0\u00a0\u00a0kandydat do pracy mo\u017ce wyrazi\u0107 zgod\u0119 na przetwarzanie przez nas danych osobowych w celu realizacji\u00a0przysz\u0142ych proces\u00f3w rekrutacyjnych:<\/p>\n<p>Je\u017celi chcieliby\u015bcie Pa\u0144stwo, aby przes\u0142ane dokumenty aplikacyjne zosta\u0142y wykorzystane w\u00a0przysz\u0142ych procesach w rekrutacyjnych, prosimy o zawarcie w CV klauzuli:<\/p>\n<p>\u201eWyra\u017cam zgod\u0119 na\u00a0przetwarzanie przez\u00a0Polskie Towarzystwo Turystyczno &#8211; Krajoznawcze Oddzia\u0142 w Zamo\u015bciu,\u00a0ul. St. Staszica 31, 22-400 Zamo\u015b\u0107, moich danych osobowych zawartych w dostarczonych przeze mnie dokumentach aplikacyjnych, w celu realizacji przysz\u0142ych proces\u00f3w rekrutacyjnych.\u201d<\/p>\n<p>W ka\u017cdym przypadku\u00a0dane\u00a0osobowe mog\u0105 by\u0107 przetwarzane tak\u017ce na podstawie i w celu:<\/p>\n<ul>\n<li>wype\u0142niania prawnie\u00a0uzasadnionych interes\u00f3w realizowanych przez Administratora, w tym marketingu bezpo\u015bredniego w\u0142asnych us\u0142ug \u2013 art. 6 ust. 1 lit f RODO,<\/li>\n<li>ustalenia, dochodzenia lub obrony roszcze\u0144 &#8211;\u00a0art. 6 ust. 1 lit f RODO,<\/li>\n<li>na podstawie zgody \u2013 w celu wskazanym w tre\u015bci udzielonej zgody &#8211;\u00a0art. 6 ust. 1 lit a RODO.<\/li>\n<\/ul>\n<p>Czy podanie danych osobowych jest obowi\u0105zkowe<\/p>\n<p>Podanie danych osobowych jest dobrowolne, jednak odmowa ich podania mo\u017ce skutkowa\u0107 brakiem mo\u017cliwo\u015bci zawarcia i wykonania umowy\/us\u0142ugi, przeprowadzenia procesu rekrutacji, udzielenia odpowiedzi na przes\u0142ane zapytanie, przyst\u0105pienia do PTTK oraz skorzystania z innych oferowanych przez PTTK mo\u017cliwo\u015bci.<\/p>\n<p>W przypadkach wskazanych powy\u017cej, w kt\u00f3rych podstaw\u0105 przetwarzania danych jest konieczno\u015b\u0107 wype\u0142nienia przez Administratora ci\u0105\u017c\u0105cego na nim obowi\u0105zku prawnego, podanie danych osobowych regulowane jest przez przepisy nak\u0142adaj\u0105ce na Administratora dany obowi\u0105zek.<\/p>\n<p>Czy potrzebna nam Pa\u0144stwa zgoda na przetwarzanie danych osobowych<\/p>\n<p>W sytuacjach wskazanych powy\u017cej, tj. w oparciu o wyszczeg\u00f3lnione podstawy prawne, i we wskazanych celach,\u00a0mo\u017cemy przetwarza\u0107 Pa\u0144stwa dane osobowe bez konieczno\u015bci uzyskiwania zgody. Chc\u0105c wykorzysta\u0107 dane w innych celach, np. w celu przesy\u0142ania Pa\u0144stwu informacji handlowych za po\u015brednictwem poczty elektronicznej, musimy poprosi\u0107 Pa\u0144stwa o zgod\u0119 na przetwarzanie danych osobowych.\u00a0Udzielenie zgody jest zawsze dobrowolne, a w razie jej udzielenia &#8211; dane osobowe przetwarzane b\u0119d\u0105 jednie w celu wskazanym w tre\u015bci zgody. Zgoda mo\u017ce by\u0107 w dowolnym momencie cofni\u0119ta, bez wp\u0142ywu na zgodno\u015b\u0107 z prawem przetwarzania dokonanego na jej podstawie przed cofni\u0119ciem. Zgod\u0119 mo\u017cna cofn\u0105\u0107 przesy\u0142aj\u0105c stosown\u0105 informacj\u0119 na adres mailowy:\u00a0pttk.zamosc@pro.onet.pl. Klient\u00f3w biura podr\u00f3\u017cy prosimy o przesy\u0142anie informacji na adres: pttk.zamosc@pro.onet.pl<\/p>\n<p>Profilowanie<br \/>\n\u017badne dotycz\u0105ce Pa\u0144stwa decyzje nie b\u0119d\u0105 podejmowane w spos\u00f3b zautomatyzowany. Dane osobowe mog\u0105 by\u0107 przetwarzane w formie profilowania, kt\u00f3re b\u0119dzie polega\u0142o na ewentualnym zaproponowaniu Pa\u0144stwu produkt\u00f3w\/us\u0142ug najlepiej dopasowanych (dedykowanych), np. na podstawie wskazanego kierunku interesuj\u0105cych Pa\u0144stwa wycieczek, czy wieku uczestnik\u00f3w wycieczki \u2013 w razie wyra\u017cenia zgody na\u00a0przesy\u0142anie informacji handlowych.<\/p>\n<p>Czy przekazujemy komu\u015b Pa\u0144stwa dane osobowe<\/p>\n<p>Co do zasady \u2013 nikomu nie udost\u0119pniamy powierzonych nam danych osobowych, chyba \u017ce jest to konieczne do wykonania us\u0142ugi:<\/p>\n<ul>\n<li>w przypadku us\u0142ugi organizacji imprezy turystycznej &#8211; dane osobowe b\u0119d\u0105udost\u0119pniane w celu realizacji umowy podmiotom uczestnicz\u0105cym w jej realizacji, w szczeg\u00f3lno\u015bci takim jak: hotele, linie lotnicze i\/lub inni przewo\u017anicy, podmioty prowadz\u0105ce platformy rezerwacyjne (nocleg\u00f3w, bilet\u00f3w, parking\u00f3w itd.) oraz organom wizowym;\u00a0w celu\u00a0wykonania ci\u0105\u017c\u0105cych na Administratorze obowi\u0105zk\u00f3w prawnych\u00a0\u00a0&#8211;\u00a0ubezpieczycielom;\u00a0dane\u00a0osobowe nie b\u0119d\u0105\u00a0przekazywane poza obszar UE ani do organizacji mi\u0119dzynarodowej;<\/li>\n<li>w przypadku zagranicznej imprezy programowej &#8211; dane osobowe b\u0119d\u0105 udost\u0119pniane ubezpieczycielom (ubezpieczenie KL).<\/li>\n<\/ul>\n<p>PTTK,\u00a0jako jednostka organizacyjna\u00a0Polskiego Towarzystwa Turystyczno-Krajoznawczego, udost\u0119pnia\u00a0\u00a0Polskiemu Towarzystwu Turystyczno-Krajoznawczemu dane osobowe swoich cz\u0142onk\u00f3w oraz\u00a0os\u00f3b przyst\u0119puj\u0105cych do egzaminu na przewodnika turystycznego \u2013 w celach statutowych (np.\u00a0wysy\u0142aj\u0105c wnioski o nadanie odznak, medali i dyplom\u00f3w oraz wnioski o nadanie uprawnie\u0144 przewodnika).<\/p>\n<p>Dane osobowe\u00a0w drodze umowy powierzane s\u0105 do przetwarzania podmiotom, z kt\u00f3rych us\u0142ug korzysta PTTK w zwi\u0105zku z ich przetwarzaniem (na podstawie art. 28 RODO), w szczeg\u00f3lno\u015bci dostawcom us\u0142ug IT oraz us\u0142ug ksi\u0119gowych \u2013 w zakresie niezb\u0119dnym do prawid\u0142owego wykonania tych us\u0142ug (przyk\u0142adowo \u2013 wystawiaj\u0105c Pa\u0144stwu faktur\u0119, musimy przekaza\u0107 j\u0105 do rozliczenia do naszego biura rachunkowego, i w ten spos\u00f3b powierzamy podmiotowi \u015bwiadcz\u0105cemu nam us\u0142ugi ksi\u0119gowe, Pa\u0144stwa dane \u2013 zawarte na fakturze \u2013 do przetwarzania).<\/p>\n<p>Jak d\u0142ugo przechowujemy dane osobowe<\/p>\n<p>Co do zasady, dane osobowe b\u0119d\u0105 przechowywane przez okres trwania cz\u0142onkostwa w PTTK\/klubie, realizacji umowy\/us\u0142ugi oraz po jej zako\u0144czeniu &#8211; przez okres niezb\u0119dny do ustalenia, dochodzenia lub obrony roszcze\u0144 oraz wykonania ci\u0105\u017c\u0105cych na Administratorze obowi\u0105zk\u00f3w prawnych (np. wystawienia i przechowywania faktury)\u00a0\u00a0&#8211; zgodny z przepisami prawa. Jednak w niekt\u00f3rych przypadkach, b\u0119dziemy przechowywa\u0107 dane kr\u00f3cej:<\/p>\n<p>1)\u00a0\u00a0\u00a0\u00a0\u00a0\u00a0\u00a0w przypadku przetwarzania danych jedynie w celu udzielenia odpowiedzi na zadane pytanie \u2013 dane b\u0119d\u0105 usuwane (wraz z korespondencj\u0105 mailow\u0105) po up\u0142ywie 3 miesi\u0119cy od udzielenia odpowiedzi na pytanie\/ostatniego kontaktu z pytaj\u0105cym;<\/p>\n<p>2)\u00a0\u00a0\u00a0\u00a0\u00a0\u00a0\u00a0w przypadku danych zdobywc\u00f3w\u00a0odznak turystyki kwalifikowanej &#8211;\u00a0dane b\u0119d\u0105 przechowywane przez okres 20 lat lub do czasu cofni\u0119cia zgody;<\/p>\n<p>3)\u00a0\u00a0\u00a0\u00a0\u00a0\u00a0\u00a0w\u00a0przypadku przetwarzania danych w procesie rekrutacji &#8211;\u00a0dane osobowe b\u0119d\u0105 przechowywane przez okres trwania procesu rekrutacji oraz przez 6 miesi\u0119cy po jego zako\u0144czeniu; w\u00a0przypadku przetwarzania danych na podstawie udzielonej zgody\u00a0w celu realizacji\u00a0przysz\u0142ych proces\u00f3w rekrutacyjnych\u00a0\u00a0\u2013 do czasu cofni\u0119cia tej zgody, nie d\u0142u\u017cej ni\u017c przez okres 3 lat;<\/p>\n<p>4)\u00a0\u00a0\u00a0\u00a0\u00a0\u00a0\u00a0w\u00a0przypadku przetwarzania danych na podstawie udzielonej zgody \u2013 dane b\u0119d\u0105 przetwarzane do czasu cofni\u0119cia tej zgody.<\/p>\n<p>Przys\u0142uguj\u0105ce Pa\u0144stwu uprawnienia<\/p>\n<p>Macie Pa\u0144stwo\u00a0prawo \u017c\u0105dania od nas dost\u0119pu do swoich danych osobowych oraz prawo do ich sprostowania, usuni\u0119cia (w przypadkach wskazanych w art. 17 RODO), ograniczenia przetwarzania (w przypadkach wskazanych w art. 18 RODO), prawo do przenoszenia danych (w przypadkach wskazanych w art. 20 RODO); przys\u0142uguj\u0105ce uprawnienia mo\u017cna wykona\u0107 przesy\u0142aj\u0105c stosown\u0105 informacj\u0119 na adres mailowy Administratora: pttk.zamosc@pro.onet.pl. Klient\u00f3w biura podr\u00f3\u017cy prosimy o przesy\u0142anie informacji na adres: pttk.zamosc@pro.onet.pl.<\/p>\n<p>Macie Pa\u0144stwo\u00a0prawo wniesienia skargi do Prezesa Urz\u0119du Ochrony Danych Osobowych, je\u017celi uznacie, i\u017c przetwarzanie dotycz\u0105cych Was danych osobowych narusza przepisy RODO.<\/p>\n<p>Prawo wniesienia sprzeciwu<\/p>\n<p>Macie Pa\u0144stwo\u00a0prawo wniesienia sprzeciwu wobec przetwarzania danych osobowych: wobec przetwarzania danych osobowych opartego na wype\u0142nianiu prawnie\u00a0uzasadnionych interes\u00f3w realizowanych przez Administratora\u00a0\u00a0&#8211; z przyczyn zwi\u0105zanych ze swoj\u0105 szczeg\u00f3ln\u0105 sytuacj\u0105;\u00a0wobec przetwarzania danych na potrzeby marketingu bezpo\u015bredniego &#8211; w dowolnym momencie. Mo\u017cecie Pa\u0144stwo wnie\u015b\u0107 sprzeciw przesy\u0142aj\u0105c stosown\u0105 informacj\u0119 na adres mailowy Administratora:\u00a0pttk.zamosc@pro.onet.pl.pl .Klient\u00f3w biura podr\u00f3\u017cy prosimy o przesy\u0142anie informacji na adres:\u00a0pttk.zamosc@pro.onet.pl<\/p>\n<p>&nbsp;<\/p>\n<p>&nbsp;<\/p>\n<p>&nbsp;<\/p>\n","protected":false},"excerpt":{"rendered":"<p>Kole\u017canki i Koledzy, w zwi\u0105zku z tym, \u017ce od 25 maja 2018 r. przy przetwarzaniu danych osobowych nale\u017cy stosowa\u0107 przepisy Rozporz\u0105dzenia Parlamentu Europejskiego i Rady (UE) 2016\/679 z dnia 27 kwietnia 2016 r. w sprawie os\u00f3b fizycznych w zwi\u0105zku z &hellip; <a class=\"more-link\" href=\"https:\/\/zamosc.pttk.pl\/wordpress\/?page_id=13318\">Czytaj dalej <span class=\"meta-nav\">&rarr;<\/span><\/a><\/p>\n","protected":false},"author":1,"featured_media":0,"parent":0,"menu_order":0,"comment_status":"closed","ping_status":"closed","template":"","meta":{"footnotes":""},"class_list":["post-13318","page","type-page","status-publish","hentry"],"_links":{"self":[{"href":"https:\/\/zamosc.pttk.pl\/wordpress\/index.php?rest_route=\/wp\/v2\/pages\/13318","targetHints":{"allow":["GET"]}}],"collection":[{"href":"https:\/\/zamosc.pttk.pl\/wordpress\/index.php?rest_route=\/wp\/v2\/pages"}],"about":[{"href":"https:\/\/zamosc.pttk.pl\/wordpress\/index.php?rest_route=\/wp\/v2\/types\/page"}],"author":[{"embeddable":true,"href":"https:\/\/zamosc.pttk.pl\/wordpress\/index.php?rest_route=\/wp\/v2\/users\/1"}],"replies":[{"embeddable":true,"href":"https:\/\/zamosc.pttk.pl\/wordpress\/index.php?rest_route=%2Fwp%2Fv2%2Fcomments&post=13318"}],"version-history":[{"count":4,"href":"https:\/\/zamosc.pttk.pl\/wordpress\/index.php?rest_route=\/wp\/v2\/pages\/13318\/revisions"}],"predecessor-version":[{"id":13447,"href":"https:\/\/zamosc.pttk.pl\/wordpress\/index.php?rest_route=\/wp\/v2\/pages\/13318\/revisions\/13447"}],"wp:attachment":[{"href":"https:\/\/zamosc.pttk.pl\/wordpress\/index.php?rest_route=%2Fwp%2Fv2%2Fmedia&parent=13318"}],"curies":[{"name":"wp","href":"https:\/\/api.w.org\/{rel}","templated":true}]}}