{"id":11542,"date":"2017-10-08T18:58:14","date_gmt":"2017-10-08T16:58:14","guid":{"rendered":"http:\/\/www.zamosc.pttk.pl\/wordpress\/?page_id=11542"},"modified":"2017-10-21T20:15:49","modified_gmt":"2017-10-21T18:15:49","slug":"48-rajd-pieczony-ziemniak","status":"publish","type":"page","link":"https:\/\/zamosc.pttk.pl\/wordpress\/?page_id=11542","title":{"rendered":"48 Rajd &#8222;Pieczony Ziemniak&#8221;"},"content":{"rendered":"<p><a href=\"http:\/\/www.zamosc.pttk.pl\/wordpress\/wp-content\/uploads\/2017\/10\/ZNACZEK.png\"><img loading=\"lazy\" decoding=\"async\" class=\"alignleft size-medium wp-image-11537\" src=\"http:\/\/www.zamosc.pttk.pl\/wordpress\/wp-content\/uploads\/2017\/10\/ZNACZEK-300x296.png\" alt=\"\" width=\"300\" height=\"296\" srcset=\"https:\/\/zamosc.pttk.pl\/wordpress\/wp-content\/uploads\/2017\/10\/ZNACZEK-300x296.png 300w, https:\/\/zamosc.pttk.pl\/wordpress\/wp-content\/uploads\/2017\/10\/ZNACZEK-200x197.png 200w, https:\/\/zamosc.pttk.pl\/wordpress\/wp-content\/uploads\/2017\/10\/ZNACZEK-768x758.png 768w, https:\/\/zamosc.pttk.pl\/wordpress\/wp-content\/uploads\/2017\/10\/ZNACZEK-304x300.png 304w, https:\/\/zamosc.pttk.pl\/wordpress\/wp-content\/uploads\/2017\/10\/ZNACZEK.png 806w\" sizes=\"auto, (max-width: 300px) 100vw, 300px\" \/><\/a><a href=\"http:\/\/www.zamosc.pttk.pl\/wordpress\/wp-content\/uploads\/2017\/10\/regulamin.pdf\">Regulamin rajdu do pobrania &gt;&gt;&gt;<\/a><\/p>\n<p>Po wzg\u00f3rzach debrach i bezdro\u017cach Roztocza P\u00f3\u0142nocno-Wschodniego w\u0119drowa\u0142o 282 m\u0142odych i starszych turyst\u00f3w.<br \/>\nPokonali b\u0142oto, w\u0105wozy\u00a0 i pokryte ros\u0105 trawy. Na mecie odby\u0142y si\u0119 tradycyjne\u00a0konkursy: krajoznawczy, piosenki turystycznej, rzey w ziemniakach, bukiet jesieni i begi w workach.<\/p>\n<p>Wspomnienia rajdowe<\/p>\n<p>[huge_it_slider id=&#8221;109&#8243;]<\/p>\n","protected":false},"excerpt":{"rendered":"<p>Regulamin rajdu do pobrania &gt;&gt;&gt; Po wzg\u00f3rzach debrach i bezdro\u017cach Roztocza P\u00f3\u0142nocno-Wschodniego w\u0119drowa\u0142o 282 m\u0142odych i starszych turyst\u00f3w. Pokonali b\u0142oto, w\u0105wozy\u00a0 i pokryte ros\u0105 trawy. Na mecie odby\u0142y si\u0119 tradycyjne\u00a0konkursy: krajoznawczy, piosenki turystycznej, rzey w ziemniakach, bukiet jesieni i begi &hellip; <a class=\"more-link\" href=\"https:\/\/zamosc.pttk.pl\/wordpress\/?page_id=11542\">Czytaj dalej <span class=\"meta-nav\">&rarr;<\/span><\/a><\/p>\n","protected":false},"author":1,"featured_media":0,"parent":0,"menu_order":0,"comment_status":"closed","ping_status":"closed","template":"","meta":{"footnotes":""},"class_list":["post-11542","page","type-page","status-publish","hentry"],"_links":{"self":[{"href":"https:\/\/zamosc.pttk.pl\/wordpress\/index.php?rest_route=\/wp\/v2\/pages\/11542","targetHints":{"allow":["GET"]}}],"collection":[{"href":"https:\/\/zamosc.pttk.pl\/wordpress\/index.php?rest_route=\/wp\/v2\/pages"}],"about":[{"href":"https:\/\/zamosc.pttk.pl\/wordpress\/index.php?rest_route=\/wp\/v2\/types\/page"}],"author":[{"embeddable":true,"href":"https:\/\/zamosc.pttk.pl\/wordpress\/index.php?rest_route=\/wp\/v2\/users\/1"}],"replies":[{"embeddable":true,"href":"https:\/\/zamosc.pttk.pl\/wordpress\/index.php?rest_route=%2Fwp%2Fv2%2Fcomments&post=11542"}],"version-history":[{"count":3,"href":"https:\/\/zamosc.pttk.pl\/wordpress\/index.php?rest_route=\/wp\/v2\/pages\/11542\/revisions"}],"predecessor-version":[{"id":11681,"href":"https:\/\/zamosc.pttk.pl\/wordpress\/index.php?rest_route=\/wp\/v2\/pages\/11542\/revisions\/11681"}],"wp:attachment":[{"href":"https:\/\/zamosc.pttk.pl\/wordpress\/index.php?rest_route=%2Fwp%2Fv2%2Fmedia&parent=11542"}],"curies":[{"name":"wp","href":"https:\/\/api.w.org\/{rel}","templated":true}]}}