{"id":11448,"date":"2017-10-07T19:33:28","date_gmt":"2017-10-07T17:33:28","guid":{"rendered":"http:\/\/www.zamosc.pttk.pl\/wordpress\/?page_id=11448"},"modified":"2017-10-07T20:05:25","modified_gmt":"2017-10-07T18:05:25","slug":"48-rajd-rydz-na-patelni","status":"publish","type":"page","link":"https:\/\/zamosc.pttk.pl\/wordpress\/?page_id=11448","title":{"rendered":"48 Rajd &#8222;Rydz na Patelni&#8221;"},"content":{"rendered":"<p>Wspomnienia rajdowe<\/p>\n<p>Kr\u00f3lem grzybobrania zosta\u0142 Wiktor \u0141aniak ze Szko\u0142y Podstawowej Nr 3 w Zamo\u015bciu<\/p>\n<p>Kr\u00f3lowa grzybobrania\u00a0 zosta\u0142a Julia Ju\u015b z kl. III ze Szko\u0142y Podstawowej w \u0141abu\u0144kach Pierwszych<\/p>\n<p>Serdecznie dzi\u0119kujemy za pomoc w organizacji \u00a0Rajdu Pani Annie Kula ze<\/p>\n<p>STOWARZYSZENIA ROZWOJU WSI D\u0141UGI K\u0104T ZAK\u0104TEK ROZTOCZE<\/p>\n<p>[huge_it_slider id=&#8221;108&#8243;]<\/p>\n","protected":false},"excerpt":{"rendered":"<p>Wspomnienia rajdowe Kr\u00f3lem grzybobrania zosta\u0142 Wiktor \u0141aniak ze Szko\u0142y Podstawowej Nr 3 w Zamo\u015bciu Kr\u00f3lowa grzybobrania\u00a0 zosta\u0142a Julia Ju\u015b z kl. III ze Szko\u0142y Podstawowej w \u0141abu\u0144kach Pierwszych Serdecznie dzi\u0119kujemy za pomoc w organizacji \u00a0Rajdu Pani Annie Kula ze STOWARZYSZENIA &hellip; <a class=\"more-link\" href=\"https:\/\/zamosc.pttk.pl\/wordpress\/?page_id=11448\">Czytaj dalej <span class=\"meta-nav\">&rarr;<\/span><\/a><\/p>\n","protected":false},"author":1,"featured_media":0,"parent":0,"menu_order":0,"comment_status":"closed","ping_status":"closed","template":"","meta":{"footnotes":""},"class_list":["post-11448","page","type-page","status-publish","hentry"],"_links":{"self":[{"href":"https:\/\/zamosc.pttk.pl\/wordpress\/index.php?rest_route=\/wp\/v2\/pages\/11448","targetHints":{"allow":["GET"]}}],"collection":[{"href":"https:\/\/zamosc.pttk.pl\/wordpress\/index.php?rest_route=\/wp\/v2\/pages"}],"about":[{"href":"https:\/\/zamosc.pttk.pl\/wordpress\/index.php?rest_route=\/wp\/v2\/types\/page"}],"author":[{"embeddable":true,"href":"https:\/\/zamosc.pttk.pl\/wordpress\/index.php?rest_route=\/wp\/v2\/users\/1"}],"replies":[{"embeddable":true,"href":"https:\/\/zamosc.pttk.pl\/wordpress\/index.php?rest_route=%2Fwp%2Fv2%2Fcomments&post=11448"}],"version-history":[{"count":5,"href":"https:\/\/zamosc.pttk.pl\/wordpress\/index.php?rest_route=\/wp\/v2\/pages\/11448\/revisions"}],"predecessor-version":[{"id":11535,"href":"https:\/\/zamosc.pttk.pl\/wordpress\/index.php?rest_route=\/wp\/v2\/pages\/11448\/revisions\/11535"}],"wp:attachment":[{"href":"https:\/\/zamosc.pttk.pl\/wordpress\/index.php?rest_route=%2Fwp%2Fv2%2Fmedia&parent=11448"}],"curies":[{"name":"wp","href":"https:\/\/api.w.org\/{rel}","templated":true}]}}