{"id":1102,"date":"2014-03-30T20:04:23","date_gmt":"2014-03-30T18:04:23","guid":{"rendered":"http:\/\/www.zamosc.pttk.pl\/wordpress\/?page_id=1102"},"modified":"2014-04-02T22:24:18","modified_gmt":"2014-04-02T20:24:18","slug":"wspomnienia-z-wycieczek-szkoleniowych","status":"publish","type":"page","link":"https:\/\/zamosc.pttk.pl\/wordpress\/?page_id=1102","title":{"rendered":"Wspomnienia z wycieczek szkoleniowych"},"content":{"rendered":"<p style=\"text-align: justify;\">Wycieczka po Grz\u0119dzie Sokalskiej i R\u00f3wninie Be\u0142skiej w dniu 29 marca 2014 r.<\/p>\n<p style=\"text-align: justify;\">W sobot\u0119 29 marca 2014 r. pojechali\u015bmy na wycieczk\u0119 szkoleniow\u0105\u00a0 po Grz\u0119dzie Sokalskiej i R\u00f3wninie Be\u0142skiej.\u00a0O godz. 8-ej wyjechali\u015bmy z Zamo\u015bcia,\u00a0 25 os\u00f3b przewodnicy i przodownicy oraz osoby towarzysz\u0105ce.<\/p>\n<p style=\"text-align: justify;\">Pierwszym etapem wycieczki by\u0142o obejrzenie \u017ar\u00f3de\u0142 Wieprza w Wieprzowie Ordynackim. Kiedy wysiedli\u015bmy z autokaru kole\u017canki szybko pobieg\u0142y przywita\u0107 si\u0119 z okaza\u0142ym, u\u015bmiechni\u0119tym wieprzem. Pog\u0142aska\u0142y go po ryjku, brzuszku i ogonku.\u00a0 Za chwil\u0119 przyszli do nas panowie: Robert Ku\u017aniarz i Mariusz Lizut. Pan Robert opowiedzia\u0142 nam wiele ciekawostek o miejscowo\u015bci i historii oraz dzia\u0142alno\u015bci Stowarzyszenia \u201eZielony Domek\u201d. Pokaza\u0142 nam \u017ar\u00f3de\u0142ko z kt\u00f3rego wyp\u0142ywa rzeka oraz w kaplicy o\u0142tarz z ko\u015bcio\u0142a w Uhnowie obecnie na Ukrainie, kt\u00f3ry zosta\u0142 przywieziony w 1951 r. przez przesiedle\u0144c\u00f3w. \u00a0Dzi\u0119kujemy za widok\u00f3wki. Pan Mariusz Lizut zaprosi\u0142 nas do swojej olejarni. Zobaczyli\u015bmy bardzo stare maszyny, kt\u00f3rych u\u017cywa do t\u0142oczenia oleju. Nas szczeg\u00f3lnie zainteresowa\u0142a prasa z d\u0142ugim dr\u0105giem obs\u0142ugiwana przez 4 ros\u0142ych m\u0119\u017cczyzn.<\/p>\n<p style=\"text-align: justify;\">Otrzymali\u015bmy w prezencie po butelce \u015bwie\u017cego oleju. Dzi\u0119kujemy panom Robertowi i Mariuszowi za wiele ciekawych informacji.<\/p>\n<p style=\"text-align: justify;\">Z Wieprzowa pojechali\u015bmy w okolic\u0119 Rezerwatu Piekie\u0142ko. Poszli\u015bmy tam piaszczystym go\u015bci\u0144cem. Na skraju rezerwatu Edward opowiedzia\u0142 legend\u0119 o tajemniczych kamieniach oraz o chytrym dziedzicu Kurdwanowskim, kt\u00f3ry chcia\u0142 z kamieni wytapia\u0107 srebro.<\/p>\n<p style=\"text-align: justify;\">Zobaczyli\u015bmy ogromne kamienie. Jest ich tutaj podobno a\u017c 68. Srebra nie znale\u017ali\u015bmy, tylko b\u0142yszcz\u0105ce drobinki miki na kamieniach&#8230;<br \/>\nPowr\u00f3cili\u015bmy do autokaru, bo drodze marcowy wiaterek smaga\u0142 buzie naszych pa\u0144, wi\u0119c by\u0142y rumiane i weso\u0142e.<\/p>\n<p style=\"text-align: justify;\">Nast\u0119pnym etapem naszej wycieczki by\u0142a miejscowo\u015b\u0107 So\u0142okije. Jest tutaj silne \u017ar\u00f3d\u0142o <a href=\"http:\/\/www.zamosc.pttk.pl\/wordpress\/wp-content\/uploads\/2014\/03\/straz.jpg\"><img loading=\"lazy\" decoding=\"async\" class=\"size-thumbnail wp-image-1108 alignleft\" alt=\"straz\" src=\"http:\/\/www.zamosc.pttk.pl\/wordpress\/wp-content\/uploads\/2014\/03\/straz-200x164.jpg\" width=\"200\" height=\"164\" srcset=\"https:\/\/zamosc.pttk.pl\/wordpress\/wp-content\/uploads\/2014\/03\/straz-200x164.jpg 200w, https:\/\/zamosc.pttk.pl\/wordpress\/wp-content\/uploads\/2014\/03\/straz-300x246.jpg 300w, https:\/\/zamosc.pttk.pl\/wordpress\/wp-content\/uploads\/2014\/03\/straz-365x300.jpg 365w, https:\/\/zamosc.pttk.pl\/wordpress\/wp-content\/uploads\/2014\/03\/straz.jpg 640w\" sizes=\"auto, (max-width: 200px) 100vw, 200px\" \/><\/a>zasilaj\u0105ce przep\u0142ywaj\u0105c\u0105 w pobli\u017cu rzek\u0119 So\u0142okij\u0119 &#8211; dop\u0142yw Bugu. Tutaj by\u0142a niespodzianka &#8211; Edward pokaza\u0142 zdj\u0119cie wykonane w tym miejscu 112 lat temu. Zdj\u0119cie przedstawia rosyjsk\u0105 stra\u017cnic\u0119 graniczn\u0105. Otoczenie nie wiele si\u0119 zmieni\u0142o &#8211; tylko pog\u0142\u0119biono drog\u0119. Mieszka\u0144cy wioski po\u0142o\u017cnej tu\u017c przy kordonie trudnili sie rolnictwem oraz przemytnictwem okowity. Przez Korhynie pojechali\u015bmy do Jarczowa. Tutaj ks. proboszcz otworzy\u0142 nam przepi\u0119kn\u0105 drewnian\u0105 cerkiewk\u0119 z I po\u0142owy XVIII w. \u00a0P\u00f3\u017aniej obejrzeli\u015bmy kopiec J\u00f3zefa Pi\u0142sudskiego.<\/p>\n<p style=\"text-align: justify;\">Dalej pojechali\u015bmy w kierunku po\u0142udniowym na skraj R\u00f3wniny Be\u0142skiej. Pod Jurowem na polu zobaczyli\u015bmy miejsce gdzie sta\u0142 zameczek, kt\u00f3ry by\u0142 \u00a0kr\u00f3tko rezydencj\u0105 kr\u00f3la szwedzkiego Karola Gustawa na przedwio\u015bniu 1656 r. Za Chodywa\u0144cami przejechali\u015bmy dawny kordon graniczny Kongres\u00f3wki i Galicji Wschodniej, kt\u00f3ry przesta\u0142 istnie\u0107 100 lat temu. Dojechali\u015bmy do Machnowa Nowego a st\u0105d do miejsca zwanego Czerniewem. Na polu znajduje si\u0119 \u017ar\u00f3de\u0142ko i kapliczka z Micha\u0142em Archanio\u0142em &#8211; patronem Rusi Czerwonej. Jest to miejsce kultu okolicznej ludno\u015bci i dawnych mieszka\u0144c\u00f3w. Napili\u015bmy si\u0119 wody o w\u0142asno\u015bciach uzdrawiaj\u0105cych. Nast\u0119pnym etapem naszej wycieczki by\u0142a sosna po Dyniskami. By\u0142 tu niegdy\u015b park dworski Skolimowskich. \u00a0Tutaj spotkali si\u0119 malarz Artur Grottger z m\u0142odziutk\u0105 Wandzi\u0105 Monn\u00e9. Tutaj by\u0142 pierwszy ich poca\u0142unek i tu si\u0119 rozwin\u0119\u0142a \u017carliwa i niestety nie spe\u0142niona mi\u0142o\u015b\u0107. Stoi tu sosna (usch\u0142a), pomnik kochank\u00f3w i kapliczka z figur\u0105 Marii Magdaleny. Przeczytali\u015bmy opisy wydarze\u0144.<\/p>\n<p style=\"text-align: justify;\">Z Dynisk pojechali\u015bmy przez Tarnoszyn w okolic\u0119 Szczepiatyna. Wdrapali\u015bmy si\u0119 na G\u00f3r\u0119 \u015bw. Jana. Jest to jeden z najciekawszych punkt\u00f3w widokowych na skraju Grz\u0119dy Sokalskiej i R\u00f3wniny Be\u0142skiej. Wida\u0107 st\u0105d najwy\u017csze wzg\u00f3rza Roztocza polskiego D\u0142ugi i Kr\u0105g\u0142y Goraj.<\/p>\n<p style=\"text-align: justify;\">Panie pocz\u0119stowa\u0142y cukierkami 2 przystojnych pan\u00f3w ze Stra\u017cy Granicznej i pojechali\u015bmy przez Szczepiatyn do Korczmina. Po drodze zobaczyli\u015bmy ju\u017c za granic\u0105 k\u0119p\u0119 drzew.\u00a0 Pod miejscowo\u015bci\u0105 Staje (na Ukrainie) znajduje si\u0119 \u00a0kapliczka ze studni\u0105 cudownej wody.<\/p>\n<p style=\"text-align: justify;\">W sierpniu granica jest otwierana i pielgrzymi odwiedzaj\u0105 to miejsce. Po p\u00f3\u0142nocnej stronie rzeki Rzeczyca znajduje si\u0119 jedna z najstarszych cerkiewek drewnianych.<\/p>\n<p style=\"text-align: justify;\">Po obejrzeniu jej z zewn\u0105trz pojechali\u015bmy do Machn\u00f3wka. W wiosce tej na ka\u017cdym s\u0142upie jest bocianie gniazdo. W sobot\u0119 nie wszystkie by\u0142y zamieszka\u0142e.<\/p>\n<p style=\"text-align: justify;\">Przy ko\u015bciele znajduje si\u0119 nagrobek 18-letniej dziewczyny Olgi Krawczuk. Jest to przepi\u0119kna rze\u017aba z piaskowca. Kiedy\u015b znajdowa\u0142a si\u0119 na cmentarzu w Oserdowie i zosta\u0142a tu przeniesiona, aby ochroni\u0107 przed kradzie\u017c\u0105.<\/p>\n<p style=\"text-align: justify;\">Pojechali\u015bmy dalej do Budynina, musieli\u015bmy skr\u0119ci\u0107 na p\u00f3\u0142noc, bo granica te\u017c tutaj zmienia kierunek.<\/p>\n<p style=\"text-align: justify;\">W Budyninie zwiedzili\u015bmy kolejn\u0105 pi\u0119kn\u0105 cerkiewk\u0119, tym razem r\u00f3wnie\u017c wewn\u0105trz. Wszystkim podoba\u0142y si\u0119 nie tylko freski ale te\u017c ciekawe feretrony oraz chor\u0105giew z bydl\u0119cej sk\u00f3ry. \u00a0Przed cerkiewk\u0105 znajduje si\u0119 drewniana dzwonnica i kolorowa figura \u015bw. Floriana.<\/p>\n<p style=\"text-align: justify;\">Pojechali\u015bmy dalej wspinaj\u0105c si\u0119 na wa\u0142 Grz\u0119dy Sokalskiej. St\u0105d przy dobrej pogodzie wida\u0107 Be\u0142z. Przed Ch\u0142opiatynem, na po\u0142udnie, prowadzi trakt historyczny z Mazowsza do Be\u0142za. Za Oserdowem by\u0142a niegdy\u015b bardzo znana karczma warszawska.<\/p>\n<p style=\"text-align: justify;\">Pojechali\u015bmy do Mycowa i tam poszli\u015bmy do kolejnej cerkiewki po\u0142o\u017conej na p\u00f3\u0142nocnym skraju wioski.<\/p>\n<p style=\"text-align: justify;\">St\u0105d ju\u017c wracali\u015bmy w kierunku domu. Po drodze jeszcze spojrzeli\u015bmy na cerkiewk\u0119 w Ch\u0142opiatynie. Pojechali\u015bmy przez Przewod\u00f3w, Liski &#8211; tutaj zobaczyli\u015bmy jeszcze jedn\u0105 cerkiewk\u0119 i pozosta\u0142o\u015bci dworu, kt\u00f3ry sp\u0142on\u0105\u0142 od lampy naftowej w 1864 roku.<\/p>\n<p style=\"text-align: justify;\">Za Liskami ponownie przekroczyli\u015bmy dawn\u0105 granic\u0119 Galicji i Kongres\u00f3wki i przez Nowosi\u00f3lki, \u017bulice pojechali\u015bmy do \u0141aszczowa. Tu chwil\u0119 odpocz\u0119li\u015bmy i posilili\u015bmy si\u0119. \u00a0Odwiedzili\u015bmy ko\u015bci\u00f3\u0142 \u015bw. Piotra i Paw\u0142a i pojechali\u015bmy do Wo\u017cuczyna.<\/p>\n<p style=\"text-align: justify;\">Po drodze kol. Maria Fornal opowiedzia\u0142a o dawnych mieszka\u0144cach \u0141aszczowa.<\/p>\n<p style=\"text-align: justify;\">W Izbie Pami\u0119ci znajduj\u0105cej si\u0119 w wo\u017cuczy\u0144skiej organist\u00f3wce powita\u0142a nas kol. Barbara Typek, szefowa Stowarzyszenia Mi\u0142o\u015bnik\u00f3w\u00a0 Wo\u017cuczyna i okolic. Basia jest zamojsk\u0105 przewodniczk\u0105. Pokaza\u0142a nam bardzo ciekawe \u00a0zbiory m.in. sukni\u0119, pi\u0119knie haftowan\u0105 sukman\u0119 i buty dekarza. Zobaczyli\u015bmy r\u00f3wnie\u017c tyszowieckie tyszowiaki, pasuj\u0105ce na praw\u0105 i lew\u0105 nog\u0119. Uczestnicy otrzymali na pami\u0105tk\u0119 widok\u00f3wki.<\/p>\n<p style=\"text-align: justify;\">Podzi\u0119kowali\u015bmy za mi\u0142e spotkanie, s\u0142oneczko ju\u017c ukry\u0142o si\u0119 za wzg\u00f3rzami Grz\u0119dy Sokalskiej wi\u0119c wr\u00f3cili\u015bmy do Zamo\u015bcia.<\/p>\n<address>Program wycieczki opracowa\u0142 i prowadzi\u0142 Edward S\u0142oniewski<\/address>\n<p><a href=\"http:\/\/www.zamosc.pttk.pl\/wordpress\/?page_id=1113\"><strong>\u00a0Galeria wspomnie\u0144 z wycieczki &gt;&gt;&gt;<\/strong><\/a><\/p>\n<p>&nbsp;<\/p>\n<p>&nbsp;<\/p>\n","protected":false},"excerpt":{"rendered":"<p>Wycieczka po Grz\u0119dzie Sokalskiej i R\u00f3wninie Be\u0142skiej w dniu 29 marca 2014 r. W sobot\u0119 29 marca 2014 r. pojechali\u015bmy na wycieczk\u0119 szkoleniow\u0105\u00a0 po Grz\u0119dzie Sokalskiej i R\u00f3wninie Be\u0142skiej.\u00a0O godz. 8-ej wyjechali\u015bmy z Zamo\u015bcia,\u00a0 25 os\u00f3b przewodnicy i przodownicy oraz &hellip; <a class=\"more-link\" href=\"https:\/\/zamosc.pttk.pl\/wordpress\/?page_id=1102\">Czytaj dalej <span class=\"meta-nav\">&rarr;<\/span><\/a><\/p>\n","protected":false},"author":1,"featured_media":0,"parent":0,"menu_order":0,"comment_status":"closed","ping_status":"closed","template":"","meta":{"footnotes":""},"class_list":["post-1102","page","type-page","status-publish","hentry"],"_links":{"self":[{"href":"https:\/\/zamosc.pttk.pl\/wordpress\/index.php?rest_route=\/wp\/v2\/pages\/1102","targetHints":{"allow":["GET"]}}],"collection":[{"href":"https:\/\/zamosc.pttk.pl\/wordpress\/index.php?rest_route=\/wp\/v2\/pages"}],"about":[{"href":"https:\/\/zamosc.pttk.pl\/wordpress\/index.php?rest_route=\/wp\/v2\/types\/page"}],"author":[{"embeddable":true,"href":"https:\/\/zamosc.pttk.pl\/wordpress\/index.php?rest_route=\/wp\/v2\/users\/1"}],"replies":[{"embeddable":true,"href":"https:\/\/zamosc.pttk.pl\/wordpress\/index.php?rest_route=%2Fwp%2Fv2%2Fcomments&post=1102"}],"version-history":[{"count":9,"href":"https:\/\/zamosc.pttk.pl\/wordpress\/index.php?rest_route=\/wp\/v2\/pages\/1102\/revisions"}],"predecessor-version":[{"id":1242,"href":"https:\/\/zamosc.pttk.pl\/wordpress\/index.php?rest_route=\/wp\/v2\/pages\/1102\/revisions\/1242"}],"wp:attachment":[{"href":"https:\/\/zamosc.pttk.pl\/wordpress\/index.php?rest_route=%2Fwp%2Fv2%2Fmedia&parent=1102"}],"curies":[{"name":"wp","href":"https:\/\/api.w.org\/{rel}","templated":true}]}}